{"id":7599,"date":"2025-06-29T09:57:29","date_gmt":"2025-06-29T07:57:29","guid":{"rendered":"https:\/\/uj.adatbank.ro\/lexikon\/termek\/farcas-ioan-%c2%a7\/"},"modified":"2025-06-29T09:57:29","modified_gmt":"2025-06-29T07:57:29","slug":"farcas-ioan-%c2%a7","status":"publish","type":"product","link":"https:\/\/uj.adatbank.ro\/lexikon\/termek\/farcas-ioan-%c2%a7\/","title":{"rendered":"F\u0102RCA\u015e Ioan, \u00a7"},"content":{"rendered":"<p>Hod\u00e1k, 1917. szept. 15., \u2020\u00a0Hod\u00e1k, 2006. m\u00e1rc. 20.: tan\u00edt\u00f3. \u2013 R\u00e9genben tanult a gimn.-ban, tan\u00edt\u00f3k\u00e9pz\u0151t Mv.-en v\u00e9gzett (1939). Beszar\u00e1bia Hotin megy\u00e9j\u00e9ben kezdte p\u00e1ly\u00e1j\u00e1t. R\u00e9szt vett a II. vh.-ban, a fronton harcolt (1940\u201344). A h\u00e1bor\u00fa ut\u00e1n el\u0151bb F\u0103rca\u015fuban (Dolzs), majd Hod\u00e1kon igazgat\u00f3tan\u00edt\u00f3 (1944\u201356), azut\u00e1n nyugd\u00edjaz\u00e1s\u00e1ig tan\u00edt\u00f3 (1980). Toka faluban, amely az \u0151 k\u00f6rzet\u00e9hez tartozott, \u00faj iskola \u00e9p\u00edt\u00e9s\u00e9t kezdte el, vezette a vid\u00e9ki tanul\u00f3k intern\u00e1tus\u00e1t, Hod\u00e1kon parancsnoka volt a hazafias g\u00e1rd\u00e1nak. <strong>Kit\u00fcntet\u00e9sei:<\/strong> Vas Korona (Crucea de fier) \u00e9s Mihai Viteazul \u00c9rdemrend. <br \/><strong>Irod.:<\/strong> Dasc\u0103li mure\u015feni, 4.; Suciu<\/br><\/p>\n","protected":false},"excerpt":{"rendered":"<p>Hod\u00e1k, 1917. szept. 15., \u2020\u00a0Hod\u00e1k, 2006. m\u00e1rc. 20.: tan\u00edt\u00f3. \u2013 R\u00e9genben tanult a gimn.-ban, tan\u00edt\u00f3k\u00e9pz\u0151t Mv.-en v\u00e9gzett (1939). Beszar\u00e1bia Hotin megy\u00e9j\u00e9ben kezdte p\u00e1ly\u00e1j\u00e1t. R\u00e9szt vett a II. vh.-ban, a fronton harcolt (1940\u201344). A h\u00e1bor\u00fa ut\u00e1n el\u0151bb F\u0103rca\u015fuban (Dolzs), majd Hod\u00e1kon igazgat\u00f3tan\u00edt\u00f3 (1944\u201356), azut\u00e1n nyugd\u00edjaz\u00e1s\u00e1ig tan\u00edt\u00f3 (1980). Toka faluban, amely az \u0151 k\u00f6rzet\u00e9hez tartozott, \u00faj iskola [&hellip;]<\/p>\n","protected":false},"featured_media":0,"comment_status":"open","ping_status":"closed","template":"","meta":[],"product_brand":[],"product_cat":[137],"product_tag":[],"class_list":{"0":"post-7599","1":"product","2":"type-product","3":"status-publish","5":"product_cat-maros-megyei-eletrajzi-lexikon","7":"first","8":"instock","9":"shipping-taxable","10":"product-type-simple"},"_links":{"self":[{"href":"https:\/\/uj.adatbank.ro\/lexikon\/wp-json\/wp\/v2\/product\/7599","targetHints":{"allow":["GET"]}}],"collection":[{"href":"https:\/\/uj.adatbank.ro\/lexikon\/wp-json\/wp\/v2\/product"}],"about":[{"href":"https:\/\/uj.adatbank.ro\/lexikon\/wp-json\/wp\/v2\/types\/product"}],"replies":[{"embeddable":true,"href":"https:\/\/uj.adatbank.ro\/lexikon\/wp-json\/wp\/v2\/comments?post=7599"}],"wp:attachment":[{"href":"https:\/\/uj.adatbank.ro\/lexikon\/wp-json\/wp\/v2\/media?parent=7599"}],"wp:term":[{"taxonomy":"product_brand","embeddable":true,"href":"https:\/\/uj.adatbank.ro\/lexikon\/wp-json\/wp\/v2\/product_brand?post=7599"},{"taxonomy":"product_cat","embeddable":true,"href":"https:\/\/uj.adatbank.ro\/lexikon\/wp-json\/wp\/v2\/product_cat?post=7599"},{"taxonomy":"product_tag","embeddable":true,"href":"https:\/\/uj.adatbank.ro\/lexikon\/wp-json\/wp\/v2\/product_tag?post=7599"}],"curies":[{"name":"wp","href":"https:\/\/api.w.org\/{rel}","templated":true}]}}

FĂRCAŞ Ioan, §

<p>Hodák, 1917. szept. 15., † Hodák, 2006. márc. 20.: tanító. – Régenben tanult a gimn.-ban, tanítóképzőt Mv.-en végzett (1939). Beszarábia Hotin megyéjében kezdte pályáját. Részt vett a II. vh.-ban, a fronton harcolt (1940–44). A háború után előbb Fărcaşuban (Dolzs), majd Hodákon igazgatótanító (1944–56), azután nyugdíjazásáig tanító (1980). Toka faluban, amely az ő körzetéhez tartozott, új iskola építését kezdte el, vezette a vidéki tanulók internátusát, Hodákon parancsnoka volt a hazafias gárdának. <strong>Kitüntetései:</strong> Vas Korona (Crucea de fier) és Mihai Viteazul Érdemrend. <br /><strong>Irod.:</strong> Dascăli mureşeni, 4.; Suciu</br></p>

<p>Hodák, 1917. szept. 15., † Hodák, 2006. márc. 20.: tanító. – Régenben tanult a gimn.-ban, tanítóképzőt Mv.-en végzett (1939). Beszarábia Hotin megyéjében kezdte pályáját. Részt vett a II. vh.-ban, a fronton harcolt (1940–44). A háború után előbb Fărcaşuban (Dolzs), majd Hodákon igazgatótanító (1944–56), azután nyugdíjazásáig tanító (1980). Toka faluban, amely az ő körzetéhez tartozott, új iskola [&hellip;]</p>
