{"id":7600,"date":"2025-06-29T09:57:30","date_gmt":"2025-06-29T07:57:30","guid":{"rendered":"https:\/\/uj.adatbank.ro\/lexikon\/termek\/farcas-irina-ileana-%c2%a7\/"},"modified":"2025-06-29T09:57:30","modified_gmt":"2025-06-29T07:57:30","slug":"farcas-irina-ileana-%c2%a7","status":"publish","type":"product","link":"https:\/\/uj.adatbank.ro\/lexikon\/termek\/farcas-irina-ileana-%c2%a7\/","title":{"rendered":"F\u0102RCA\u015e Irina Ileana, \u00a7"},"content":{"rendered":"<p>Marosszentgy\u00f6rgy , 1912. okt. 6., \u2020 Mv., 1995.: tan\u00e1r. \u2013 Elemi iskol\u00e1t m. nyelven Mv.-en, Nicolae Racol\u0163a Tan\u00edt\u00f3k\u00e9pz\u0151t Turnu M\u0103gureleben v\u00e9gzett (1932). \u00d3v\u00f3n\u0151-k\u00e9nt kezdte p\u00e1lyafut\u00e1s\u00e1t D\u00e9d\u00e1n (1933. jan. 2.), tan\u00edt\u00f3n\u0151 Mez\u0151harasztosban \u00e9s Mez\u0151panitban. Csal\u00e1dj\u00e1val Opri\u015faniba menek\u00fclnek (1940), ahol szint\u00e9n tan\u00edt\u00f3n\u0151. A II. vh. ideje alatt Tord\u00e1n a Tan\u00fcgyi Oszt\u00e1lyon tisztvisel\u0151n\u0151, majd a h\u00e1bor\u00fa ut\u00e1n Mv.-en szint\u00e9n a Tan\u00fcgyi Oszt. tisztvisel\u0151je (1945. szept. 1.-ig). Eln\u00f6ke volt a Marosi \u00e9s K\u00fck\u00fcll\u0151menti Demokrata N\u0151sz\u00f6vets\u00e9gnek (1946\u201348), r\u00e9szt vett a R. K. P. \u00e9s a Szocdem. P\u00e1rt Egyes\u00fcl\u00e9si Kongresszus\u00e1n. K\u00e9s\u0151bb a p\u00e1rt tisztogat\u00e1si id\u0151szak\u00e1ban oszt\u00e1lyellens\u00e9gnek \u00e9s nacionalist\u00e1nak m\u00edn\u0151s\u00edtett\u00e9k, kiz\u00e1rt\u00e1k a tagok sor\u00e1b\u00f3l, kitett\u00e9k a tan\u00fcgyb\u0151l, \u00e9s n\u00e9h\u00e1ny h\u00f3napig a Kisipari Sz\u00f6vetkezet varr\u00f3n\u0151jek\u00e9nt dolgozott. Ezut\u00e1n a mv.-i 2-es, majd az 1-es sz. M. \u00c1lt. Isk. tan\u00edt\u00f3n\u0151je lett. Tanfel\u00fcgyel\u0151v\u00e9 nevezt\u00e9k ki (1949). K\u00f6zben mag\u00e1n\u00faton elv\u00e9gezte Buk.-ben az I. C. Parhon Egyetem rom\u00e1n- t\u00f6rt. szak\u00e1t (1951\u201354). Letette a fokozati vizsg\u00e1kat. Az I. fokozati dolgozat\u00e1nak c\u00edme: Influen\u0163e ale limbii maghiare asupra graiului rom\u00e2nesc de pe valea Nirajului, \u00een secolele XVIII-XIX. Tan\u00e1rk\u00e9nt Mv.-en a Kereskedelmi Isk.-ban, majd az Al. Papiu Ilarian L\u00edc.-ban \u00e9s az Unirea L\u00edc.-ban m\u0171k\u0151d\u00f6tt (1959\u201364), ezut\u00e1n a 4-es sz. L\u00edc. aligazgat\u00f3ja lett nyugd\u00edjaz\u00e1s\u00e1ig (1968). Nyugd\u00edjask\u00e9nt is folytatja tev\u00e9kenys\u00e9g\u00e9t N\u00e1zn\u00e1n (1971), az Electomures Szakisk.-ban (1971\u201375). <br \/><strong>Irod.:<\/strong> Dasc\u0103li mure\u015feni 5.<\/br><\/p>\n","protected":false},"excerpt":{"rendered":"<p>Marosszentgy\u00f6rgy , 1912. okt. 6., \u2020 Mv., 1995.: tan\u00e1r. \u2013 Elemi iskol\u00e1t m. nyelven Mv.-en, Nicolae Racol\u0163a Tan\u00edt\u00f3k\u00e9pz\u0151t Turnu M\u0103gureleben v\u00e9gzett (1932). \u00d3v\u00f3n\u0151-k\u00e9nt kezdte p\u00e1lyafut\u00e1s\u00e1t D\u00e9d\u00e1n (1933. jan. 2.), tan\u00edt\u00f3n\u0151 Mez\u0151harasztosban \u00e9s Mez\u0151panitban. Csal\u00e1dj\u00e1val Opri\u015faniba menek\u00fclnek (1940), ahol szint\u00e9n tan\u00edt\u00f3n\u0151. A II. vh. ideje alatt Tord\u00e1n a Tan\u00fcgyi Oszt\u00e1lyon tisztvisel\u0151n\u0151, majd a h\u00e1bor\u00fa ut\u00e1n Mv.-en [&hellip;]<\/p>\n","protected":false},"featured_media":0,"comment_status":"open","ping_status":"closed","template":"","meta":[],"product_brand":[],"product_cat":[137],"product_tag":[],"class_list":{"0":"post-7600","1":"product","2":"type-product","3":"status-publish","5":"product_cat-maros-megyei-eletrajzi-lexikon","7":"first","8":"instock","9":"shipping-taxable","10":"product-type-simple"},"_links":{"self":[{"href":"https:\/\/uj.adatbank.ro\/lexikon\/wp-json\/wp\/v2\/product\/7600","targetHints":{"allow":["GET"]}}],"collection":[{"href":"https:\/\/uj.adatbank.ro\/lexikon\/wp-json\/wp\/v2\/product"}],"about":[{"href":"https:\/\/uj.adatbank.ro\/lexikon\/wp-json\/wp\/v2\/types\/product"}],"replies":[{"embeddable":true,"href":"https:\/\/uj.adatbank.ro\/lexikon\/wp-json\/wp\/v2\/comments?post=7600"}],"wp:attachment":[{"href":"https:\/\/uj.adatbank.ro\/lexikon\/wp-json\/wp\/v2\/media?parent=7600"}],"wp:term":[{"taxonomy":"product_brand","embeddable":true,"href":"https:\/\/uj.adatbank.ro\/lexikon\/wp-json\/wp\/v2\/product_brand?post=7600"},{"taxonomy":"product_cat","embeddable":true,"href":"https:\/\/uj.adatbank.ro\/lexikon\/wp-json\/wp\/v2\/product_cat?post=7600"},{"taxonomy":"product_tag","embeddable":true,"href":"https:\/\/uj.adatbank.ro\/lexikon\/wp-json\/wp\/v2\/product_tag?post=7600"}],"curies":[{"name":"wp","href":"https:\/\/api.w.org\/{rel}","templated":true}]}}

FĂRCAŞ Irina Ileana, §

<p>Marosszentgyörgy , 1912. okt. 6., † Mv., 1995.: tanár. – Elemi iskolát m. nyelven Mv.-en, Nicolae Racolţa Tanítóképzőt Turnu Măgureleben végzett (1932). Óvónő-ként kezdte pályafutását Dédán (1933. jan. 2.), tanítónő Mezőharasztosban és Mezőpanitban. Családjával Oprişaniba menekülnek (1940), ahol szintén tanítónő. A II. vh. ideje alatt Tordán a Tanügyi Osztályon tisztviselőnő, majd a háború után Mv.-en szintén a Tanügyi Oszt. tisztviselője (1945. szept. 1.-ig). Elnöke volt a Marosi és Küküllőmenti Demokrata Nőszövetségnek (1946–48), részt vett a R. K. P. és a Szocdem. Párt Egyesülési Kongresszusán. Később a párt tisztogatási időszakában osztályellenségnek és nacionalistának mínősítették, kizárták a tagok sorából, kitették a tanügyből, és néhány hónapig a Kisipari Szövetkezet varrónőjeként dolgozott. Ezután a mv.-i 2-es, majd az 1-es sz. M. Ált. Isk. tanítónője lett. Tanfelügyelővé nevezték ki (1949). Közben magánúton elvégezte Buk.-ben az I. C. Parhon Egyetem román- tört. szakát (1951–54). Letette a fokozati vizsgákat. Az I. fokozati dolgozatának címe: Influenţe ale limbii maghiare asupra graiului românesc de pe valea Nirajului, în secolele XVIII-XIX. Tanárként Mv.-en a Kereskedelmi Isk.-ban, majd az Al. Papiu Ilarian Líc.-ban és az Unirea Líc.-ban műkődött (1959–64), ezután a 4-es sz. Líc. aligazgatója lett nyugdíjazásáig (1968). Nyugdíjasként is folytatja tevékenységét Náznán (1971), az Electomures Szakisk.-ban (1971–75). <br /><strong>Irod.:</strong> Dascăli mureşeni 5.</br></p>

<p>Marosszentgyörgy , 1912. okt. 6., † Mv., 1995.: tanár. – Elemi iskolát m. nyelven Mv.-en, Nicolae Racolţa Tanítóképzőt Turnu Măgureleben végzett (1932). Óvónő-ként kezdte pályafutását Dédán (1933. jan. 2.), tanítónő Mezőharasztosban és Mezőpanitban. Családjával Oprişaniba menekülnek (1940), ahol szintén tanítónő. A II. vh. ideje alatt Tordán a Tanügyi Osztályon tisztviselőnő, majd a háború után Mv.-en [&hellip;]</p>
