{"id":7601,"date":"2025-06-29T09:57:33","date_gmt":"2025-06-29T07:57:33","guid":{"rendered":"https:\/\/uj.adatbank.ro\/lexikon\/termek\/farcas-petru-%c2%a7\/"},"modified":"2025-06-29T09:57:33","modified_gmt":"2025-06-29T07:57:33","slug":"farcas-petru-%c2%a7","status":"publish","type":"product","link":"https:\/\/uj.adatbank.ro\/lexikon\/termek\/farcas-petru-%c2%a7\/","title":{"rendered":"F\u0102RCA\u015e Petru, \u00a7"},"content":{"rendered":"<p>Malomfalva, 1877. okt. 20., \u2020 Malomfalva, 1957. jan. 1.: ort. pap, tan\u00edt\u00f3. \u2013 Mv.-en a M. Polg\u00e1ri iskol\u00e1ban \u00e9retts\u00e9gizett (1893), Szebenben fels\u0151bb teol\u00f3gi\u00e1t v\u00e9gzett (1899), papp\u00e1 szentelt\u00e9k (1900). Sz\u00fcl\u0151faluj\u00e1ban szolg\u00e1lta az egyh\u00e1zat \u00e9s tan\u00edt\u00f3k\u00e9nt is tev\u00e9kenykedett a rom\u00e1n iskol\u00e1ban (1903\u2013). Tagja volt a gyulafeh\u00e9rv\u00e1ri Egyes\u00fcl\u00e9si Gy\u0171l\u00e9s k\u00fcld\u00f6tts\u00e9g\u00e9nek (1918. dec. 1.). Nyugd\u00edjba vonult (1946), de tov\u00e1bb szolg\u00e1lt \u00e9s vall\u00e1st is tan\u00edtott is (1948-ig). Az \u00e1llamos\u00edt\u00e1s ut\u00e1n saj\u00e1t otthon\u00e1ban tartotta a vall\u00e1s\u00f3r\u00e1kat. Ezt &#8222;\u00e1llamellenes cselekedetnek&#8221; m\u00edn\u0151s\u00edtett\u00e9k, a szekurit\u00e1t\u00e9 emberei letartoztatt\u00e1k, megvert\u00e9k \u00e9s megk\u00edn\u00f3zt\u00e1k. A Duna-csatornai rabs\u00e1gt\u00f3l csak egy v\u00e9letlen mentette meg (a szeku f\u0151n\u00f6ke r\u00e9gebben tan\u00edtv\u00e1nya volt), al\u00e1\u00edrattak vele egy nyilatkozatot, hogy nem terjeszt antikommunista tanokat. <br \/><strong>Irod.:<\/strong> Dasc\u0103li mure\u015feni, 5.; \u015eincan 2006<\/br><\/p>\n","protected":false},"excerpt":{"rendered":"<p>Malomfalva, 1877. okt. 20., \u2020 Malomfalva, 1957. jan. 1.: ort. pap, tan\u00edt\u00f3. \u2013 Mv.-en a M. Polg\u00e1ri iskol\u00e1ban \u00e9retts\u00e9gizett (1893), Szebenben fels\u0151bb teol\u00f3gi\u00e1t v\u00e9gzett (1899), papp\u00e1 szentelt\u00e9k (1900). Sz\u00fcl\u0151faluj\u00e1ban szolg\u00e1lta az egyh\u00e1zat \u00e9s tan\u00edt\u00f3k\u00e9nt is tev\u00e9kenykedett a rom\u00e1n iskol\u00e1ban (1903\u2013). Tagja volt a gyulafeh\u00e9rv\u00e1ri Egyes\u00fcl\u00e9si Gy\u0171l\u00e9s k\u00fcld\u00f6tts\u00e9g\u00e9nek (1918. dec. 1.). Nyugd\u00edjba vonult (1946), de tov\u00e1bb [&hellip;]<\/p>\n","protected":false},"featured_media":0,"comment_status":"open","ping_status":"closed","template":"","meta":[],"product_brand":[],"product_cat":[137],"product_tag":[],"class_list":{"0":"post-7601","1":"product","2":"type-product","3":"status-publish","5":"product_cat-maros-megyei-eletrajzi-lexikon","7":"first","8":"instock","9":"shipping-taxable","10":"product-type-simple"},"_links":{"self":[{"href":"https:\/\/uj.adatbank.ro\/lexikon\/wp-json\/wp\/v2\/product\/7601","targetHints":{"allow":["GET"]}}],"collection":[{"href":"https:\/\/uj.adatbank.ro\/lexikon\/wp-json\/wp\/v2\/product"}],"about":[{"href":"https:\/\/uj.adatbank.ro\/lexikon\/wp-json\/wp\/v2\/types\/product"}],"replies":[{"embeddable":true,"href":"https:\/\/uj.adatbank.ro\/lexikon\/wp-json\/wp\/v2\/comments?post=7601"}],"wp:attachment":[{"href":"https:\/\/uj.adatbank.ro\/lexikon\/wp-json\/wp\/v2\/media?parent=7601"}],"wp:term":[{"taxonomy":"product_brand","embeddable":true,"href":"https:\/\/uj.adatbank.ro\/lexikon\/wp-json\/wp\/v2\/product_brand?post=7601"},{"taxonomy":"product_cat","embeddable":true,"href":"https:\/\/uj.adatbank.ro\/lexikon\/wp-json\/wp\/v2\/product_cat?post=7601"},{"taxonomy":"product_tag","embeddable":true,"href":"https:\/\/uj.adatbank.ro\/lexikon\/wp-json\/wp\/v2\/product_tag?post=7601"}],"curies":[{"name":"wp","href":"https:\/\/api.w.org\/{rel}","templated":true}]}}

FĂRCAŞ Petru, §

<p>Malomfalva, 1877. okt. 20., † Malomfalva, 1957. jan. 1.: ort. pap, tanító. – Mv.-en a M. Polgári iskolában érettségizett (1893), Szebenben felsőbb teológiát végzett (1899), pappá szentelték (1900). Szülőfalujában szolgálta az egyházat és tanítóként is tevékenykedett a román iskolában (1903–). Tagja volt a gyulafehérvári Egyesülési Gyűlés küldöttségének (1918. dec. 1.). Nyugdíjba vonult (1946), de tovább szolgált és vallást is tanított is (1948-ig). Az államosítás után saját otthonában tartotta a vallásórákat. Ezt &#8222;államellenes cselekedetnek&#8221; mínősítették, a szekuritáté emberei letartoztatták, megverték és megkínózták. A Duna-csatornai rabságtól csak egy véletlen mentette meg (a szeku főnöke régebben tanítványa volt), aláírattak vele egy nyilatkozatot, hogy nem terjeszt antikommunista tanokat. <br /><strong>Irod.:</strong> Dascăli mureşeni, 5.; Şincan 2006</br></p>

<p>Malomfalva, 1877. okt. 20., † Malomfalva, 1957. jan. 1.: ort. pap, tanító. – Mv.-en a M. Polgári iskolában érettségizett (1893), Szebenben felsőbb teológiát végzett (1899), pappá szentelték (1900). Szülőfalujában szolgálta az egyházat és tanítóként is tevékenykedett a román iskolában (1903–). Tagja volt a gyulafehérvári Egyesülési Gyűlés küldöttségének (1918. dec. 1.). Nyugdíjba vonult (1946), de tovább [&hellip;]</p>
