{"id":7604,"date":"2025-06-29T09:57:38","date_gmt":"2025-06-29T07:57:38","guid":{"rendered":"https:\/\/uj.adatbank.ro\/lexikon\/termek\/farcas-vasile-%c2%a7\/"},"modified":"2025-06-29T09:57:38","modified_gmt":"2025-06-29T07:57:38","slug":"farcas-vasile-%c2%a7","status":"publish","type":"product","link":"https:\/\/uj.adatbank.ro\/lexikon\/termek\/farcas-vasile-%c2%a7\/","title":{"rendered":"F\u0102RCA\u015e Vasile, \u00a7"},"content":{"rendered":"<p>? \u2020\u00a0?: ort. pap. \u2013 G\u00f6rg\u00e9nyhod\u00e1kon \u00e9s G\u00f6rg\u00e9nykakucsban szolg\u00e1lt (1936). Eln\u00f6ke az Astra \u00e9gisze alatt m\u0171k\u00f6d\u0151 falusi m\u0171vel\u0151d\u00e9si k\u00f6rnek (1930-as \u00e9vek). <br \/><strong>Irod.:<\/strong> Netea: Astra; Reghin, Protopopiat<\/br><\/p>\n","protected":false},"excerpt":{"rendered":"<p>? \u2020\u00a0?: ort. pap. \u2013 G\u00f6rg\u00e9nyhod\u00e1kon \u00e9s G\u00f6rg\u00e9nykakucsban szolg\u00e1lt (1936). Eln\u00f6ke az Astra \u00e9gisze alatt m\u0171k\u00f6d\u0151 falusi m\u0171vel\u0151d\u00e9si k\u00f6rnek (1930-as \u00e9vek). Irod.: Netea: Astra; Reghin, Protopopiat<\/p>\n","protected":false},"featured_media":0,"comment_status":"open","ping_status":"closed","template":"","meta":[],"product_brand":[],"product_cat":[137],"product_tag":[],"class_list":{"0":"post-7604","1":"product","2":"type-product","3":"status-publish","5":"product_cat-maros-megyei-eletrajzi-lexikon","7":"first","8":"instock","9":"shipping-taxable","10":"product-type-simple"},"_links":{"self":[{"href":"https:\/\/uj.adatbank.ro\/lexikon\/wp-json\/wp\/v2\/product\/7604","targetHints":{"allow":["GET"]}}],"collection":[{"href":"https:\/\/uj.adatbank.ro\/lexikon\/wp-json\/wp\/v2\/product"}],"about":[{"href":"https:\/\/uj.adatbank.ro\/lexikon\/wp-json\/wp\/v2\/types\/product"}],"replies":[{"embeddable":true,"href":"https:\/\/uj.adatbank.ro\/lexikon\/wp-json\/wp\/v2\/comments?post=7604"}],"wp:attachment":[{"href":"https:\/\/uj.adatbank.ro\/lexikon\/wp-json\/wp\/v2\/media?parent=7604"}],"wp:term":[{"taxonomy":"product_brand","embeddable":true,"href":"https:\/\/uj.adatbank.ro\/lexikon\/wp-json\/wp\/v2\/product_brand?post=7604"},{"taxonomy":"product_cat","embeddable":true,"href":"https:\/\/uj.adatbank.ro\/lexikon\/wp-json\/wp\/v2\/product_cat?post=7604"},{"taxonomy":"product_tag","embeddable":true,"href":"https:\/\/uj.adatbank.ro\/lexikon\/wp-json\/wp\/v2\/product_tag?post=7604"}],"curies":[{"name":"wp","href":"https:\/\/api.w.org\/{rel}","templated":true}]}}