{"id":7605,"date":"2025-06-29T09:57:39","date_gmt":"2025-06-29T07:57:39","guid":{"rendered":"https:\/\/uj.adatbank.ro\/lexikon\/termek\/farcasanu-victor\/"},"modified":"2025-06-29T09:57:39","modified_gmt":"2025-06-29T07:57:39","slug":"farcasanu-victor","status":"publish","type":"product","link":"https:\/\/uj.adatbank.ro\/lexikon\/termek\/farcasanu-victor\/","title":{"rendered":"F\u0102RC\u0102\u015eANU Victor"},"content":{"rendered":"<p>1881., \u2020\u00a0? : jegyz\u0151. \u2013 Kv.-on \u00e9retts\u00e9gizett, ugyanott jegyz\u0151i tanfolyamot v\u00e9gzett (1904). Jegyz\u0151: Szurdukon, Ablakon, Marosludason f\u00f6jegyz\u0151 (1919\u2013). \u00c9rdemeket szerzett Marosludas fejleszt\u00e9s\u00e9ben, sokat f\u00e1radozott a villanytelep l\u00e9tes\u00edt\u00e9se \u00e9rdek\u00e9ben. Az Astra, a helybeli sportegylet, az \u00f6nk\u00e9ntes t\u0171zolt\u00f3 egyes\u00fclet, a Mircea Egylet, a gimn.-i iskolasz\u00e9k \u00e9s t\u00f6bb szoci\u00e1lis egyes\u00fclet vezet\u00e9s\u00e9ben vezet\u0151 szerepet j\u00e1tszott. A Rom\u00e1n Koronarend lovagja. <br \/><strong>Irod.:<\/strong> Ki kicsoda\u00a0?<\/br><\/p>\n","protected":false},"excerpt":{"rendered":"<p>1881., \u2020\u00a0? : jegyz\u0151. \u2013 Kv.-on \u00e9retts\u00e9gizett, ugyanott jegyz\u0151i tanfolyamot v\u00e9gzett (1904). Jegyz\u0151: Szurdukon, Ablakon, Marosludason f\u00f6jegyz\u0151 (1919\u2013). \u00c9rdemeket szerzett Marosludas fejleszt\u00e9s\u00e9ben, sokat f\u00e1radozott a villanytelep l\u00e9tes\u00edt\u00e9se \u00e9rdek\u00e9ben. Az Astra, a helybeli sportegylet, az \u00f6nk\u00e9ntes t\u0171zolt\u00f3 egyes\u00fclet, a Mircea Egylet, a gimn.-i iskolasz\u00e9k \u00e9s t\u00f6bb szoci\u00e1lis egyes\u00fclet vezet\u00e9s\u00e9ben vezet\u0151 szerepet j\u00e1tszott. A Rom\u00e1n Koronarend lovagja. [&hellip;]<\/p>\n","protected":false},"featured_media":0,"comment_status":"open","ping_status":"closed","template":"","meta":[],"product_brand":[],"product_cat":[137],"product_tag":[],"class_list":{"0":"post-7605","1":"product","2":"type-product","3":"status-publish","5":"product_cat-maros-megyei-eletrajzi-lexikon","7":"first","8":"instock","9":"shipping-taxable","10":"product-type-simple"},"_links":{"self":[{"href":"https:\/\/uj.adatbank.ro\/lexikon\/wp-json\/wp\/v2\/product\/7605","targetHints":{"allow":["GET"]}}],"collection":[{"href":"https:\/\/uj.adatbank.ro\/lexikon\/wp-json\/wp\/v2\/product"}],"about":[{"href":"https:\/\/uj.adatbank.ro\/lexikon\/wp-json\/wp\/v2\/types\/product"}],"replies":[{"embeddable":true,"href":"https:\/\/uj.adatbank.ro\/lexikon\/wp-json\/wp\/v2\/comments?post=7605"}],"wp:attachment":[{"href":"https:\/\/uj.adatbank.ro\/lexikon\/wp-json\/wp\/v2\/media?parent=7605"}],"wp:term":[{"taxonomy":"product_brand","embeddable":true,"href":"https:\/\/uj.adatbank.ro\/lexikon\/wp-json\/wp\/v2\/product_brand?post=7605"},{"taxonomy":"product_cat","embeddable":true,"href":"https:\/\/uj.adatbank.ro\/lexikon\/wp-json\/wp\/v2\/product_cat?post=7605"},{"taxonomy":"product_tag","embeddable":true,"href":"https:\/\/uj.adatbank.ro\/lexikon\/wp-json\/wp\/v2\/product_tag?post=7605"}],"curies":[{"name":"wp","href":"https:\/\/api.w.org\/{rel}","templated":true}]}}

FĂRCĂŞANU Victor

<p>1881., † ? : jegyző. – Kv.-on érettségizett, ugyanott jegyzői tanfolyamot végzett (1904). Jegyző: Szurdukon, Ablakon, Marosludason föjegyző (1919–). Érdemeket szerzett Marosludas fejlesztésében, sokat fáradozott a villanytelep létesítése érdekében. Az Astra, a helybeli sportegylet, az önkéntes tűzoltó egyesület, a Mircea Egylet, a gimn.-i iskolaszék és több szociális egyesület vezetésében vezető szerepet játszott. A Román Koronarend lovagja. <br /><strong>Irod.:</strong> Ki kicsoda ?</br></p>

<p>1881., † ? : jegyző. – Kv.-on érettségizett, ugyanott jegyzői tanfolyamot végzett (1904). Jegyző: Szurdukon, Ablakon, Marosludason föjegyző (1919–). Érdemeket szerzett Marosludas fejlesztésében, sokat fáradozott a villanytelep létesítése érdekében. Az Astra, a helybeli sportegylet, az önkéntes tűzoltó egyesület, a Mircea Egylet, a gimn.-i iskolaszék és több szociális egyesület vezetésében vezető szerepet játszott. A Román Koronarend lovagja. [&hellip;]</p>
