{"id":7624,"date":"2025-06-29T09:58:22","date_gmt":"2025-06-29T07:58:22","guid":{"rendered":"https:\/\/uj.adatbank.ro\/lexikon\/termek\/farczady-elek-%c2%a7-farczadi-elek\/"},"modified":"2025-06-29T09:58:22","modified_gmt":"2025-06-29T07:58:22","slug":"farczady-elek-%c2%a7-farczadi-elek","status":"publish","type":"product","link":"https:\/\/uj.adatbank.ro\/lexikon\/termek\/farczady-elek-%c2%a7-farczadi-elek\/","title":{"rendered":"FARCZ\u00c1DY Elek, \u00a7 Farcz\u00e1di Elek"},"content":{"rendered":"<p>Mv., 1890. \u00e1pr. 9., \u2020 Mv., 1974. febr. 5. s\u00edrja a mv.-i Ref. temet\u0151ben: tan\u00e1r, t\u00f6rt\u00e9n\u00e9sz, m\u0171vel\u0151d\u00e9st\u00f6rt\u00e9n\u00e9sz, k\u00f6nyvt\u00e1ros, lev\u00e9lt\u00e1ros \u2013 Feles\u00e9ge: Geszith Nelly Jol\u00e1n (\u2020 1975. nov. 11.). Le\u00e1nyuk: F. \u00c9va Teleki Endr\u00e9n\u00e9 (Mv., 1946. okt. 13. \u2013), vegy\u00e9sz. \u2013 A k\u00f6z\u00e9piskol\u00e1t a mv.-i Ref. Koll.-ban (1908. j\u00fan.), az egyetemet mint E\u00f6tv\u00f6s-koll\u00e9gista Bp.-en v\u00e9gezte, b\u00f6lcs\u00e9szdoktori \u00e9s t\u00f6rt\u00e9nelem- latin szakos tan\u00e1ri oklevelet szerzett, doktor\u00e1lt (1912). Doktori disszert\u00e1ci\u00f3ja: Az ed\u00e9lyi vajd\u00e1k igazs\u00e1gszolg\u00e1ltat\u00e1si hat\u00e1sk\u00f6re \u00e9s m\u0171k\u00f6d\u00e9se 1437 el\u00f6tt. Egy\u00e9vi bp.-i tan\u00e1rkod\u00e1s (1912\u201313) ut\u00e1n \u00f6szt\u00f6nd\u00edjjal P\u00e1rizsban a Sorbonne-on \u00e9s az \u00c9cole Nationale des Chartes F\u0151iskol\u00e1n diplomatik\u00e1t \u00e9s paleogr\u00e1fi\u00e1t tanult (1913\u201314). Tan\u00e1r Gyergy\u00f3-szentmikl\u00f3son (1915\u20131919). Mv.-en tan\u00edtott a fels\u0151kereskedelmi iskol\u00e1ban m. \u00e9s francia nyelvet (1923\u20131941), \u00e9s az isk. igazgat\u00f3ja is volt (1940. szept. 10. &#8211; 1945). A Ref. Koll.-ban \u00f3rada\u00f3 tan\u00e1r (1923\u201337). A KZST titk\u00e1ra (1928\u201334, 1943\u20131946) \u00e9s jegyz\u0151k\u00f6nyv vezet\u0151je (1923\u201340). Az Erd\u00e9lyi Helikon mv.-i tagjai k\u00f6zt szerepelt (1930). A szakoktat\u00e1s tanker\u00fcleti el\u0151ad\u00f3ja (1941\u20131945), \u00e9s tan\u00fcgyi tan\u00e1csos. A ref. koll. -mi k\u00f6nyvt\u00e1r vezet\u0151je (1946\u2013), majd az egyes\u00edtett Teleki-Bolyai Dokument\u00e1ci\u00f3s K\u00f6nyvt\u00e1r igazgat\u00f3ja (1951\u20131961 szept. 1.). Hozz\u00e1j\u00e1rult a Bolyai-M\u00fazeum \u00e9s K\u00f6nyvt\u00e1r \u00faj szakszer\u0171 elhelyez\u00e9ss\u00e9hez, a Teleki T\u00e9ka \u00e9p\u00fclet\u00e9ben. A mv.-i M\u0171eml\u00e9kv\u00e9delmi Bizotts\u00e1g tagja (1955. febr. 10.). A Bolyai Farkas Centen\u00e1rium \u00fcnnepi sz\u00f3noka (1957). Els\u0151sorban Erd\u00e9ly t\u00f6rt\u00e9net\u00e9vel, k\u00fcl\u00f6n\u00f6sen Bethlen G\u00e1bor kor\u00e1val foglalkozott, valamint a koll.-i k\u00f6nyvt\u00e1r t\u00f6rt\u00e9net\u00e9vel. Koncz J\u00f3zsef h\u00e1rtyak\u00f3dexet adom\u00e1nyozott a ref. tanoda k\u00f6nyvt\u00e1r\u00e1nak (1860), ebben a Koncz-K\u00f3dex nevet visel\u0151 Bibli\u00e1ban, fedezte fel \u00e9s k\u00f6zz\u00e9 tette Szab\u00f3 T. Attila prof.-ral az \u00f6t\u00f6dik m. nyelveml\u00e9ket, a Mv.-i sorokat (1956). A Kelemen \u00e9vk\u00f6nyvben a Bolyai k\u00f6nyvt\u00e1r t\u00f6rt\u00e9net\u00e9t \u00e9s \u00e9rt\u00e9keit ismertette (1957). M\u0171vel\u0151d\u00e9st\u00f6rt\u00e9neti \u00e9s irodalomtudom\u00e1nyi tanulm\u00e1nyait k\u00f6z\u00f6lte a Zord Id\u0151, Utunk, M\u0171vel\u0151d\u00e9s, M\u0171v\u00e9szet, K\u00f6nyvt\u00e1rosok T\u00e1j\u00e9koztat\u00f3ja, C\u0103l\u0103uza bibliotecarului, Korunk, M. Nyelv. Nyugd\u00edjask\u00e9nt rendezte a Bolyai-k\u00f6nyvt\u00e1r okleveles, k\u00e9ziratos, sz\u00ednh\u00e1zi \u00e9s gy\u00e1szjelent\u00e9s-anyag\u00e1t, feldolgoz\u00e1sra k\u00e9sz\u00edtette el\u0151 az \u0151snyomtatv\u00e1nyok gy\u0171jtem\u00e9ny\u00e9t k\u00f6z\u00f6sen Bustya Endr\u00e9vel. Egyh\u00e1zi tiszts\u00e9gei: a Marosi egyh\u00e1zmegye vil\u00e1gi k\u00e9pvisel\u0151je (1951\u2013), a gecse \u00fati egyh\u00e1zk\u00f6zs\u00e9g tiszteletbeli (1957\u2013), majd az Als\u00f3v\u00e1rosi egyh\u00e1zk\u00f6zs\u00e9g f\u0151gondnoka volt (1961\u2013). Nyugalomba vonul\u00e1sa ut\u00e1n (1961) a ref. egyh\u00e1zk\u00f6zs\u00e9g lev\u00e9lt\u00e1rat rendezte, az els\u0151 igazgat\u00f3ja. Kutat\u00f3munk\u00e1t v\u00e9gezett, meg\u00edrta a ref. egyh\u00e1zk\u00f6zs\u00e9g 400 \u00e9ves t\u00f6rt\u00e9net\u00e9t \u00e9s sz\u00e1mos adatot szolg\u00e1ltatott az orvost\u00f6rt\u00e9neti tansz\u00e9knek, valamint a mv.-i v\u00e1r restaur\u00e1l\u00e1s\u00e1hoz. A Securitate megfigyel\u00e9si list\u00e1j\u00e1n szerepelt (1964. nov.). Javasolta a Bolyai J\u00e1nos utols\u00f3 mv.-i lakhely\u00e9nek a megjel\u0151l\u00e9s\u00e9t (1971. \u00e1pr. 3). Aranyoklevelet kapott a bp.-i E\u00f6tv\u00f6s Lor\u00e1nd TE-en (1962) \u00e9s gy\u00e9m\u00e1ntdiplom\u00e1val jutalmazt\u00e1k dr.-i c\u00edm\u00e9nek megszerz\u00e9se 60. \u00e9vfordul\u00f3j\u00e1n. \u2013 <strong>F. m.:<\/strong> Az erd\u00e9lyi vajd\u00e1k igazs\u00e1gszolg\u00e1ltat\u00e1si hat\u00e1sk\u00f6re \u00e9s m\u0171k\u00f6d\u00e9se az els\u0151 erd\u00e9lyi unio 1437 el\u0151tt: Doktori \u00e9rtekez\u00e9s (Bp., 1912); Paul Scarron: Irodalmi tanulm\u00e1ny (Mv., 1921); \u00c1lmok koldusa. (Versek; Bp., 1927); A mv.-i ref. egyh\u00e1z t\u00f6rt\u00e9nete (Mv., 1940); A mv.-i Bolyai tudom\u00e1nyos k\u00f6nyvt\u00e1r = Eml\u00e9kk\u00f6nyv Kelemen Lajos sz\u00fclet\u00e9s\u00e9nek 80. \u00e9vfordul\u00f3j\u00e1ra (Buk., 1957); A mv.-i ref. egyh\u00e1zk\u00f6zs\u00e9g \u00e9lete (1556\u20131948) (szerk. F\u00fcl\u00f6p G. D\u00e9nes; Mv., 2000); Adatok a V\u00e1rtemplom \u00f3r\u00e1j\u00e1nak t\u00f6rt\u00e9net\u00e9hez = Spielmann J\u00f3zsef orvost\u00f6rt\u00e9n\u00e9sz eml\u00e9kk\u00f6nyve; <strong>t\u00e1rssz.:<\/strong> A Mv.-i sorok (Szab\u00f3 T. Attill\u00e1val; Buk., 1957); A Mv.-i sorok \u00e9s a Mv.-i glossz\u00e1k. Bevezet\u00e9ssel, jegyzetekkel k\u00f6zz\u00e9teszi Farcz\u00e1dy Elek \u00e9s Szab\u00f3 T. Attilla (Buk., 1973); <strong>antol\u00f3g.:<\/strong> Eml\u00e9kk\u00f6nyv Kelemen Lajos sz\u00fclet\u00e9s\u00e9nek nyolcvanadik \u00e9vfordul\u00f3j\u00e1ra. (Buk., 1957.); Mv. \u00e9s V\u00e1rtemploma (Bp., 1990); k\u00e9zirata: Mv. v\u00e1ros monogr\u00e1fi\u00e1ja (t\u00e1rssz. Fuchs Simonnal \u00e9s Lup\u015fa Ioannal); Az 1851\u201354-i sz\u00e9kelyf\u00f6ldi \u00f6sszeesk\u00fcv\u00e9s; A mv.-i sz\u0151cs-c\u00e9h XVIII. sz\u00e1zadi sz\u00e1mad\u00e1sk\u00f6nyve; Adatok a k\u00f6z\u00e9pkori Erd\u00e9ly p\u00e9nz\u00fcgyeinek t\u00f6rt\u00e9net\u00e9hez; A mv.-i k\u00f6zoktat\u00e1s kezdetei; Adatok Bethlen G\u00e1bor k\u00fclpolitik\u00e1j\u00e1hoz, Anatole France: Le g\u00e9nie latin c. m\u0171v\u00e9nek ford\u00edt\u00f3ja. <br \/><strong>Irod.:<\/strong> Adadmovits S\u00e1ndor: Mv. \u201emindentud\u00f3\u201d tud\u00f3sa (N\u00fa., 2000. m\u00e1j. 13.); Adamovits S\u00e1ndor: Az \u00dar csod\u00e1san m\u0171k\u00f6dik (\u00daj Kezdet, 6. sz., 2000. j\u00fan.); Bak\u00f3 Zolt\u00e1n: F. k\u00e9zirat a toronygombban (V\u00e1s\u00e1rhelyi H\u00edrlap, 2010. \u00e1pr. 9.); Benl\u0151 Samu: K\u00f6sz\u00f6nt\u0151 F. E 80. sz\u00fclet\u00e9s napj\u00e1ra (Korunk, 1970\/4); Berekm\u00e9ri \u00c1rp\u00e1d-R\u00f3bert: A Mv.-i Ref. Vid\u00e9ki Gy\u0171jt\u0151lev\u00e9lt\u00e1r 50 \u00e9ve (1961\u20132011) (Korunk, 8. sz., 2012); Bodolai Gy\u00f6ngyi: A m\u00falt b\u0171v\u00f6let\u00e9ben (N\u00fa., 2012. \u00e1pr. 19.); Bo\u00e9r Hunor: A Magyar Auton\u00f3m Tartom\u00e1ny M\u00fazeumainak Kollekt\u00edv Tan\u00e1csa (1956\u20131957) = Maros megyei m. 3.; Catalogus Incunabulorum Bibliothecae Teleki-Bolyai (Tg. M., 1971); Csekme; EM; Dr. F. E. [Nekrol\u00f3g] (V. Z., 1974. febr. 7.); F\u00fcl\u00f6p G. D\u00e9nes: V\u00e1rtemplomi egyh\u00e1zk\u00f6zs\u00e9g t\u00f6rt\u00e9nete (\u00daj Kezdet, 7\u20138. sz., 2000), Guly\u00e1s; Gy\u00e1szjelent\u0151; Id\u0151t\u00e1r 3; Id\u0151t\u00e1r 4.; Izs\u00e1k J\u00f3zsef: F. E. 80 \u00e9ves (Igaz Sz\u00f3 1970\/4); \u00cenv. comercial econ.; Jak\u00f3 1976; KMI; Koczi\u00e1ny L\u00e1szl\u00f3: Dr. F. E. eml\u00e9kezete (V. Z., 1974. febr. 10.); Marosi Ildik\u00f3: A Mv.-i Sorok felfedez\u0151je (\u00daj \u00c9let, 9. sz., 1970); Marosi-Helikon; Marosi-KZST; A. M\u00e1th\u00e9 S\u00e1ndor: 30 \u00e9ve hunyt el Dr. F. E. (\u00daj Kezdet, 2. sz., 2004. febr.); M\u00c9L; MIIB; Molter 1.; Mv. t\u00f6rt. 2.; Mv.-i ref. temet\u0151; Mv.-i sorok; Nagy P\u00e1l: Besz\u00e9l\u0151 m\u00falt (\u00daj Kezdet, 7\u20138. sz., 2000), Nagy P\u00e1l. Napl\u00f3 n\u00e9lk\u00fcl (Mv., 2007); Nagy P\u00e9l: Besz\u00e9l\u0151 m\u00falt (N\u00fa., 2000. aug. 1.); Nagyjaink; Ol\u00e1h-G\u00e1l; \u00d6kr\u00f6s; R\u00e9thy\u2013V\u00e1czy; RMIL; R\u00daL; Szab\u00f3\u2013Simon\u2013Sz\u00f6gi; Szab\u00f3 T. Attila: Egy ember az eml\u00e9kez\u00e9s f\u00e9ny\u00e9ben (A H\u00e9t 1974\/11); Sz\u00e9kelyf\u00f6ld \u00ed. k.; Todea 2013; Tonk S\u00e1ndor: Egy mv.-i hist\u00f3rikus: dr. F. E. (N\u00e9p\u00fajs\u00e1g, 1990. \u00e1pr. 12); \u00daM\u00c9L; \u00daMIL<\/br><\/p>\n","protected":false},"excerpt":{"rendered":"<p>Mv., 1890. \u00e1pr. 9., \u2020 Mv., 1974. febr. 5. s\u00edrja a mv.-i Ref. temet\u0151ben: tan\u00e1r, t\u00f6rt\u00e9n\u00e9sz, m\u0171vel\u0151d\u00e9st\u00f6rt\u00e9n\u00e9sz, k\u00f6nyvt\u00e1ros, lev\u00e9lt\u00e1ros \u2013 Feles\u00e9ge: Geszith Nelly Jol\u00e1n (\u2020 1975. nov. 11.). Le\u00e1nyuk: F. \u00c9va Teleki Endr\u00e9n\u00e9 (Mv., 1946. okt. 13. \u2013), vegy\u00e9sz. \u2013 A k\u00f6z\u00e9piskol\u00e1t a mv.-i Ref. Koll.-ban (1908. j\u00fan.), az egyetemet mint E\u00f6tv\u00f6s-koll\u00e9gista Bp.-en v\u00e9gezte, b\u00f6lcs\u00e9szdoktori [&hellip;]<\/p>\n","protected":false},"featured_media":0,"comment_status":"open","ping_status":"closed","template":"","meta":[],"product_brand":[],"product_cat":[137],"product_tag":[],"class_list":{"0":"post-7624","1":"product","2":"type-product","3":"status-publish","5":"product_cat-maros-megyei-eletrajzi-lexikon","7":"first","8":"instock","9":"shipping-taxable","10":"product-type-simple"},"_links":{"self":[{"href":"https:\/\/uj.adatbank.ro\/lexikon\/wp-json\/wp\/v2\/product\/7624","targetHints":{"allow":["GET"]}}],"collection":[{"href":"https:\/\/uj.adatbank.ro\/lexikon\/wp-json\/wp\/v2\/product"}],"about":[{"href":"https:\/\/uj.adatbank.ro\/lexikon\/wp-json\/wp\/v2\/types\/product"}],"replies":[{"embeddable":true,"href":"https:\/\/uj.adatbank.ro\/lexikon\/wp-json\/wp\/v2\/comments?post=7624"}],"wp:attachment":[{"href":"https:\/\/uj.adatbank.ro\/lexikon\/wp-json\/wp\/v2\/media?parent=7624"}],"wp:term":[{"taxonomy":"product_brand","embeddable":true,"href":"https:\/\/uj.adatbank.ro\/lexikon\/wp-json\/wp\/v2\/product_brand?post=7624"},{"taxonomy":"product_cat","embeddable":true,"href":"https:\/\/uj.adatbank.ro\/lexikon\/wp-json\/wp\/v2\/product_cat?post=7624"},{"taxonomy":"product_tag","embeddable":true,"href":"https:\/\/uj.adatbank.ro\/lexikon\/wp-json\/wp\/v2\/product_tag?post=7624"}],"curies":[{"name":"wp","href":"https:\/\/api.w.org\/{rel}","templated":true}]}}

FARCZÁDY Elek, § Farczádi Elek

<p>Mv., 1890. ápr. 9., † Mv., 1974. febr. 5. sírja a mv.-i Ref. temetőben: tanár, történész, művelődéstörténész, könyvtáros, levéltáros – Felesége: Geszith Nelly Jolán († 1975. nov. 11.). Leányuk: F. Éva Teleki Endréné (Mv., 1946. okt. 13. –), vegyész. – A középiskolát a mv.-i Ref. Koll.-ban (1908. jún.), az egyetemet mint Eötvös-kollégista Bp.-en végezte, bölcsészdoktori és történelem- latin szakos tanári oklevelet szerzett, doktorált (1912). Doktori disszertációja: Az edélyi vajdák igazságszolgáltatási hatásköre és működése 1437 elött. Egyévi bp.-i tanárkodás (1912–13) után ösztöndíjjal Párizsban a Sorbonne-on és az École Nationale des Chartes Főiskolán diplomatikát és paleográfiát tanult (1913–14). Tanár Gyergyó-szentmiklóson (1915–1919). Mv.-en tanított a felsőkereskedelmi iskolában m. és francia nyelvet (1923–1941), és az isk. igazgatója is volt (1940. szept. 10. &#8211; 1945). A Ref. Koll.-ban óradaó tanár (1923–37). A KZST titkára (1928–34, 1943–1946) és jegyzőkönyv vezetője (1923–40). Az Erdélyi Helikon mv.-i tagjai közt szerepelt (1930). A szakoktatás tankerületi előadója (1941–1945), és tanügyi tanácsos. A ref. koll. -mi könyvtár vezetője (1946–), majd az egyesített Teleki-Bolyai Dokumentációs Könyvtár igazgatója (1951–1961 szept. 1.). Hozzájárult a Bolyai-Múzeum és Könyvtár új szakszerű elhelyezésséhez, a Teleki Téka épületében. A mv.-i Műemlékvédelmi Bizottság tagja (1955. febr. 10.). A Bolyai Farkas Centenárium ünnepi szónoka (1957). Elsősorban Erdély történetével, különösen Bethlen Gábor korával foglalkozott, valamint a koll.-i könyvtár történetével. Koncz József hártyakódexet adományozott a ref. tanoda könyvtárának (1860), ebben a Koncz-Kódex nevet viselő Bibliában, fedezte fel és közzé tette Szabó T. Attila prof.-ral az ötödik m. nyelvemléket, a Mv.-i sorokat (1956). A Kelemen évkönyvben a Bolyai könyvtár történetét és értékeit ismertette (1957). Művelődéstörténeti és irodalomtudományi tanulmányait közölte a Zord Idő, Utunk, Művelődés, Művészet, Könyvtárosok Tájékoztatója, Călăuza bibliotecarului, Korunk, M. Nyelv. Nyugdíjasként rendezte a Bolyai-könyvtár okleveles, kéziratos, színházi és gyászjelentés-anyagát, feldolgozásra készítette elő az ősnyomtatványok gyűjteményét közösen Bustya Endrével. Egyházi tisztségei: a Marosi egyházmegye világi képviselője (1951–), a gecse úti egyházközség tiszteletbeli (1957–), majd az Alsóvárosi egyházközség főgondnoka volt (1961–). Nyugalomba vonulása után (1961) a ref. egyházközség levéltárat rendezte, az első igazgatója. Kutatómunkát végezett, megírta a ref. egyházközség 400 éves történetét és számos adatot szolgáltatott az orvostörténeti tanszéknek, valamint a mv.-i vár restaurálásához. A Securitate megfigyelési listáján szerepelt (1964. nov.). Javasolta a Bolyai János utolsó mv.-i lakhelyének a megjelőlését (1971. ápr. 3). Aranyoklevelet kapott a bp.-i Eötvös Loránd TE-en (1962) és gyémántdiplomával jutalmazták dr.-i címének megszerzése 60. évfordulóján. – <strong>F. m.:</strong> Az erdélyi vajdák igazságszolgáltatási hatásköre és működése az első erdélyi unio 1437 előtt: Doktori értekezés (Bp., 1912); Paul Scarron: Irodalmi tanulmány (Mv., 1921); Álmok koldusa. (Versek; Bp., 1927); A mv.-i ref. egyház története (Mv., 1940); A mv.-i Bolyai tudományos könyvtár = Emlékkönyv Kelemen Lajos születésének 80. évfordulójára (Buk., 1957); A mv.-i ref. egyházközség élete (1556–1948) (szerk. Fülöp G. Dénes; Mv., 2000); Adatok a Vártemplom órájának történetéhez = Spielmann József orvostörténész emlékkönyve; <strong>társsz.:</strong> A Mv.-i sorok (Szabó T. Attillával; Buk., 1957); A Mv.-i sorok és a Mv.-i glosszák. Bevezetéssel, jegyzetekkel közzéteszi Farczády Elek és Szabó T. Attilla (Buk., 1973); <strong>antológ.:</strong> Emlékkönyv Kelemen Lajos születésének nyolcvanadik évfordulójára. (Buk., 1957.); Mv. és Vártemploma (Bp., 1990); kézirata: Mv. város monográfiája (társsz. Fuchs Simonnal és Lupşa Ioannal); Az 1851–54-i székelyföldi összeesküvés; A mv.-i szőcs-céh XVIII. századi számadáskönyve; Adatok a középkori Erdély pénzügyeinek történetéhez; A mv.-i közoktatás kezdetei; Adatok Bethlen Gábor külpolitikájához, Anatole France: Le génie latin c. művének fordítója. <br /><strong>Irod.:</strong> Adadmovits Sándor: Mv. „mindentudó” tudósa (Nú., 2000. máj. 13.); Adamovits Sándor: Az Úr csodásan működik (Új Kezdet, 6. sz., 2000. jún.); Bakó Zoltán: F. kézirat a toronygombban (Vásárhelyi Hírlap, 2010. ápr. 9.); Benlő Samu: Köszöntő F. E 80. születés napjára (Korunk, 1970/4); Berekméri Árpád-Róbert: A Mv.-i Ref. Vidéki Gyűjtőlevéltár 50 éve (1961–2011) (Korunk, 8. sz., 2012); Bodolai Gyöngyi: A múlt bűvöletében (Nú., 2012. ápr. 19.); Boér Hunor: A Magyar Autonóm Tartomány Múzeumainak Kollektív Tanácsa (1956–1957) = Maros megyei m. 3.; Catalogus Incunabulorum Bibliothecae Teleki-Bolyai (Tg. M., 1971); Csekme; EM; Dr. F. E. [Nekrológ] (V. Z., 1974. febr. 7.); Fülöp G. Dénes: Vártemplomi egyházközség története (Új Kezdet, 7–8. sz., 2000), Gulyás; Gyászjelentő; Időtár 3; Időtár 4.; Izsák József: F. E. 80 éves (Igaz Szó 1970/4); Înv. comercial econ.; Jakó 1976; KMI; Kocziány László: Dr. F. E. emlékezete (V. Z., 1974. febr. 10.); Marosi Ildikó: A Mv.-i Sorok felfedezője (Új Élet, 9. sz., 1970); Marosi-Helikon; Marosi-KZST; A. Máthé Sándor: 30 éve hunyt el Dr. F. E. (Új Kezdet, 2. sz., 2004. febr.); MÉL; MIIB; Molter 1.; Mv. tört. 2.; Mv.-i ref. temető; Mv.-i sorok; Nagy Pál: Beszélő múlt (Új Kezdet, 7–8. sz., 2000), Nagy Pál. Napló nélkül (Mv., 2007); Nagy Pél: Beszélő múlt (Nú., 2000. aug. 1.); Nagyjaink; Oláh-Gál; Ökrös; Réthy–Váczy; RMIL; RÚL; Szabó–Simon–Szögi; Szabó T. Attila: Egy ember az emlékezés fényében (A Hét 1974/11); Székelyföld í. k.; Todea 2013; Tonk Sándor: Egy mv.-i histórikus: dr. F. E. (Népújság, 1990. ápr. 12); ÚMÉL; ÚMIL</br></p>

<p>Mv., 1890. ápr. 9., † Mv., 1974. febr. 5. sírja a mv.-i Ref. temetőben: tanár, történész, művelődéstörténész, könyvtáros, levéltáros – Felesége: Geszith Nelly Jolán († 1975. nov. 11.). Leányuk: F. Éva Teleki Endréné (Mv., 1946. okt. 13. –), vegyész. – A középiskolát a mv.-i Ref. Koll.-ban (1908. jún.), az egyetemet mint Eötvös-kollégista Bp.-en végezte, bölcsészdoktori [&hellip;]</p>
