{"id":7625,"date":"2025-06-29T09:58:24","date_gmt":"2025-06-29T07:58:24","guid":{"rendered":"https:\/\/uj.adatbank.ro\/lexikon\/termek\/farczady-gero-homorodszentpali\/"},"modified":"2025-06-29T09:58:24","modified_gmt":"2025-06-29T07:58:24","slug":"farczady-gero-homorodszentpali","status":"publish","type":"product","link":"https:\/\/uj.adatbank.ro\/lexikon\/termek\/farczady-gero-homorodszentpali\/","title":{"rendered":"FARCZ\u00c1DY Ger\u0151, homor\u00f3dszentp\u00e1li"},"content":{"rendered":"<p>Mv, 1889. m\u00e1rc. 10., \u2020\u00a0?: dr. phil., vegy\u00e9sz. \u2013 Tanulm\u00e1nyait a kv.-i Unit. Gimn.-ban (1909), a bp.-i egyetemen (1909\u201312) v\u00e9gezte, doktor\u00e1lt (1914). Az Orsz\u00e1gos M. Chemiai Int\u00e9zetben dolgozott mint vegy\u00e9sz (1915\u2013). \u2013 <strong>F. m.:<\/strong> A radiumemanatio quantitativ meghat\u00e1roz\u00e1s\u00e1r\u00f3l (Bp., 1914). <br \/><strong>Irod.:<\/strong> Guly\u00e1s<\/br><\/p>\n","protected":false},"excerpt":{"rendered":"<p>Mv, 1889. m\u00e1rc. 10., \u2020\u00a0?: dr. phil., vegy\u00e9sz. \u2013 Tanulm\u00e1nyait a kv.-i Unit. Gimn.-ban (1909), a bp.-i egyetemen (1909\u201312) v\u00e9gezte, doktor\u00e1lt (1914). Az Orsz\u00e1gos M. Chemiai Int\u00e9zetben dolgozott mint vegy\u00e9sz (1915\u2013). \u2013 F. m.: A radiumemanatio quantitativ meghat\u00e1roz\u00e1s\u00e1r\u00f3l (Bp., 1914). Irod.: Guly\u00e1s<\/p>\n","protected":false},"featured_media":0,"comment_status":"open","ping_status":"closed","template":"","meta":[],"product_brand":[],"product_cat":[137],"product_tag":[],"class_list":{"0":"post-7625","1":"product","2":"type-product","3":"status-publish","5":"product_cat-maros-megyei-eletrajzi-lexikon","7":"first","8":"instock","9":"shipping-taxable","10":"product-type-simple"},"_links":{"self":[{"href":"https:\/\/uj.adatbank.ro\/lexikon\/wp-json\/wp\/v2\/product\/7625","targetHints":{"allow":["GET"]}}],"collection":[{"href":"https:\/\/uj.adatbank.ro\/lexikon\/wp-json\/wp\/v2\/product"}],"about":[{"href":"https:\/\/uj.adatbank.ro\/lexikon\/wp-json\/wp\/v2\/types\/product"}],"replies":[{"embeddable":true,"href":"https:\/\/uj.adatbank.ro\/lexikon\/wp-json\/wp\/v2\/comments?post=7625"}],"wp:attachment":[{"href":"https:\/\/uj.adatbank.ro\/lexikon\/wp-json\/wp\/v2\/media?parent=7625"}],"wp:term":[{"taxonomy":"product_brand","embeddable":true,"href":"https:\/\/uj.adatbank.ro\/lexikon\/wp-json\/wp\/v2\/product_brand?post=7625"},{"taxonomy":"product_cat","embeddable":true,"href":"https:\/\/uj.adatbank.ro\/lexikon\/wp-json\/wp\/v2\/product_cat?post=7625"},{"taxonomy":"product_tag","embeddable":true,"href":"https:\/\/uj.adatbank.ro\/lexikon\/wp-json\/wp\/v2\/product_tag?post=7625"}],"curies":[{"name":"wp","href":"https:\/\/api.w.org\/{rel}","templated":true}]}}