{"id":7633,"date":"2025-06-29T09:58:42","date_gmt":"2025-06-29T07:58:42","guid":{"rendered":"https:\/\/uj.adatbank.ro\/lexikon\/termek\/fark-marton\/"},"modified":"2025-06-29T09:58:42","modified_gmt":"2025-06-29T07:58:42","slug":"fark-marton","status":"publish","type":"product","link":"https:\/\/uj.adatbank.ro\/lexikon\/termek\/fark-marton\/","title":{"rendered":"FARK M\u00e1rton"},"content":{"rendered":"<p>Sz\u00e9kelyudvarhely, 1814. j\u00fan. 5., \u2020\u00a0Erzs\u00e9betv\u00e1ros, 1889. nov. 5.: r. k. pap. \u2013 K\u00f6z\u00e9piskol\u00e1t Sz\u00e9kelyudvarhelyen, Gyulafeh\u00e9rv\u00e1ron, filoz\u00f3fiai tanulm\u00e1nyait Kv.-on \u00e9s teol\u00f3giait Gyulafeh\u00e9rv\u00e1ron v\u00e9gezte. Papp\u00e1 szentelt\u00e9k (1837. aug. 7.). K\u00e1pl\u00e1n volt K\u00e9zdiszentkereszten, lelk\u00e9sz Szentiv\u00e1nlaborfalv\u00e1n (1739), Sz\u00e9kelyv\u00e9ck\u00e9n (1842\u201353), majd Cs\u00edkszentl\u00e9leken, Oroszhegyen, Felvincen, Farkaslak\u00e1n (1871\u201386), nyugd\u00edjas Erzs\u00e9betv\u00e1rosban. <br \/><strong>Irod.:<\/strong> Ferenczi S\u00e1ndor 2009<\/br><\/p>\n","protected":false},"excerpt":{"rendered":"<p>Sz\u00e9kelyudvarhely, 1814. j\u00fan. 5., \u2020\u00a0Erzs\u00e9betv\u00e1ros, 1889. nov. 5.: r. k. pap. \u2013 K\u00f6z\u00e9piskol\u00e1t Sz\u00e9kelyudvarhelyen, Gyulafeh\u00e9rv\u00e1ron, filoz\u00f3fiai tanulm\u00e1nyait Kv.-on \u00e9s teol\u00f3giait Gyulafeh\u00e9rv\u00e1ron v\u00e9gezte. Papp\u00e1 szentelt\u00e9k (1837. aug. 7.). K\u00e1pl\u00e1n volt K\u00e9zdiszentkereszten, lelk\u00e9sz Szentiv\u00e1nlaborfalv\u00e1n (1739), Sz\u00e9kelyv\u00e9ck\u00e9n (1842\u201353), majd Cs\u00edkszentl\u00e9leken, Oroszhegyen, Felvincen, Farkaslak\u00e1n (1871\u201386), nyugd\u00edjas Erzs\u00e9betv\u00e1rosban. Irod.: Ferenczi S\u00e1ndor 2009<\/p>\n","protected":false},"featured_media":0,"comment_status":"open","ping_status":"closed","template":"","meta":[],"product_brand":[],"product_cat":[137],"product_tag":[],"class_list":{"0":"post-7633","1":"product","2":"type-product","3":"status-publish","5":"product_cat-maros-megyei-eletrajzi-lexikon","7":"first","8":"instock","9":"shipping-taxable","10":"product-type-simple"},"_links":{"self":[{"href":"https:\/\/uj.adatbank.ro\/lexikon\/wp-json\/wp\/v2\/product\/7633","targetHints":{"allow":["GET"]}}],"collection":[{"href":"https:\/\/uj.adatbank.ro\/lexikon\/wp-json\/wp\/v2\/product"}],"about":[{"href":"https:\/\/uj.adatbank.ro\/lexikon\/wp-json\/wp\/v2\/types\/product"}],"replies":[{"embeddable":true,"href":"https:\/\/uj.adatbank.ro\/lexikon\/wp-json\/wp\/v2\/comments?post=7633"}],"wp:attachment":[{"href":"https:\/\/uj.adatbank.ro\/lexikon\/wp-json\/wp\/v2\/media?parent=7633"}],"wp:term":[{"taxonomy":"product_brand","embeddable":true,"href":"https:\/\/uj.adatbank.ro\/lexikon\/wp-json\/wp\/v2\/product_brand?post=7633"},{"taxonomy":"product_cat","embeddable":true,"href":"https:\/\/uj.adatbank.ro\/lexikon\/wp-json\/wp\/v2\/product_cat?post=7633"},{"taxonomy":"product_tag","embeddable":true,"href":"https:\/\/uj.adatbank.ro\/lexikon\/wp-json\/wp\/v2\/product_tag?post=7633"}],"curies":[{"name":"wp","href":"https:\/\/api.w.org\/{rel}","templated":true}]}}

FARK Márton

<p>Székelyudvarhely, 1814. jún. 5., † Erzsébetváros, 1889. nov. 5.: r. k. pap. – Középiskolát Székelyudvarhelyen, Gyulafehérváron, filozófiai tanulmányait Kv.-on és teológiait Gyulafehérváron végezte. Pappá szentelték (1837. aug. 7.). Káplán volt Kézdiszentkereszten, lelkész Szentivánlaborfalván (1739), Székelyvéckén (1842–53), majd Csíkszentléleken, Oroszhegyen, Felvincen, Farkaslakán (1871–86), nyugdíjas Erzsébetvárosban. <br /><strong>Irod.:</strong> Ferenczi Sándor 2009</br></p>

<p>Székelyudvarhely, 1814. jún. 5., † Erzsébetváros, 1889. nov. 5.: r. k. pap. – Középiskolát Székelyudvarhelyen, Gyulafehérváron, filozófiai tanulmányait Kv.-on és teológiait Gyulafehérváron végezte. Pappá szentelték (1837. aug. 7.). Káplán volt Kézdiszentkereszten, lelkész Szentivánlaborfalván (1739), Székelyvéckén (1842–53), majd Csíkszentléleken, Oroszhegyen, Felvincen, Farkaslakán (1871–86), nyugdíjas Erzsébetvárosban. Irod.: Ferenczi Sándor 2009</p>
