{"id":7634,"date":"2025-06-29T09:58:44","date_gmt":"2025-06-29T07:58:44","guid":{"rendered":"https:\/\/uj.adatbank.ro\/lexikon\/termek\/farkas-adolf\/"},"modified":"2025-06-29T09:58:44","modified_gmt":"2025-06-29T07:58:44","slug":"farkas-adolf","status":"publish","type":"product","link":"https:\/\/uj.adatbank.ro\/lexikon\/termek\/farkas-adolf\/","title":{"rendered":"FARKAS Adolf"},"content":{"rendered":"<p>1888., \u2020\u00a0?: h\u00e1ztulajdonos. \u2013 Tulajdonosa a Mv. mai f\u0151ter\u00e9n (27\u201329 sz. alatt) eklektikus st\u00edlus\u00fa, L alak\u00fa, emeletes h\u00e1znak, amelyet Tim\u00e1r Gy\u00f6rgy \u00e9s Bustya Lajos tervezett (1901. j\u00fan). Ezt a h\u00e1zat a t\u00f6mbh\u00e1zak \u00e9p\u00edt\u00e9sekor lebontott\u00e1k (1972). Mv.-r\u0151l feles\u00e9g\u00e9vel (1912\u2013) egy\u00fctt deport\u00e1lt\u00e1k (1944. m\u00e1j. 29.). <br \/><strong>Irod.:<\/strong> Man: Tg. M. 2.; Mv. zsid\u00f3s\u00e1ga<\/br><\/p>\n","protected":false},"excerpt":{"rendered":"<p>1888., \u2020\u00a0?: h\u00e1ztulajdonos. \u2013 Tulajdonosa a Mv. mai f\u0151ter\u00e9n (27\u201329 sz. alatt) eklektikus st\u00edlus\u00fa, L alak\u00fa, emeletes h\u00e1znak, amelyet Tim\u00e1r Gy\u00f6rgy \u00e9s Bustya Lajos tervezett (1901. j\u00fan). Ezt a h\u00e1zat a t\u00f6mbh\u00e1zak \u00e9p\u00edt\u00e9sekor lebontott\u00e1k (1972). Mv.-r\u0151l feles\u00e9g\u00e9vel (1912\u2013) egy\u00fctt deport\u00e1lt\u00e1k (1944. m\u00e1j. 29.). Irod.: Man: Tg. M. 2.; Mv. zsid\u00f3s\u00e1ga<\/p>\n","protected":false},"featured_media":0,"comment_status":"open","ping_status":"closed","template":"","meta":[],"product_brand":[],"product_cat":[137],"product_tag":[],"class_list":{"0":"post-7634","1":"product","2":"type-product","3":"status-publish","5":"product_cat-maros-megyei-eletrajzi-lexikon","7":"first","8":"instock","9":"shipping-taxable","10":"product-type-simple"},"_links":{"self":[{"href":"https:\/\/uj.adatbank.ro\/lexikon\/wp-json\/wp\/v2\/product\/7634","targetHints":{"allow":["GET"]}}],"collection":[{"href":"https:\/\/uj.adatbank.ro\/lexikon\/wp-json\/wp\/v2\/product"}],"about":[{"href":"https:\/\/uj.adatbank.ro\/lexikon\/wp-json\/wp\/v2\/types\/product"}],"replies":[{"embeddable":true,"href":"https:\/\/uj.adatbank.ro\/lexikon\/wp-json\/wp\/v2\/comments?post=7634"}],"wp:attachment":[{"href":"https:\/\/uj.adatbank.ro\/lexikon\/wp-json\/wp\/v2\/media?parent=7634"}],"wp:term":[{"taxonomy":"product_brand","embeddable":true,"href":"https:\/\/uj.adatbank.ro\/lexikon\/wp-json\/wp\/v2\/product_brand?post=7634"},{"taxonomy":"product_cat","embeddable":true,"href":"https:\/\/uj.adatbank.ro\/lexikon\/wp-json\/wp\/v2\/product_cat?post=7634"},{"taxonomy":"product_tag","embeddable":true,"href":"https:\/\/uj.adatbank.ro\/lexikon\/wp-json\/wp\/v2\/product_tag?post=7634"}],"curies":[{"name":"wp","href":"https:\/\/api.w.org\/{rel}","templated":true}]}}

<p>1888., † ?: háztulajdonos. – Tulajdonosa a Mv. mai főterén (27–29 sz. alatt) eklektikus stílusú, L alakú, emeletes háznak, amelyet Timár György és Bustya Lajos tervezett (1901. jún). Ezt a házat a tömbházak építésekor lebontották (1972). Mv.-ről feleségével (1912–) együtt deportálták (1944. máj. 29.). <br /><strong>Irod.:</strong> Man: Tg. M. 2.; Mv. zsidósága</br></p>

<p>1888., † ?: háztulajdonos. – Tulajdonosa a Mv. mai főterén (27–29 sz. alatt) eklektikus stílusú, L alakú, emeletes háznak, amelyet Timár György és Bustya Lajos tervezett (1901. jún). Ezt a házat a tömbházak építésekor lebontották (1972). Mv.-ről feleségével (1912–) együtt deportálták (1944. máj. 29.). Irod.: Man: Tg. M. 2.; Mv. zsidósága</p>
