{"id":7639,"date":"2025-06-29T09:58:53","date_gmt":"2025-06-29T07:58:53","guid":{"rendered":"https:\/\/uj.adatbank.ro\/lexikon\/termek\/farkas-albert-%c2%a7-borbereki\/"},"modified":"2025-06-29T09:58:53","modified_gmt":"2025-06-29T07:58:53","slug":"farkas-albert-%c2%a7-borbereki","status":"publish","type":"product","link":"https:\/\/uj.adatbank.ro\/lexikon\/termek\/farkas-albert-%c2%a7-borbereki\/","title":{"rendered":"FARKAS Albert, \u00a7 borbereki"},"content":{"rendered":"<p>Dedr\u00e1dsz\u00e9plak, 1855., \u2020\u00a0Mv., 1918. \u00e1pr. 26.: birtokos, al- \u00e9s f\u0151isp\u00e1n. \u2013 F. Mih\u00e1ly \u00e9s zilahi \u00c9ltet\u0151 Krisztina fia. Feles\u00e9ge: zilahi \u00c9ltet\u0151 Katalin. Gyermek\u00fck: Bal\u00e1zs (1882). \u2013 Iskol\u00e1it Mv.-en \u00e9s Kv.-on v\u00e9gezte (1880). K\u00f6zigazgat\u00e1si p\u00e1ly\u00e1ra l\u00e9pett, szolgab\u00edr\u00f3-seg\u00e9d (1882\u2013), a marosi als\u00f3-j\u00e1r\u00e1s szolgab\u00edr\u00e1ja (1885\u201389), f\u0151szolgab\u00edr\u00f3 (1889\u20131902) \u00e9s Marostorda v\u00e1rmegye alisp\u00e1nja (1902\u2013), f\u0151isp\u00e1nja, ogy.-i k\u00e9pvisel\u0151. Virilista (1887). Az egykori csal\u00e1di k\u00faria (\u00e9p\u00fclt 1892\u2013), ma a sz\u00e1szr\u00e9geni Anton Badea N\u00e9prajzi M\u00fazeum. <br \/><strong>Irod.:<\/strong> Bak\u00f3 Zolt\u00e1n: \u00c9vkezdet 101 esztendeje (V\u00e1s\u00e1rhelyi H\u00edrlap, 2009. febr. 13.); B\u00edr\u00f3 Don\u00e1t; Gy\u00e1szjelent\u0151; Id\u0151t\u00e1r 2; P\u00e1lmay; Sz\u00e1szr\u00e9gen \u00e9s vid\u00e9ke; Sz\u00e9kelyf\u00f6ld \u00ed. k.<\/br><\/p>\n","protected":false},"excerpt":{"rendered":"<p>Dedr\u00e1dsz\u00e9plak, 1855., \u2020\u00a0Mv., 1918. \u00e1pr. 26.: birtokos, al- \u00e9s f\u0151isp\u00e1n. \u2013 F. Mih\u00e1ly \u00e9s zilahi \u00c9ltet\u0151 Krisztina fia. Feles\u00e9ge: zilahi \u00c9ltet\u0151 Katalin. Gyermek\u00fck: Bal\u00e1zs (1882). \u2013 Iskol\u00e1it Mv.-en \u00e9s Kv.-on v\u00e9gezte (1880). K\u00f6zigazgat\u00e1si p\u00e1ly\u00e1ra l\u00e9pett, szolgab\u00edr\u00f3-seg\u00e9d (1882\u2013), a marosi als\u00f3-j\u00e1r\u00e1s szolgab\u00edr\u00e1ja (1885\u201389), f\u0151szolgab\u00edr\u00f3 (1889\u20131902) \u00e9s Marostorda v\u00e1rmegye alisp\u00e1nja (1902\u2013), f\u0151isp\u00e1nja, ogy.-i k\u00e9pvisel\u0151. Virilista (1887). Az [&hellip;]<\/p>\n","protected":false},"featured_media":0,"comment_status":"open","ping_status":"closed","template":"","meta":[],"product_brand":[],"product_cat":[137],"product_tag":[],"class_list":{"0":"post-7639","1":"product","2":"type-product","3":"status-publish","5":"product_cat-maros-megyei-eletrajzi-lexikon","7":"first","8":"instock","9":"shipping-taxable","10":"product-type-simple"},"_links":{"self":[{"href":"https:\/\/uj.adatbank.ro\/lexikon\/wp-json\/wp\/v2\/product\/7639","targetHints":{"allow":["GET"]}}],"collection":[{"href":"https:\/\/uj.adatbank.ro\/lexikon\/wp-json\/wp\/v2\/product"}],"about":[{"href":"https:\/\/uj.adatbank.ro\/lexikon\/wp-json\/wp\/v2\/types\/product"}],"replies":[{"embeddable":true,"href":"https:\/\/uj.adatbank.ro\/lexikon\/wp-json\/wp\/v2\/comments?post=7639"}],"wp:attachment":[{"href":"https:\/\/uj.adatbank.ro\/lexikon\/wp-json\/wp\/v2\/media?parent=7639"}],"wp:term":[{"taxonomy":"product_brand","embeddable":true,"href":"https:\/\/uj.adatbank.ro\/lexikon\/wp-json\/wp\/v2\/product_brand?post=7639"},{"taxonomy":"product_cat","embeddable":true,"href":"https:\/\/uj.adatbank.ro\/lexikon\/wp-json\/wp\/v2\/product_cat?post=7639"},{"taxonomy":"product_tag","embeddable":true,"href":"https:\/\/uj.adatbank.ro\/lexikon\/wp-json\/wp\/v2\/product_tag?post=7639"}],"curies":[{"name":"wp","href":"https:\/\/api.w.org\/{rel}","templated":true}]}}

<p>Dedrádszéplak, 1855., † Mv., 1918. ápr. 26.: birtokos, al- és főispán. – F. Mihály és zilahi Éltető Krisztina fia. Felesége: zilahi Éltető Katalin. Gyermekük: Balázs (1882). – Iskoláit Mv.-en és Kv.-on végezte (1880). Közigazgatási pályára lépett, szolgabíró-segéd (1882–), a marosi alsó-járás szolgabírája (1885–89), főszolgabíró (1889–1902) és Marostorda vármegye alispánja (1902–), főispánja, ogy.-i képviselő. Virilista (1887). Az egykori családi kúria (épült 1892–), ma a szászrégeni Anton Badea Néprajzi Múzeum. <br /><strong>Irod.:</strong> Bakó Zoltán: Évkezdet 101 esztendeje (Vásárhelyi Hírlap, 2009. febr. 13.); Bíró Donát; Gyászjelentő; Időtár 2; Pálmay; Szászrégen és vidéke; Székelyföld í. k.</br></p>

<p>Dedrádszéplak, 1855., † Mv., 1918. ápr. 26.: birtokos, al- és főispán. – F. Mihály és zilahi Éltető Krisztina fia. Felesége: zilahi Éltető Katalin. Gyermekük: Balázs (1882). – Iskoláit Mv.-en és Kv.-on végezte (1880). Közigazgatási pályára lépett, szolgabíró-segéd (1882–), a marosi alsó-járás szolgabírája (1885–89), főszolgabíró (1889–1902) és Marostorda vármegye alispánja (1902–), főispánja, ogy.-i képviselő. Virilista (1887). Az [&hellip;]</p>
