{"id":7640,"date":"2025-06-29T09:58:55","date_gmt":"2025-06-29T07:58:55","guid":{"rendered":"https:\/\/uj.adatbank.ro\/lexikon\/termek\/farkas-albert-%c2%a7-borbereki-2\/"},"modified":"2025-06-29T09:58:55","modified_gmt":"2025-06-29T07:58:55","slug":"farkas-albert-%c2%a7-borbereki-2","status":"publish","type":"product","link":"https:\/\/uj.adatbank.ro\/lexikon\/termek\/farkas-albert-%c2%a7-borbereki-2\/","title":{"rendered":"FARKAS Albert, \u00a7 borbereki"},"content":{"rendered":"<p>Mv., 1887, \u2020\u00a0Mv., 1945. m\u00e1j. 20.: f\u00f6ldbirtokos. \u2013 F. Albert \u00e9s \u00c9ltet\u0151 Katalin fia. Testv\u00e9rei: Bal\u00e1zs, Istv\u00e1n (1889-?). \u2013 Sz\u00e1szr\u00e9genben f\u00f6ldbirtokos. T\u00e9nyleges katonai szolg\u00e1latra vonult be (1906). Joghallgat\u00f3k\u00e9nt r\u00e9szt vett az I. vh.-ban (1914\u201318), a 7. \u00e9s az 5. t\u0171z\u00e9rezredn\u00e9l szolg\u00e1lt az orosz fronton, r\u00e9szt vett a K\u00e1rp\u00e1tok nagy harcaiban, megsebes\u00fclt, az \u00f6sszeoml\u00e1s ut\u00e1n szerelt le hadnagyi rangban a K\u00e1roly Csapatkereszt kit\u00fcntet\u00e9ssel. <br \/><strong>Irod.:<\/strong> B\u00edr\u00f3 Don\u00e1t; Erd\u00e9lyi ezredek; Mv. \u00e9s a h\u00e1bor\u00fa 1.; Mv.-i zsid\u00f3 temet\u0151 registere<\/br><\/p>\n","protected":false},"excerpt":{"rendered":"<p>Mv., 1887, \u2020\u00a0Mv., 1945. m\u00e1j. 20.: f\u00f6ldbirtokos. \u2013 F. Albert \u00e9s \u00c9ltet\u0151 Katalin fia. Testv\u00e9rei: Bal\u00e1zs, Istv\u00e1n (1889-?). \u2013 Sz\u00e1szr\u00e9genben f\u00f6ldbirtokos. T\u00e9nyleges katonai szolg\u00e1latra vonult be (1906). Joghallgat\u00f3k\u00e9nt r\u00e9szt vett az I. vh.-ban (1914\u201318), a 7. \u00e9s az 5. t\u0171z\u00e9rezredn\u00e9l szolg\u00e1lt az orosz fronton, r\u00e9szt vett a K\u00e1rp\u00e1tok nagy harcaiban, megsebes\u00fclt, az \u00f6sszeoml\u00e1s ut\u00e1n szerelt [&hellip;]<\/p>\n","protected":false},"featured_media":0,"comment_status":"open","ping_status":"closed","template":"","meta":[],"product_brand":[],"product_cat":[137],"product_tag":[],"class_list":{"0":"post-7640","1":"product","2":"type-product","3":"status-publish","5":"product_cat-maros-megyei-eletrajzi-lexikon","7":"first","8":"instock","9":"shipping-taxable","10":"product-type-simple"},"_links":{"self":[{"href":"https:\/\/uj.adatbank.ro\/lexikon\/wp-json\/wp\/v2\/product\/7640","targetHints":{"allow":["GET"]}}],"collection":[{"href":"https:\/\/uj.adatbank.ro\/lexikon\/wp-json\/wp\/v2\/product"}],"about":[{"href":"https:\/\/uj.adatbank.ro\/lexikon\/wp-json\/wp\/v2\/types\/product"}],"replies":[{"embeddable":true,"href":"https:\/\/uj.adatbank.ro\/lexikon\/wp-json\/wp\/v2\/comments?post=7640"}],"wp:attachment":[{"href":"https:\/\/uj.adatbank.ro\/lexikon\/wp-json\/wp\/v2\/media?parent=7640"}],"wp:term":[{"taxonomy":"product_brand","embeddable":true,"href":"https:\/\/uj.adatbank.ro\/lexikon\/wp-json\/wp\/v2\/product_brand?post=7640"},{"taxonomy":"product_cat","embeddable":true,"href":"https:\/\/uj.adatbank.ro\/lexikon\/wp-json\/wp\/v2\/product_cat?post=7640"},{"taxonomy":"product_tag","embeddable":true,"href":"https:\/\/uj.adatbank.ro\/lexikon\/wp-json\/wp\/v2\/product_tag?post=7640"}],"curies":[{"name":"wp","href":"https:\/\/api.w.org\/{rel}","templated":true}]}}

<p>Mv., 1887, † Mv., 1945. máj. 20.: földbirtokos. – F. Albert és Éltető Katalin fia. Testvérei: Balázs, István (1889-?). – Szászrégenben földbirtokos. Tényleges katonai szolgálatra vonult be (1906). Joghallgatóként részt vett az I. vh.-ban (1914–18), a 7. és az 5. tűzérezrednél szolgált az orosz fronton, részt vett a Kárpátok nagy harcaiban, megsebesült, az összeomlás után szerelt le hadnagyi rangban a Károly Csapatkereszt kitüntetéssel. <br /><strong>Irod.:</strong> Bíró Donát; Erdélyi ezredek; Mv. és a háború 1.; Mv.-i zsidó temető registere</br></p>

<p>Mv., 1887, † Mv., 1945. máj. 20.: földbirtokos. – F. Albert és Éltető Katalin fia. Testvérei: Balázs, István (1889-?). – Szászrégenben földbirtokos. Tényleges katonai szolgálatra vonult be (1906). Joghallgatóként részt vett az I. vh.-ban (1914–18), a 7. és az 5. tűzérezrednél szolgált az orosz fronton, részt vett a Kárpátok nagy harcaiban, megsebesült, az összeomlás után szerelt [&hellip;]</p>
