{"id":7641,"date":"2025-06-29T09:58:57","date_gmt":"2025-06-29T07:58:57","guid":{"rendered":"https:\/\/uj.adatbank.ro\/lexikon\/termek\/farkas-alfred-bisztrai\/"},"modified":"2025-06-29T09:58:57","modified_gmt":"2025-06-29T07:58:57","slug":"farkas-alfred-bisztrai","status":"publish","type":"product","link":"https:\/\/uj.adatbank.ro\/lexikon\/termek\/farkas-alfred-bisztrai\/","title":{"rendered":"FARKAS Alfr\u00e9d, bisztrai"},"content":{"rendered":"<p>Mv., 1892. j\u00fal. 19, \u2020\u00a0?: bankigazgat\u00f3. \u2013 Apja szeszgy\u00e1ros. \u2013 B\u00e9csben v\u00e9gezte a K\u00f6zgazdas\u00e1gi \u00e9s Ker. Akad. -\u00e1t (1910\u201311). Nemesi rangot kapott (1910. okt. 5.). Dolgozott\u00a0Bp.-en az Angol-Osztr\u00e1k Bankn\u00e1l, a Gazdabank \u00fcgyvezet\u0151 igazgat\u00f3ja, a gyulafeh\u00e9rv\u00e1ri Agr\u00e1rbank igazgat\u00f3ja (1930\u2013). A ref. egyh\u00e1zmegye f\u0151gondnoka, \u00e9s t\u00f6bb helybeli egyes\u00fclet tagja. T\u00f6bb katonai kit\u00fcntet\u00e9se van. <br \/><strong>Irod.:<\/strong> Ki kicsoda\u00a0?; Szab\u00f3\u2013Simon\u2013Sz\u00f6gi; \u00dajv\u00e1ri<\/br><\/p>\n","protected":false},"excerpt":{"rendered":"<p>Mv., 1892. j\u00fal. 19, \u2020\u00a0?: bankigazgat\u00f3. \u2013 Apja szeszgy\u00e1ros. \u2013 B\u00e9csben v\u00e9gezte a K\u00f6zgazdas\u00e1gi \u00e9s Ker. Akad. -\u00e1t (1910\u201311). Nemesi rangot kapott (1910. okt. 5.). Dolgozott\u00a0Bp.-en az Angol-Osztr\u00e1k Bankn\u00e1l, a Gazdabank \u00fcgyvezet\u0151 igazgat\u00f3ja, a gyulafeh\u00e9rv\u00e1ri Agr\u00e1rbank igazgat\u00f3ja (1930\u2013). A ref. egyh\u00e1zmegye f\u0151gondnoka, \u00e9s t\u00f6bb helybeli egyes\u00fclet tagja. T\u00f6bb katonai kit\u00fcntet\u00e9se van. Irod.: Ki kicsoda\u00a0?; Szab\u00f3\u2013Simon\u2013Sz\u00f6gi; [&hellip;]<\/p>\n","protected":false},"featured_media":0,"comment_status":"open","ping_status":"closed","template":"","meta":[],"product_brand":[],"product_cat":[137],"product_tag":[],"class_list":{"0":"post-7641","1":"product","2":"type-product","3":"status-publish","5":"product_cat-maros-megyei-eletrajzi-lexikon","7":"first","8":"instock","9":"shipping-taxable","10":"product-type-simple"},"_links":{"self":[{"href":"https:\/\/uj.adatbank.ro\/lexikon\/wp-json\/wp\/v2\/product\/7641","targetHints":{"allow":["GET"]}}],"collection":[{"href":"https:\/\/uj.adatbank.ro\/lexikon\/wp-json\/wp\/v2\/product"}],"about":[{"href":"https:\/\/uj.adatbank.ro\/lexikon\/wp-json\/wp\/v2\/types\/product"}],"replies":[{"embeddable":true,"href":"https:\/\/uj.adatbank.ro\/lexikon\/wp-json\/wp\/v2\/comments?post=7641"}],"wp:attachment":[{"href":"https:\/\/uj.adatbank.ro\/lexikon\/wp-json\/wp\/v2\/media?parent=7641"}],"wp:term":[{"taxonomy":"product_brand","embeddable":true,"href":"https:\/\/uj.adatbank.ro\/lexikon\/wp-json\/wp\/v2\/product_brand?post=7641"},{"taxonomy":"product_cat","embeddable":true,"href":"https:\/\/uj.adatbank.ro\/lexikon\/wp-json\/wp\/v2\/product_cat?post=7641"},{"taxonomy":"product_tag","embeddable":true,"href":"https:\/\/uj.adatbank.ro\/lexikon\/wp-json\/wp\/v2\/product_tag?post=7641"}],"curies":[{"name":"wp","href":"https:\/\/api.w.org\/{rel}","templated":true}]}}

FARKAS Alfréd, bisztrai

<p>Mv., 1892. júl. 19, † ?: bankigazgató. – Apja szeszgyáros. – Bécsben végezte a Közgazdasági és Ker. Akad. -át (1910–11). Nemesi rangot kapott (1910. okt. 5.). Dolgozott Bp.-en az Angol-Osztrák Banknál, a Gazdabank ügyvezető igazgatója, a gyulafehérvári Agrárbank igazgatója (1930–). A ref. egyházmegye főgondnoka, és több helybeli egyesület tagja. Több katonai kitüntetése van. <br /><strong>Irod.:</strong> Ki kicsoda ?; Szabó–Simon–Szögi; Újvári</br></p>

<p>Mv., 1892. júl. 19, † ?: bankigazgató. – Apja szeszgyáros. – Bécsben végezte a Közgazdasági és Ker. Akad. -át (1910–11). Nemesi rangot kapott (1910. okt. 5.). Dolgozott Bp.-en az Angol-Osztrák Banknál, a Gazdabank ügyvezető igazgatója, a gyulafehérvári Agrárbank igazgatója (1930–). A ref. egyházmegye főgondnoka, és több helybeli egyesület tagja. Több katonai kitüntetése van. Irod.: Ki kicsoda ?; Szabó–Simon–Szögi; [&hellip;]</p>
