{"id":7645,"date":"2025-06-29T09:59:07","date_gmt":"2025-06-29T07:59:07","guid":{"rendered":"https:\/\/uj.adatbank.ro\/lexikon\/termek\/farkas-arpad\/"},"modified":"2025-06-29T09:59:07","modified_gmt":"2025-06-29T07:59:07","slug":"farkas-arpad","status":"publish","type":"product","link":"https:\/\/uj.adatbank.ro\/lexikon\/termek\/farkas-arpad\/","title":{"rendered":"FARKAS \u00c1rp\u00e1d"},"content":{"rendered":"<p>Marosgezse, 1919. dec. 30., \u2020\u00a0Mv., 1988. j\u00fal. 27.: ref. lelk\u00e9sz. \u2013 A nagyenyedi Ref. Koll.-ban \u00e9retts\u00e9gizett (1940). Helyettes igazgat\u00f3-tan\u00edt\u00f3 Mez\u0151\u00f6rm\u00e9nyesen (1941). Kv.-on teol\u00f3giai tanulm\u00e1nyokat folytatott (1943\u201346), k\u00f6zben a mv.-i \u00c1llami Tan\u00edt\u00f3k\u00e9pz\u0151 Int\u00e9zet helyettes tan\u00e1ra, majd lelk\u00e9szk\u00e9pes\u00edt\u0151 vizsg\u00e1t tett (1948). Meggyesfalv\u00e1n helyettes seg\u00e9dlelk\u00e9sz (1948\u2013). A mv.-i V\u00e1rtemplom m\u00e1sod-, ill. rendes lelk\u00e9sze (1961\u2013), betegnyugd\u00edjas (1971. okt. \u2013), a Marosi esperesi hivatalban egyh\u00e1zgondoz\u00f3i \u00e9s lev\u00e9lt\u00e1rosi feladatokat v\u00e9gzett, majd a Gy\u0171jt\u0151lev\u00e9lt\u00e1r alkalmazottja, titk\u00e1ri tiszts\u00e9get t\u00f6lt\u00f6tte be. (1973. jan. 1. \u2013 1977. dec. 31). <br \/><strong>Irod.:<\/strong> Berekm\u00e9ri \u00c1rp\u00e1d-R\u00f3bert: A Mv.-i Ref. Vid\u00e9ki Gy\u0171jt\u0151lev\u00e9lt\u00e1r 50 \u00e9ve (1961\u20132011) (Korunk, 8. sz., 2012); Cs\u00e1ky; Jak\u00f3 1976; [Nekrol\u00f3g](V. Z., 1988. j\u00fal. 29.)<\/br><\/p>\n","protected":false},"excerpt":{"rendered":"<p>Marosgezse, 1919. dec. 30., \u2020\u00a0Mv., 1988. j\u00fal. 27.: ref. lelk\u00e9sz. \u2013 A nagyenyedi Ref. Koll.-ban \u00e9retts\u00e9gizett (1940). Helyettes igazgat\u00f3-tan\u00edt\u00f3 Mez\u0151\u00f6rm\u00e9nyesen (1941). Kv.-on teol\u00f3giai tanulm\u00e1nyokat folytatott (1943\u201346), k\u00f6zben a mv.-i \u00c1llami Tan\u00edt\u00f3k\u00e9pz\u0151 Int\u00e9zet helyettes tan\u00e1ra, majd lelk\u00e9szk\u00e9pes\u00edt\u0151 vizsg\u00e1t tett (1948). Meggyesfalv\u00e1n helyettes seg\u00e9dlelk\u00e9sz (1948\u2013). A mv.-i V\u00e1rtemplom m\u00e1sod-, ill. rendes lelk\u00e9sze (1961\u2013), betegnyugd\u00edjas (1971. okt. \u2013), [&hellip;]<\/p>\n","protected":false},"featured_media":0,"comment_status":"open","ping_status":"closed","template":"","meta":[],"product_brand":[],"product_cat":[137],"product_tag":[],"class_list":{"0":"post-7645","1":"product","2":"type-product","3":"status-publish","5":"product_cat-maros-megyei-eletrajzi-lexikon","7":"first","8":"instock","9":"shipping-taxable","10":"product-type-simple"},"_links":{"self":[{"href":"https:\/\/uj.adatbank.ro\/lexikon\/wp-json\/wp\/v2\/product\/7645","targetHints":{"allow":["GET"]}}],"collection":[{"href":"https:\/\/uj.adatbank.ro\/lexikon\/wp-json\/wp\/v2\/product"}],"about":[{"href":"https:\/\/uj.adatbank.ro\/lexikon\/wp-json\/wp\/v2\/types\/product"}],"replies":[{"embeddable":true,"href":"https:\/\/uj.adatbank.ro\/lexikon\/wp-json\/wp\/v2\/comments?post=7645"}],"wp:attachment":[{"href":"https:\/\/uj.adatbank.ro\/lexikon\/wp-json\/wp\/v2\/media?parent=7645"}],"wp:term":[{"taxonomy":"product_brand","embeddable":true,"href":"https:\/\/uj.adatbank.ro\/lexikon\/wp-json\/wp\/v2\/product_brand?post=7645"},{"taxonomy":"product_cat","embeddable":true,"href":"https:\/\/uj.adatbank.ro\/lexikon\/wp-json\/wp\/v2\/product_cat?post=7645"},{"taxonomy":"product_tag","embeddable":true,"href":"https:\/\/uj.adatbank.ro\/lexikon\/wp-json\/wp\/v2\/product_tag?post=7645"}],"curies":[{"name":"wp","href":"https:\/\/api.w.org\/{rel}","templated":true}]}}

FARKAS Árpád

<p>Marosgezse, 1919. dec. 30., † Mv., 1988. júl. 27.: ref. lelkész. – A nagyenyedi Ref. Koll.-ban érettségizett (1940). Helyettes igazgató-tanító Mezőörményesen (1941). Kv.-on teológiai tanulmányokat folytatott (1943–46), közben a mv.-i Állami Tanítóképző Intézet helyettes tanára, majd lelkészképesítő vizsgát tett (1948). Meggyesfalván helyettes segédlelkész (1948–). A mv.-i Vártemplom másod-, ill. rendes lelkésze (1961–), betegnyugdíjas (1971. okt. –), a Marosi esperesi hivatalban egyházgondozói és levéltárosi feladatokat végzett, majd a Gyűjtőlevéltár alkalmazottja, titkári tisztséget töltötte be. (1973. jan. 1. – 1977. dec. 31). <br /><strong>Irod.:</strong> Berekméri Árpád-Róbert: A Mv.-i Ref. Vidéki Gyűjtőlevéltár 50 éve (1961–2011) (Korunk, 8. sz., 2012); Csáky; Jakó 1976; [Nekrológ](V. Z., 1988. júl. 29.)</br></p>

<p>Marosgezse, 1919. dec. 30., † Mv., 1988. júl. 27.: ref. lelkész. – A nagyenyedi Ref. Koll.-ban érettségizett (1940). Helyettes igazgató-tanító Mezőörményesen (1941). Kv.-on teológiai tanulmányokat folytatott (1943–46), közben a mv.-i Állami Tanítóképző Intézet helyettes tanára, majd lelkészképesítő vizsgát tett (1948). Meggyesfalván helyettes segédlelkész (1948–). A mv.-i Vártemplom másod-, ill. rendes lelkésze (1961–), betegnyugdíjas (1971. okt. –), [&hellip;]</p>
