{"id":7650,"date":"2025-06-29T09:59:16","date_gmt":"2025-06-29T07:59:16","guid":{"rendered":"https:\/\/uj.adatbank.ro\/lexikon\/termek\/farkas-borbala-desi-gergelyne\/"},"modified":"2025-06-29T09:59:16","modified_gmt":"2025-06-29T07:59:16","slug":"farkas-borbala-desi-gergelyne","status":"publish","type":"product","link":"https:\/\/uj.adatbank.ro\/lexikon\/termek\/farkas-borbala-desi-gergelyne\/","title":{"rendered":"FARKAS Borb\u00e1la, D\u00e9si Gergelyn\u00e9"},"content":{"rendered":"<p>? \u2020 Mv., 1752. \u00e1pr. 28.: b\u00e1basszony. \u2013 A legh\u00edresebb mv.-i boszork\u00e1ny\u2013per \u00e1ldozata. Boszork\u00e1nys\u00e1g v\u00e1dj\u00e1val lefogt\u00e1k (1752. \u00e1pr. 12). Ellene Szab\u00f3 Nagy Istv\u00e1n, Czike L\u00e1szl\u00f3 \u00e9s Borb\u00e9ly J\u00f3zsef tan\u00e1csosok v\u00e1dat emeltek. A v\u00e1dl\u00f3 a v\u00e1ros directora B\u00e1nyai Sz\u00e9kely Gy\u00f6rgy. A t\u00e1rgyal\u00e1sok sor\u00e1n 104 tanut halgattak meg, akik k\u00f6z\u00fcl 78 terhel\u0151 vallom\u00e1st tett a v\u00e1dlott ellen, v\u00edzpr\u00f3b\u00e1nak is al\u00e1vetett\u00e9k, b\u0171n\u00f6snek tal\u00e1lt\u00e1k \u00e9s el\u00e9gett\u00e9k a Maros \u00e1rka mellett, a val\u00f3j\u00e1ban \u00e1rtatlan \u00f6zvegyasszonyt. Ez volt az utols\u00f3 el\u0151tti boszork\u00e1ny\u00e9get\u00e9s Mv.-en. Fennmaradt a per anyaga. <br \/><strong>Irod.:<\/strong> Id\u0151t\u00e1r 1; Marossz\u00e9ki f\u00fczetek (Mv., 1936); P\u00e1l-Antal S\u00e1ndor: Boszork\u00e1nyok Marossz\u00e9ken (N\u00fa., 1997. dec. 31.), P\u00e1l-Antal 2009; P\u00e1l Antal S\u00e1ndor: K\u00f6zeg\u00e9szs\u00e9g\u00fcgy \u00e9s szoci\u00e1lis gondoskod\u00e1s a 18\u201319. sz\u00e1zadi Mv.-en (N\u00fa., Sz\u00ednes Vil\u00e1g, 2010. m\u00e1j. 22.)<\/br><\/p>\n","protected":false},"excerpt":{"rendered":"<p>? \u2020 Mv., 1752. \u00e1pr. 28.: b\u00e1basszony. \u2013 A legh\u00edresebb mv.-i boszork\u00e1ny\u2013per \u00e1ldozata. Boszork\u00e1nys\u00e1g v\u00e1dj\u00e1val lefogt\u00e1k (1752. \u00e1pr. 12). Ellene Szab\u00f3 Nagy Istv\u00e1n, Czike L\u00e1szl\u00f3 \u00e9s Borb\u00e9ly J\u00f3zsef tan\u00e1csosok v\u00e1dat emeltek. A v\u00e1dl\u00f3 a v\u00e1ros directora B\u00e1nyai Sz\u00e9kely Gy\u00f6rgy. A t\u00e1rgyal\u00e1sok sor\u00e1n 104 tanut halgattak meg, akik k\u00f6z\u00fcl 78 terhel\u0151 vallom\u00e1st tett a v\u00e1dlott ellen, [&hellip;]<\/p>\n","protected":false},"featured_media":0,"comment_status":"open","ping_status":"closed","template":"","meta":[],"product_brand":[],"product_cat":[137],"product_tag":[],"class_list":{"0":"post-7650","1":"product","2":"type-product","3":"status-publish","5":"product_cat-maros-megyei-eletrajzi-lexikon","7":"first","8":"instock","9":"shipping-taxable","10":"product-type-simple"},"_links":{"self":[{"href":"https:\/\/uj.adatbank.ro\/lexikon\/wp-json\/wp\/v2\/product\/7650","targetHints":{"allow":["GET"]}}],"collection":[{"href":"https:\/\/uj.adatbank.ro\/lexikon\/wp-json\/wp\/v2\/product"}],"about":[{"href":"https:\/\/uj.adatbank.ro\/lexikon\/wp-json\/wp\/v2\/types\/product"}],"replies":[{"embeddable":true,"href":"https:\/\/uj.adatbank.ro\/lexikon\/wp-json\/wp\/v2\/comments?post=7650"}],"wp:attachment":[{"href":"https:\/\/uj.adatbank.ro\/lexikon\/wp-json\/wp\/v2\/media?parent=7650"}],"wp:term":[{"taxonomy":"product_brand","embeddable":true,"href":"https:\/\/uj.adatbank.ro\/lexikon\/wp-json\/wp\/v2\/product_brand?post=7650"},{"taxonomy":"product_cat","embeddable":true,"href":"https:\/\/uj.adatbank.ro\/lexikon\/wp-json\/wp\/v2\/product_cat?post=7650"},{"taxonomy":"product_tag","embeddable":true,"href":"https:\/\/uj.adatbank.ro\/lexikon\/wp-json\/wp\/v2\/product_tag?post=7650"}],"curies":[{"name":"wp","href":"https:\/\/api.w.org\/{rel}","templated":true}]}}

FARKAS Borbála, Dési Gergelyné

<p>? † Mv., 1752. ápr. 28.: bábasszony. – A leghíresebb mv.-i boszorkány–per áldozata. Boszorkányság vádjával lefogták (1752. ápr. 12). Ellene Szabó Nagy István, Czike László és Borbély József tanácsosok vádat emeltek. A vádló a város directora Bányai Székely György. A tárgyalások során 104 tanut halgattak meg, akik közül 78 terhelő vallomást tett a vádlott ellen, vízpróbának is alávetették, bűnösnek találták és elégették a Maros árka mellett, a valójában ártatlan özvegyasszonyt. Ez volt az utolsó előtti boszorkányégetés Mv.-en. Fennmaradt a per anyaga. <br /><strong>Irod.:</strong> Időtár 1; Marosszéki füzetek (Mv., 1936); Pál-Antal Sándor: Boszorkányok Marosszéken (Nú., 1997. dec. 31.), Pál-Antal 2009; Pál Antal Sándor: Közegészségügy és szociális gondoskodás a 18–19. századi Mv.-en (Nú., Színes Világ, 2010. máj. 22.)</br></p>

<p>? † Mv., 1752. ápr. 28.: bábasszony. – A leghíresebb mv.-i boszorkány–per áldozata. Boszorkányság vádjával lefogták (1752. ápr. 12). Ellene Szabó Nagy István, Czike László és Borbély József tanácsosok vádat emeltek. A vádló a város directora Bányai Székely György. A tárgyalások során 104 tanut halgattak meg, akik közül 78 terhelő vallomást tett a vádlott ellen, [&hellip;]</p>
