{"id":7651,"date":"2025-06-29T09:59:18","date_gmt":"2025-06-29T07:59:18","guid":{"rendered":"https:\/\/uj.adatbank.ro\/lexikon\/termek\/farkas-daniel-gyulafehervari\/"},"modified":"2025-06-29T09:59:18","modified_gmt":"2025-06-29T07:59:18","slug":"farkas-daniel-gyulafehervari","status":"publish","type":"product","link":"https:\/\/uj.adatbank.ro\/lexikon\/termek\/farkas-daniel-gyulafehervari\/","title":{"rendered":"FARKAS D\u00e1niel, gyulafeh\u00e9rv\u00e1ri"},"content":{"rendered":"<p>Spring, a 19. sz. elej\u00e9n., \u2020 Nagyenyed, 1849. jan.: kir. t\u00e1blai jegyz\u0151. \u2013 Nagyenyeden tanult. Kir. t\u00e1blai jegyz\u0151 Mv.-en. Als\u00f3-Feh\u00e9rmegye aljegyz\u0151je (1847\u2013). Az erd\u00e9lyi f\u0151korm\u00e1nysz\u00e9kt\u0151l Enyedi G\u00fan\u00e1r c. alatt Nagyenyeden kiadand\u00f3 lap megind\u00edt\u00e1s\u00e1nak enged\u00e9ly\u00e9t k\u00e9rte, de nem kapta. A kv.-i M\u00falt \u00e9s Jelen k\u00f6z\u00f6lte k\u00f6ltem\u00e9nyeit \u00e9s cikkeit. \u2013 <strong>F. m.:<\/strong> N\u00e9pszer\u0171 er\u00e9nytan, vagy erk\u00f6lcsi sz\u00f6v\u00e9tnek honi n\u00f6vend\u00e9kek sz\u00e1m\u00e1ra (Nagyenyed, 1840); Felelt Hunfalvy P\u00e1lnak a N\u00e9pszer\u0171 er\u00e9nytan 54. sz\u00e1m\u00fa Atheneumban megjelen. b\u00edr\u00e1lat\u00e1ra (Nagyenyed, 1841); N\u0151k\u00e9pz\u0151 k\u00e9t k\u00f6nyvben (Nagyenyed, 1845); A n\u00f6vend\u00e9k n\u0151nem olvas\u00f3k\u00f6nyve: Er\u00e9nytan. Term\u00e9szettan. T\u00f6rt\u00e9nelem (Nagyenyed, ?); Utaz\u00e1s Enyedr\u0151l Springre (Nagyenyed, ?). <br \/><strong>Irod.:<\/strong> Szinnyei<\/br><\/p>\n","protected":false},"excerpt":{"rendered":"<p>Spring, a 19. sz. elej\u00e9n., \u2020 Nagyenyed, 1849. jan.: kir. t\u00e1blai jegyz\u0151. \u2013 Nagyenyeden tanult. Kir. t\u00e1blai jegyz\u0151 Mv.-en. Als\u00f3-Feh\u00e9rmegye aljegyz\u0151je (1847\u2013). Az erd\u00e9lyi f\u0151korm\u00e1nysz\u00e9kt\u0151l Enyedi G\u00fan\u00e1r c. alatt Nagyenyeden kiadand\u00f3 lap megind\u00edt\u00e1s\u00e1nak enged\u00e9ly\u00e9t k\u00e9rte, de nem kapta. A kv.-i M\u00falt \u00e9s Jelen k\u00f6z\u00f6lte k\u00f6ltem\u00e9nyeit \u00e9s cikkeit. \u2013 F. m.: N\u00e9pszer\u0171 er\u00e9nytan, vagy erk\u00f6lcsi sz\u00f6v\u00e9tnek [&hellip;]<\/p>\n","protected":false},"featured_media":0,"comment_status":"open","ping_status":"closed","template":"","meta":[],"product_brand":[],"product_cat":[137],"product_tag":[],"class_list":{"0":"post-7651","1":"product","2":"type-product","3":"status-publish","5":"product_cat-maros-megyei-eletrajzi-lexikon","7":"first","8":"instock","9":"shipping-taxable","10":"product-type-simple"},"_links":{"self":[{"href":"https:\/\/uj.adatbank.ro\/lexikon\/wp-json\/wp\/v2\/product\/7651","targetHints":{"allow":["GET"]}}],"collection":[{"href":"https:\/\/uj.adatbank.ro\/lexikon\/wp-json\/wp\/v2\/product"}],"about":[{"href":"https:\/\/uj.adatbank.ro\/lexikon\/wp-json\/wp\/v2\/types\/product"}],"replies":[{"embeddable":true,"href":"https:\/\/uj.adatbank.ro\/lexikon\/wp-json\/wp\/v2\/comments?post=7651"}],"wp:attachment":[{"href":"https:\/\/uj.adatbank.ro\/lexikon\/wp-json\/wp\/v2\/media?parent=7651"}],"wp:term":[{"taxonomy":"product_brand","embeddable":true,"href":"https:\/\/uj.adatbank.ro\/lexikon\/wp-json\/wp\/v2\/product_brand?post=7651"},{"taxonomy":"product_cat","embeddable":true,"href":"https:\/\/uj.adatbank.ro\/lexikon\/wp-json\/wp\/v2\/product_cat?post=7651"},{"taxonomy":"product_tag","embeddable":true,"href":"https:\/\/uj.adatbank.ro\/lexikon\/wp-json\/wp\/v2\/product_tag?post=7651"}],"curies":[{"name":"wp","href":"https:\/\/api.w.org\/{rel}","templated":true}]}}

FARKAS Dániel, gyulafehérvári

<p>Spring, a 19. sz. elején., † Nagyenyed, 1849. jan.: kir. táblai jegyző. – Nagyenyeden tanult. Kir. táblai jegyző Mv.-en. Alsó-Fehérmegye aljegyzője (1847–). Az erdélyi főkormányszéktől Enyedi Gúnár c. alatt Nagyenyeden kiadandó lap megindításának engedélyét kérte, de nem kapta. A kv.-i Múlt és Jelen közölte költeményeit és cikkeit. – <strong>F. m.:</strong> Népszerű erénytan, vagy erkölcsi szövétnek honi növendékek számára (Nagyenyed, 1840); Felelt Hunfalvy Pálnak a Népszerű erénytan 54. számú Atheneumban megjelen. bírálatára (Nagyenyed, 1841); Nőképző két könyvben (Nagyenyed, 1845); A növendék nőnem olvasókönyve: Erénytan. Természettan. Történelem (Nagyenyed, ?); Utazás Enyedről Springre (Nagyenyed, ?). <br /><strong>Irod.:</strong> Szinnyei</br></p>

<p>Spring, a 19. sz. elején., † Nagyenyed, 1849. jan.: kir. táblai jegyző. – Nagyenyeden tanult. Kir. táblai jegyző Mv.-en. Alsó-Fehérmegye aljegyzője (1847–). Az erdélyi főkormányszéktől Enyedi Gúnár c. alatt Nagyenyeden kiadandó lap megindításának engedélyét kérte, de nem kapta. A kv.-i Múlt és Jelen közölte költeményeit és cikkeit. – F. m.: Népszerű erénytan, vagy erkölcsi szövétnek [&hellip;]</p>
