{"id":7653,"date":"2025-06-29T09:59:21","date_gmt":"2025-06-29T07:59:21","guid":{"rendered":"https:\/\/uj.adatbank.ro\/lexikon\/termek\/farkas-david-%c2%a7\/"},"modified":"2025-06-29T09:59:21","modified_gmt":"2025-06-29T07:59:21","slug":"farkas-david-%c2%a7","status":"publish","type":"product","link":"https:\/\/uj.adatbank.ro\/lexikon\/termek\/farkas-david-%c2%a7\/","title":{"rendered":"FARKAS D\u00e1vid, \u00a7"},"content":{"rendered":"<p>Sz\u00e1szr\u00e9gen, 1896., \u2020\u00a0? : orvos sz\u00fcl\u00e9sz n\u0151gy\u00f3gy\u00e1sz. \u2013 Apja keresked\u0151 volt. \u2013 Az egyetemet Kv.-on v\u00e9gezte, ott doktor\u00e1lt (1921). Eleinte a kv.-i sz\u00fcl\u00e9szeti klinik\u00e1n m\u0171k\u00f6d\u00f6tt, majd Berlinben a Charit\u00e9 n\u0151gy\u00f3gy\u00e1szati \u00e9s sz\u00fcl\u00e9szeti klinik\u00e1n dolgozott. Mv. -re ker\u00fclt mint gyakorl\u00f3 orvos (1923), majd az \u00e1llami k\u00f3rh\u00e1z seb\u00e9szeti oszt\u00e1ly\u00e1nak orvosa. R\u00e9szt vett a zsid\u00f3 egyetemi hallgat\u00f3k vezet\u0151s\u00e9g\u00e9ben \u00e9s a zsid\u00f3 menza megalap\u00edt\u00e1s\u00e1ban. <br \/><strong>Irod.:<\/strong> Almanah Tg. M.; Ki kicsoda\u00a0?<\/br><\/p>\n","protected":false},"excerpt":{"rendered":"<p>Sz\u00e1szr\u00e9gen, 1896., \u2020\u00a0? : orvos sz\u00fcl\u00e9sz n\u0151gy\u00f3gy\u00e1sz. \u2013 Apja keresked\u0151 volt. \u2013 Az egyetemet Kv.-on v\u00e9gezte, ott doktor\u00e1lt (1921). Eleinte a kv.-i sz\u00fcl\u00e9szeti klinik\u00e1n m\u0171k\u00f6d\u00f6tt, majd Berlinben a Charit\u00e9 n\u0151gy\u00f3gy\u00e1szati \u00e9s sz\u00fcl\u00e9szeti klinik\u00e1n dolgozott. Mv. -re ker\u00fclt mint gyakorl\u00f3 orvos (1923), majd az \u00e1llami k\u00f3rh\u00e1z seb\u00e9szeti oszt\u00e1ly\u00e1nak orvosa. R\u00e9szt vett a zsid\u00f3 egyetemi hallgat\u00f3k vezet\u0151s\u00e9g\u00e9ben [&hellip;]<\/p>\n","protected":false},"featured_media":0,"comment_status":"open","ping_status":"closed","template":"","meta":[],"product_brand":[],"product_cat":[137],"product_tag":[],"class_list":{"0":"post-7653","1":"product","2":"type-product","3":"status-publish","5":"product_cat-maros-megyei-eletrajzi-lexikon","7":"first","8":"instock","9":"shipping-taxable","10":"product-type-simple"},"_links":{"self":[{"href":"https:\/\/uj.adatbank.ro\/lexikon\/wp-json\/wp\/v2\/product\/7653","targetHints":{"allow":["GET"]}}],"collection":[{"href":"https:\/\/uj.adatbank.ro\/lexikon\/wp-json\/wp\/v2\/product"}],"about":[{"href":"https:\/\/uj.adatbank.ro\/lexikon\/wp-json\/wp\/v2\/types\/product"}],"replies":[{"embeddable":true,"href":"https:\/\/uj.adatbank.ro\/lexikon\/wp-json\/wp\/v2\/comments?post=7653"}],"wp:attachment":[{"href":"https:\/\/uj.adatbank.ro\/lexikon\/wp-json\/wp\/v2\/media?parent=7653"}],"wp:term":[{"taxonomy":"product_brand","embeddable":true,"href":"https:\/\/uj.adatbank.ro\/lexikon\/wp-json\/wp\/v2\/product_brand?post=7653"},{"taxonomy":"product_cat","embeddable":true,"href":"https:\/\/uj.adatbank.ro\/lexikon\/wp-json\/wp\/v2\/product_cat?post=7653"},{"taxonomy":"product_tag","embeddable":true,"href":"https:\/\/uj.adatbank.ro\/lexikon\/wp-json\/wp\/v2\/product_tag?post=7653"}],"curies":[{"name":"wp","href":"https:\/\/api.w.org\/{rel}","templated":true}]}}

FARKAS Dávid, §

<p>Szászrégen, 1896., † ? : orvos szülész nőgyógyász. – Apja kereskedő volt. – Az egyetemet Kv.-on végezte, ott doktorált (1921). Eleinte a kv.-i szülészeti klinikán működött, majd Berlinben a Charité nőgyógyászati és szülészeti klinikán dolgozott. Mv. -re került mint gyakorló orvos (1923), majd az állami kórház sebészeti osztályának orvosa. Részt vett a zsidó egyetemi hallgatók vezetőségében és a zsidó menza megalapításában. <br /><strong>Irod.:</strong> Almanah Tg. M.; Ki kicsoda ?</br></p>

<p>Szászrégen, 1896., † ? : orvos szülész nőgyógyász. – Apja kereskedő volt. – Az egyetemet Kv.-on végezte, ott doktorált (1921). Eleinte a kv.-i szülészeti klinikán működött, majd Berlinben a Charité nőgyógyászati és szülészeti klinikán dolgozott. Mv. -re került mint gyakorló orvos (1923), majd az állami kórház sebészeti osztályának orvosa. Részt vett a zsidó egyetemi hallgatók vezetőségében [&hellip;]</p>
