{"id":7666,"date":"2025-06-29T09:59:45","date_gmt":"2025-06-29T07:59:45","guid":{"rendered":"https:\/\/uj.adatbank.ro\/lexikon\/termek\/farkas-ferenc-bisztrai-1910\/"},"modified":"2025-06-29T09:59:45","modified_gmt":"2025-06-29T07:59:45","slug":"farkas-ferenc-bisztrai-1910","status":"publish","type":"product","link":"https:\/\/uj.adatbank.ro\/lexikon\/termek\/farkas-ferenc-bisztrai-1910\/","title":{"rendered":"FARKAS Ferenc, bisztrai (1910\u2013)"},"content":{"rendered":"<p>Mv., 1903. nov. 4., \u2020 Bp., 1966. jan. 22.: szak\u00edr\u00f3, politikus, k\u00f6nyv \u00e9s lapkiad\u00f3, k\u00f6zgazd\u00e1sz. \u2013 A bp.-i m\u00fcegy. k\u00f6zgazdas\u00e1g-tud. szak\u00e1n tanult (1921\u2013), de tanulm\u00e1nyait abbahagyta (1925\u2013). A Cseh L\u00e9gi\u00f3 Bank b\u00e9csi fi\u00f3kint\u00e9zet\u00e9nek tisztvisel\u0151je (1925\u201327). A bp.-i egyetemen m\u0171v\u00e9szett\u00f6rt\u00e9netet hallgatott (1927\u201329). A B\u00edr\u00f3 K\u00f6nyvkiad\u00f3 szerk.-je (1929\u201338), az Ars Hungarica \u00e9s a M. Grafi\u00adka c. m\u0171v\u00e9szeti sorozatok kiad\u00f3ja (1932\u201338). Egyik alap\u00edt\u00f3ja a M\u00e1rciusi Frontnak \u00e9s a Nemzeti Parasztp\u00e1rtnak (1939); tagja a sajt\u00f3kamar\u00e1nak mint a Szabad Sz\u00f3 kiad\u00f3ja \u00e9s szerk.-je (1943); nemzetgy\u0171l\u00e9si k\u00e9pvisel\u0151 (1945) \u00e9s az Orsz. Munkab\u00e9rmeg\u00e1llap\u00edt\u00f3 Bizotts\u00e1g eln\u00f6ke, valamint az Orsz\u00e1gos F\u00f6ldhitel Int\u00e9zet eln\u00f6k vez\u00e9rigazgt\u00f3ja, az Orsz. Sz\u00f6vetkezeti Hitelint\u00e9zet eln\u00f6ke (1947\u2013). A M. M\u0171v\u00e9szeti Tan\u00e1cs f\u0151titk\u00e1ra (1945\u2013), kiad\u00f3ja az Ily\u00e9s Gyula szerkeszt\u00e9s\u00e9ben \u00fajb\u00f3l indult V\u00e1lasz c. foly\u00f3iratnak (1946\u201347). Az OTP-n bel\u00fcl m\u0171k\u00f6d\u0151 Pedag\u00f3gusok \u00e9s Tanul\u00f3k Takar\u00e9kp\u00e9nzt\u00e1r\u00e1nak a vezet\u0151je (1953\u201356). Nagy Imre koal\u00edci\u00f3s korm\u00e1\u00adny\u00e1ban \u00e1llamminiszter (1956. nov. 2\u20134.). A z OTP dolgoz\u00f3ja nyugd\u00edjaz\u00e1s\u00e1ig (1957\u201358). \u2013 <strong>F. m.:<\/strong> <strong>szerk.:<\/strong> Adass\u00e9k a lev\u00e9l. (Bp., 1938). <br \/><strong>Irod.:<\/strong> Guly\u00e1s; M\u00c9L; MNL; R\u00daL; \u00daM\u00c9L<\/br><\/p>\n","protected":false},"excerpt":{"rendered":"<p>Mv., 1903. nov. 4., \u2020 Bp., 1966. jan. 22.: szak\u00edr\u00f3, politikus, k\u00f6nyv \u00e9s lapkiad\u00f3, k\u00f6zgazd\u00e1sz. \u2013 A bp.-i m\u00fcegy. k\u00f6zgazdas\u00e1g-tud. szak\u00e1n tanult (1921\u2013), de tanulm\u00e1nyait abbahagyta (1925\u2013). A Cseh L\u00e9gi\u00f3 Bank b\u00e9csi fi\u00f3kint\u00e9zet\u00e9nek tisztvisel\u0151je (1925\u201327). A bp.-i egyetemen m\u0171v\u00e9szett\u00f6rt\u00e9netet hallgatott (1927\u201329). A B\u00edr\u00f3 K\u00f6nyvkiad\u00f3 szerk.-je (1929\u201338), az Ars Hungarica \u00e9s a M. Grafi\u00adka c. m\u0171v\u00e9szeti [&hellip;]<\/p>\n","protected":false},"featured_media":0,"comment_status":"open","ping_status":"closed","template":"","meta":[],"product_brand":[],"product_cat":[137],"product_tag":[],"class_list":{"0":"post-7666","1":"product","2":"type-product","3":"status-publish","5":"product_cat-maros-megyei-eletrajzi-lexikon","7":"first","8":"instock","9":"shipping-taxable","10":"product-type-simple"},"_links":{"self":[{"href":"https:\/\/uj.adatbank.ro\/lexikon\/wp-json\/wp\/v2\/product\/7666","targetHints":{"allow":["GET"]}}],"collection":[{"href":"https:\/\/uj.adatbank.ro\/lexikon\/wp-json\/wp\/v2\/product"}],"about":[{"href":"https:\/\/uj.adatbank.ro\/lexikon\/wp-json\/wp\/v2\/types\/product"}],"replies":[{"embeddable":true,"href":"https:\/\/uj.adatbank.ro\/lexikon\/wp-json\/wp\/v2\/comments?post=7666"}],"wp:attachment":[{"href":"https:\/\/uj.adatbank.ro\/lexikon\/wp-json\/wp\/v2\/media?parent=7666"}],"wp:term":[{"taxonomy":"product_brand","embeddable":true,"href":"https:\/\/uj.adatbank.ro\/lexikon\/wp-json\/wp\/v2\/product_brand?post=7666"},{"taxonomy":"product_cat","embeddable":true,"href":"https:\/\/uj.adatbank.ro\/lexikon\/wp-json\/wp\/v2\/product_cat?post=7666"},{"taxonomy":"product_tag","embeddable":true,"href":"https:\/\/uj.adatbank.ro\/lexikon\/wp-json\/wp\/v2\/product_tag?post=7666"}],"curies":[{"name":"wp","href":"https:\/\/api.w.org\/{rel}","templated":true}]}}

<p>Mv., 1903. nov. 4., † Bp., 1966. jan. 22.: szakíró, politikus, könyv és lapkiadó, közgazdász. – A bp.-i müegy. közgazdaság-tud. szakán tanult (1921–), de tanulmányait abbahagyta (1925–). A Cseh Légió Bank bécsi fiókintézetének tisztviselője (1925–27). A bp.-i egyetemen művészettörténetet hallgatott (1927–29). A Bíró Könyvkiadó szerk.-je (1929–38), az Ars Hungarica és a M. Grafi­ka c. művészeti sorozatok kiadója (1932–38). Egyik alapítója a Márciusi Frontnak és a Nemzeti Parasztpártnak (1939); tagja a sajtókamarának mint a Szabad Szó kiadója és szerk.-je (1943); nemzetgyűlési képviselő (1945) és az Orsz. Munkabérmegállapító Bizottság elnöke, valamint az Országos Földhitel Intézet elnök vezérigazgtója, az Orsz. Szövetkezeti Hitelintézet elnöke (1947–). A M. Művészeti Tanács főtitkára (1945–), kiadója az Ilyés Gyula szerkesztésében újból indult Válasz c. folyóiratnak (1946–47). Az OTP-n belül működő Pedagógusok és Tanulók Takarékpénztárának a vezetője (1953–56). Nagy Imre koalíciós kormá­nyában államminiszter (1956. nov. 2–4.). A z OTP dolgozója nyugdíjazásáig (1957–58). – <strong>F. m.:</strong> <strong>szerk.:</strong> Adassék a levél. (Bp., 1938). <br /><strong>Irod.:</strong> Gulyás; MÉL; MNL; RÚL; ÚMÉL</br></p>

<p>Mv., 1903. nov. 4., † Bp., 1966. jan. 22.: szakíró, politikus, könyv és lapkiadó, közgazdász. – A bp.-i müegy. közgazdaság-tud. szakán tanult (1921–), de tanulmányait abbahagyta (1925–). A Cseh Légió Bank bécsi fiókintézetének tisztviselője (1925–27). A bp.-i egyetemen művészettörténetet hallgatott (1927–29). A Bíró Könyvkiadó szerk.-je (1929–38), az Ars Hungarica és a M. Grafi­ka c. művészeti [&hellip;]</p>
