{"id":7673,"date":"2025-06-29T10:00:01","date_gmt":"2025-06-29T08:00:01","guid":{"rendered":"https:\/\/uj.adatbank.ro\/lexikon\/termek\/farkas-gyula\/"},"modified":"2025-06-29T10:00:01","modified_gmt":"2025-06-29T08:00:01","slug":"farkas-gyula","status":"publish","type":"product","link":"https:\/\/uj.adatbank.ro\/lexikon\/termek\/farkas-gyula\/","title":{"rendered":"FARKAS Gyula"},"content":{"rendered":"<p>G\u00f6rg\u00e9ny\u00fcvegcs\u0171r, 1895., \u2020\u00a0Sz\u00e1szr\u00e9gen, ?: k\u0151m\u0171ves, sportol\u00f3. \u2013 Sz\u00e1szr\u00e9genben v\u00e9gezte a sz\u00e1sz gimn. -ot, m\u00e1r ekkor megszerette a sportot: gyalogolt, teniszezett, atl\u00e9tiz\u00e1lt, \u00faszott, k\u00e9zilabd\u00e1zott, korcsoly\u00e1zott, s\u00edzett. Tartal\u00e9kos \u0151rmester, m. kir. 12. t\u00e1bori \u00e1gy\u00fasezredben. <strong>Kit\u00fcntet\u00e9sei:<\/strong> O1, O2, OB, Kcsk, MHE\u00c9, 1912\u20131913. \u00e9vi Eml\u00e9kkereszt, BHE\u00c9., Vit\u00e9zs\u00e9gi avat\u00e1s 1941. dec. 7. Majd Mv.-en \u00e9lt, kosarazott. A sz\u00e1szr\u00e9geni sport\u00e9let szervez\u0151je (1944 ut\u00e1n): kos\u00e1rlabdacsapatot, j\u00e9gkorongcsapatot, teniszcsapatot szervezett. Tizenhatszoros teniszbajnok, t\u00edz plusz egyes kenus. Futball- \u00e9s k\u00e9zilabdab\u00edr\u00f3 hossz\u00fa \u00e9veken \u00e1t. <br \/><strong>Irod.:<\/strong> Berekm\u00e9ri\u2013Nemes; R\u00e9thy Istv\u00e1n: Sportgener\u00e1lis (V. Z., 1983. aug. 5.)<\/br><\/p>\n","protected":false},"excerpt":{"rendered":"<p>G\u00f6rg\u00e9ny\u00fcvegcs\u0171r, 1895., \u2020\u00a0Sz\u00e1szr\u00e9gen, ?: k\u0151m\u0171ves, sportol\u00f3. \u2013 Sz\u00e1szr\u00e9genben v\u00e9gezte a sz\u00e1sz gimn. -ot, m\u00e1r ekkor megszerette a sportot: gyalogolt, teniszezett, atl\u00e9tiz\u00e1lt, \u00faszott, k\u00e9zilabd\u00e1zott, korcsoly\u00e1zott, s\u00edzett. Tartal\u00e9kos \u0151rmester, m. kir. 12. t\u00e1bori \u00e1gy\u00fasezredben. Kit\u00fcntet\u00e9sei: O1, O2, OB, Kcsk, MHE\u00c9, 1912\u20131913. \u00e9vi Eml\u00e9kkereszt, BHE\u00c9., Vit\u00e9zs\u00e9gi avat\u00e1s 1941. dec. 7. Majd Mv.-en \u00e9lt, kosarazott. A sz\u00e1szr\u00e9geni sport\u00e9let szervez\u0151je [&hellip;]<\/p>\n","protected":false},"featured_media":0,"comment_status":"open","ping_status":"closed","template":"","meta":[],"product_brand":[],"product_cat":[137],"product_tag":[],"class_list":{"0":"post-7673","1":"product","2":"type-product","3":"status-publish","5":"product_cat-maros-megyei-eletrajzi-lexikon","7":"first","8":"instock","9":"shipping-taxable","10":"product-type-simple"},"_links":{"self":[{"href":"https:\/\/uj.adatbank.ro\/lexikon\/wp-json\/wp\/v2\/product\/7673","targetHints":{"allow":["GET"]}}],"collection":[{"href":"https:\/\/uj.adatbank.ro\/lexikon\/wp-json\/wp\/v2\/product"}],"about":[{"href":"https:\/\/uj.adatbank.ro\/lexikon\/wp-json\/wp\/v2\/types\/product"}],"replies":[{"embeddable":true,"href":"https:\/\/uj.adatbank.ro\/lexikon\/wp-json\/wp\/v2\/comments?post=7673"}],"wp:attachment":[{"href":"https:\/\/uj.adatbank.ro\/lexikon\/wp-json\/wp\/v2\/media?parent=7673"}],"wp:term":[{"taxonomy":"product_brand","embeddable":true,"href":"https:\/\/uj.adatbank.ro\/lexikon\/wp-json\/wp\/v2\/product_brand?post=7673"},{"taxonomy":"product_cat","embeddable":true,"href":"https:\/\/uj.adatbank.ro\/lexikon\/wp-json\/wp\/v2\/product_cat?post=7673"},{"taxonomy":"product_tag","embeddable":true,"href":"https:\/\/uj.adatbank.ro\/lexikon\/wp-json\/wp\/v2\/product_tag?post=7673"}],"curies":[{"name":"wp","href":"https:\/\/api.w.org\/{rel}","templated":true}]}}

<p>Görgényüvegcsűr, 1895., † Szászrégen, ?: kőműves, sportoló. – Szászrégenben végezte a szász gimn. -ot, már ekkor megszerette a sportot: gyalogolt, teniszezett, atlétizált, úszott, kézilabdázott, korcsolyázott, sízett. Tartalékos őrmester, m. kir. 12. tábori ágyúsezredben. <strong>Kitüntetései:</strong> O1, O2, OB, Kcsk, MHEÉ, 1912–1913. évi Emlékkereszt, BHEÉ., Vitézségi avatás 1941. dec. 7. Majd Mv.-en élt, kosarazott. A szászrégeni sportélet szervezője (1944 után): kosárlabdacsapatot, jégkorongcsapatot, teniszcsapatot szervezett. Tizenhatszoros teniszbajnok, tíz plusz egyes kenus. Futball- és kézilabdabíró hosszú éveken át. <br /><strong>Irod.:</strong> Berekméri–Nemes; Réthy István: Sportgenerális (V. Z., 1983. aug. 5.)</br></p>

<p>Görgényüvegcsűr, 1895., † Szászrégen, ?: kőműves, sportoló. – Szászrégenben végezte a szász gimn. -ot, már ekkor megszerette a sportot: gyalogolt, teniszezett, atlétizált, úszott, kézilabdázott, korcsolyázott, sízett. Tartalékos őrmester, m. kir. 12. tábori ágyúsezredben. Kitüntetései: O1, O2, OB, Kcsk, MHEÉ, 1912–1913. évi Emlékkereszt, BHEÉ., Vitézségi avatás 1941. dec. 7. Majd Mv.-en élt, kosarazott. A szászrégeni sportélet szervezője [&hellip;]</p>
