{"id":7674,"date":"2025-06-29T10:00:02","date_gmt":"2025-06-29T08:00:02","guid":{"rendered":"https:\/\/uj.adatbank.ro\/lexikon\/termek\/farkas-gyula-borbereki\/"},"modified":"2025-06-29T10:00:02","modified_gmt":"2025-06-29T08:00:02","slug":"farkas-gyula-borbereki","status":"publish","type":"product","link":"https:\/\/uj.adatbank.ro\/lexikon\/termek\/farkas-gyula-borbereki\/","title":{"rendered":"FARKAS Gyula, borbereki"},"content":{"rendered":"<p>Dedr\u00e1dsz\u00e9plak, 1866., \u2020 Mv., 1946. j\u00fal. 9.: f\u00f6ldbirtokos. \u2013 Mih\u00e1ly \u00e9s zilahi \u00c9ltet\u0151 Krisztina fia. Testv\u00e9rei: F. S\u00e1ndor; F. Katalin, Vincze Ferencn\u00e9. Feles\u00e9ge: nagyernyei Szenner Erzs\u00e9bet, Sz. J\u00e1nos le\u00e1nya (1891.? \u2013 Mv., 1944. febr. 24.). \u2013 Magyarr\u00e9genben volt nagybirtokos. Az 1921-es f\u00f6ldreformot k\u00f6vet\u0151en kisaj\u00e1t\u00edtott\u00e1k birtokai egy r\u00e9sz\u00e9t. A kereskedelmi akad. elv\u00e9gz\u00e9se ut\u00e1n a csal\u00e1d 800 holdat kitev\u0151 birtok\u00e1n gazd\u00e1lkodott Magyarr\u00e9genben, k\u00e9s\u0151bb erd\u0151kitermel\u00e9ssel is foglalkozott. <br \/><strong>Irod.:<\/strong> B\u00edr\u00f3 Don\u00e1t; Gy\u00e1szjelent\u0151; Keresztes Gyula: \u00d6r\u00f6ks\u00e9g\u00fcnk 53.: A l\u00fadv\u00e9gi udvarh\u00e1zak (N\u00fa., 1994. m\u00e1rc. 25.); P\u00e1lmay; Sz\u00e9kelyf\u00f6ld \u00ed. k.<\/br><\/p>\n","protected":false},"excerpt":{"rendered":"<p>Dedr\u00e1dsz\u00e9plak, 1866., \u2020 Mv., 1946. j\u00fal. 9.: f\u00f6ldbirtokos. \u2013 Mih\u00e1ly \u00e9s zilahi \u00c9ltet\u0151 Krisztina fia. Testv\u00e9rei: F. S\u00e1ndor; F. Katalin, Vincze Ferencn\u00e9. Feles\u00e9ge: nagyernyei Szenner Erzs\u00e9bet, Sz. J\u00e1nos le\u00e1nya (1891.? \u2013 Mv., 1944. febr. 24.). \u2013 Magyarr\u00e9genben volt nagybirtokos. Az 1921-es f\u00f6ldreformot k\u00f6vet\u0151en kisaj\u00e1t\u00edtott\u00e1k birtokai egy r\u00e9sz\u00e9t. A kereskedelmi akad. elv\u00e9gz\u00e9se ut\u00e1n a csal\u00e1d 800 [&hellip;]<\/p>\n","protected":false},"featured_media":0,"comment_status":"open","ping_status":"closed","template":"","meta":[],"product_brand":[],"product_cat":[137],"product_tag":[],"class_list":{"0":"post-7674","1":"product","2":"type-product","3":"status-publish","5":"product_cat-maros-megyei-eletrajzi-lexikon","7":"first","8":"instock","9":"shipping-taxable","10":"product-type-simple"},"_links":{"self":[{"href":"https:\/\/uj.adatbank.ro\/lexikon\/wp-json\/wp\/v2\/product\/7674","targetHints":{"allow":["GET"]}}],"collection":[{"href":"https:\/\/uj.adatbank.ro\/lexikon\/wp-json\/wp\/v2\/product"}],"about":[{"href":"https:\/\/uj.adatbank.ro\/lexikon\/wp-json\/wp\/v2\/types\/product"}],"replies":[{"embeddable":true,"href":"https:\/\/uj.adatbank.ro\/lexikon\/wp-json\/wp\/v2\/comments?post=7674"}],"wp:attachment":[{"href":"https:\/\/uj.adatbank.ro\/lexikon\/wp-json\/wp\/v2\/media?parent=7674"}],"wp:term":[{"taxonomy":"product_brand","embeddable":true,"href":"https:\/\/uj.adatbank.ro\/lexikon\/wp-json\/wp\/v2\/product_brand?post=7674"},{"taxonomy":"product_cat","embeddable":true,"href":"https:\/\/uj.adatbank.ro\/lexikon\/wp-json\/wp\/v2\/product_cat?post=7674"},{"taxonomy":"product_tag","embeddable":true,"href":"https:\/\/uj.adatbank.ro\/lexikon\/wp-json\/wp\/v2\/product_tag?post=7674"}],"curies":[{"name":"wp","href":"https:\/\/api.w.org\/{rel}","templated":true}]}}

<p>Dedrádszéplak, 1866., † Mv., 1946. júl. 9.: földbirtokos. – Mihály és zilahi Éltető Krisztina fia. Testvérei: F. Sándor; F. Katalin, Vincze Ferencné. Felesége: nagyernyei Szenner Erzsébet, Sz. János leánya (1891.? – Mv., 1944. febr. 24.). – Magyarrégenben volt nagybirtokos. Az 1921-es földreformot követően kisajátították birtokai egy részét. A kereskedelmi akad. elvégzése után a család 800 holdat kitevő birtokán gazdálkodott Magyarrégenben, később erdőkitermeléssel is foglalkozott. <br /><strong>Irod.:</strong> Bíró Donát; Gyászjelentő; Keresztes Gyula: Örökségünk 53.: A lúdvégi udvarházak (Nú., 1994. márc. 25.); Pálmay; Székelyföld í. k.</br></p>

<p>Dedrádszéplak, 1866., † Mv., 1946. júl. 9.: földbirtokos. – Mihály és zilahi Éltető Krisztina fia. Testvérei: F. Sándor; F. Katalin, Vincze Ferencné. Felesége: nagyernyei Szenner Erzsébet, Sz. János leánya (1891.? – Mv., 1944. febr. 24.). – Magyarrégenben volt nagybirtokos. Az 1921-es földreformot követően kisajátították birtokai egy részét. A kereskedelmi akad. elvégzése után a család 800 [&hellip;]</p>
