{"id":7675,"date":"2025-06-29T10:00:03","date_gmt":"2025-06-29T08:00:03","guid":{"rendered":"https:\/\/uj.adatbank.ro\/lexikon\/termek\/farkas-hermann-bisztrai\/"},"modified":"2025-06-29T10:00:03","modified_gmt":"2025-06-29T08:00:03","slug":"farkas-hermann-bisztrai","status":"publish","type":"product","link":"https:\/\/uj.adatbank.ro\/lexikon\/termek\/farkas-hermann-bisztrai\/","title":{"rendered":"FARKAS Hermann, bisztrai"},"content":{"rendered":"<p>1885., \u2020\u00a0? : v\u00e1llalkoz\u00f3, szeszgy\u00e1ros, tan\u00e1cs tag. \u2013 Apja: F. Mendel (1840\u20131900). Testv\u00e9re: Imre M\u00e1rton. \u2013 Nemesi rangot kapott (1910. okt. 5.). A testv\u00e9r\u00e9vel, apja hal\u00e1la ut\u00e1n, \u00e1tvett\u00e9k v\u00e1llalatait (1900\u2013): a r\u00e9geni Farkas Mendel \u00e9s Fiai szeszgy\u00e1rat, a mv. &#8211; i g\u0151zf\u00fcr\u00e9sz gy\u00e1rat, erd\u0151s\u00e9geket, a szarvasmarha h\u00edzlald\u00e1t, Mv.-en az ipari szeszgy\u00e1rat \u00e9s szeszfinom\u00edt\u00f3t, valamint az els\u0151 g\u0151zf\u0171r\u00e9szmalmot. V\u00e1rosi tan\u00e1cs tag (1915). Mv.-r\u0151l feles\u00e9g\u00e9vel (1887\u2013) egy\u00fctt deport\u00e1lt\u00e1k (1944. m\u00e1j. 29.). <br \/><strong>Irod.:<\/strong> EBKL; Id\u0151t\u00e1r 2; Mv. zsid\u00f3s\u00e1ga; Szter\u00e9nyi; \u00dajv\u00e1ri<\/br><\/p>\n","protected":false},"excerpt":{"rendered":"<p>1885., \u2020\u00a0? : v\u00e1llalkoz\u00f3, szeszgy\u00e1ros, tan\u00e1cs tag. \u2013 Apja: F. Mendel (1840\u20131900). Testv\u00e9re: Imre M\u00e1rton. \u2013 Nemesi rangot kapott (1910. okt. 5.). A testv\u00e9r\u00e9vel, apja hal\u00e1la ut\u00e1n, \u00e1tvett\u00e9k v\u00e1llalatait (1900\u2013): a r\u00e9geni Farkas Mendel \u00e9s Fiai szeszgy\u00e1rat, a mv. &#8211; i g\u0151zf\u00fcr\u00e9sz gy\u00e1rat, erd\u0151s\u00e9geket, a szarvasmarha h\u00edzlald\u00e1t, Mv.-en az ipari szeszgy\u00e1rat \u00e9s szeszfinom\u00edt\u00f3t, valamint az [&hellip;]<\/p>\n","protected":false},"featured_media":0,"comment_status":"open","ping_status":"closed","template":"","meta":[],"product_brand":[],"product_cat":[137],"product_tag":[],"class_list":{"0":"post-7675","1":"product","2":"type-product","3":"status-publish","5":"product_cat-maros-megyei-eletrajzi-lexikon","7":"first","8":"instock","9":"shipping-taxable","10":"product-type-simple"},"_links":{"self":[{"href":"https:\/\/uj.adatbank.ro\/lexikon\/wp-json\/wp\/v2\/product\/7675","targetHints":{"allow":["GET"]}}],"collection":[{"href":"https:\/\/uj.adatbank.ro\/lexikon\/wp-json\/wp\/v2\/product"}],"about":[{"href":"https:\/\/uj.adatbank.ro\/lexikon\/wp-json\/wp\/v2\/types\/product"}],"replies":[{"embeddable":true,"href":"https:\/\/uj.adatbank.ro\/lexikon\/wp-json\/wp\/v2\/comments?post=7675"}],"wp:attachment":[{"href":"https:\/\/uj.adatbank.ro\/lexikon\/wp-json\/wp\/v2\/media?parent=7675"}],"wp:term":[{"taxonomy":"product_brand","embeddable":true,"href":"https:\/\/uj.adatbank.ro\/lexikon\/wp-json\/wp\/v2\/product_brand?post=7675"},{"taxonomy":"product_cat","embeddable":true,"href":"https:\/\/uj.adatbank.ro\/lexikon\/wp-json\/wp\/v2\/product_cat?post=7675"},{"taxonomy":"product_tag","embeddable":true,"href":"https:\/\/uj.adatbank.ro\/lexikon\/wp-json\/wp\/v2\/product_tag?post=7675"}],"curies":[{"name":"wp","href":"https:\/\/api.w.org\/{rel}","templated":true}]}}

<p>1885., † ? : vállalkozó, szeszgyáros, tanács tag. – Apja: F. Mendel (1840–1900). Testvére: Imre Márton. – Nemesi rangot kapott (1910. okt. 5.). A testvérével, apja halála után, átvették vállalatait (1900–): a régeni Farkas Mendel és Fiai szeszgyárat, a mv. &#8211; i gőzfürész gyárat, erdőségeket, a szarvasmarha hízlaldát, Mv.-en az ipari szeszgyárat és szeszfinomítót, valamint az első gőzfűrészmalmot. Városi tanács tag (1915). Mv.-ről feleségével (1887–) együtt deportálták (1944. máj. 29.). <br /><strong>Irod.:</strong> EBKL; Időtár 2; Mv. zsidósága; Szterényi; Újvári</br></p>

<p>1885., † ? : vállalkozó, szeszgyáros, tanács tag. – Apja: F. Mendel (1840–1900). Testvére: Imre Márton. – Nemesi rangot kapott (1910. okt. 5.). A testvérével, apja halála után, átvették vállalatait (1900–): a régeni Farkas Mendel és Fiai szeszgyárat, a mv. &#8211; i gőzfürész gyárat, erdőségeket, a szarvasmarha hízlaldát, Mv.-en az ipari szeszgyárat és szeszfinomítót, valamint az [&hellip;]</p>
