{"id":7677,"date":"2025-06-29T10:00:06","date_gmt":"2025-06-29T08:00:06","guid":{"rendered":"https:\/\/uj.adatbank.ro\/lexikon\/termek\/farkas-imre-marton-bisztrai-farkas-marton\/"},"modified":"2025-06-29T10:00:06","modified_gmt":"2025-06-29T08:00:06","slug":"farkas-imre-marton-bisztrai-farkas-marton","status":"publish","type":"product","link":"https:\/\/uj.adatbank.ro\/lexikon\/termek\/farkas-imre-marton-bisztrai-farkas-marton\/","title":{"rendered":"FARKAS Imre M\u00e1rton, bisztrai, Farkas M\u00e1rton"},"content":{"rendered":"<p>? \u2020\u00a0Mv., 1936. jan. 26.: szeszgy\u00e1ros \u2013 Apja F. Mendel. Testv\u00e9re: Hermann. Feles\u00e9ge (1917\u2013) Doucha Zdenka (1870- Mv., 1942. aug. 13), \u00e1llami le\u00e1nygimn.-i tan\u00e1rn\u0151. Gyermekei els\u0151 h\u00e1zass\u00e1g\u00e1b\u00f3l: Ilonka, Gy\u00f6rgy. \u2013 Apja hal\u00e1la ut\u00e1n \u00e1tvette testv\u00e9r\u00e9vel a sz\u00e1szr\u00e9geni Farkas Mendel \u00e9s Fiai szeszgy\u00e1rat (1900). A c\u00e9gnek f\u0171r\u00e9sz\u00fczeme \u00e9s nagyobb erd\u0151s\u00e9ge is volt. Nemesi rangot kapott (1910. okt. 5.). Virilista (1913). A mv.-i zsid\u00f3-m. tulajdonban l\u00e9v\u0151 Lesz\u00e1mol\u00e1si Bank igazgat\u00f3s\u00e1gi tagja (1924). <br \/><strong>Irod.:<\/strong> EBKL; Id\u0151t\u00e1r 2; lev\u00e9lt\u00e1ri gy\u00e1szj.; Mv. zsid\u00f3s\u00e1ga; Mv.-i zsid\u00f3 temet\u0151 registere; Pan\u0103; Szter\u00e9nyi; \u00dajv\u00e1ri<\/br><\/p>\n","protected":false},"excerpt":{"rendered":"<p>? \u2020\u00a0Mv., 1936. jan. 26.: szeszgy\u00e1ros \u2013 Apja F. Mendel. Testv\u00e9re: Hermann. Feles\u00e9ge (1917\u2013) Doucha Zdenka (1870- Mv., 1942. aug. 13), \u00e1llami le\u00e1nygimn.-i tan\u00e1rn\u0151. Gyermekei els\u0151 h\u00e1zass\u00e1g\u00e1b\u00f3l: Ilonka, Gy\u00f6rgy. \u2013 Apja hal\u00e1la ut\u00e1n \u00e1tvette testv\u00e9r\u00e9vel a sz\u00e1szr\u00e9geni Farkas Mendel \u00e9s Fiai szeszgy\u00e1rat (1900). A c\u00e9gnek f\u0171r\u00e9sz\u00fczeme \u00e9s nagyobb erd\u0151s\u00e9ge is volt. Nemesi rangot kapott (1910. [&hellip;]<\/p>\n","protected":false},"featured_media":0,"comment_status":"open","ping_status":"closed","template":"","meta":[],"product_brand":[],"product_cat":[137],"product_tag":[],"class_list":{"0":"post-7677","1":"product","2":"type-product","3":"status-publish","5":"product_cat-maros-megyei-eletrajzi-lexikon","7":"first","8":"instock","9":"shipping-taxable","10":"product-type-simple"},"_links":{"self":[{"href":"https:\/\/uj.adatbank.ro\/lexikon\/wp-json\/wp\/v2\/product\/7677","targetHints":{"allow":["GET"]}}],"collection":[{"href":"https:\/\/uj.adatbank.ro\/lexikon\/wp-json\/wp\/v2\/product"}],"about":[{"href":"https:\/\/uj.adatbank.ro\/lexikon\/wp-json\/wp\/v2\/types\/product"}],"replies":[{"embeddable":true,"href":"https:\/\/uj.adatbank.ro\/lexikon\/wp-json\/wp\/v2\/comments?post=7677"}],"wp:attachment":[{"href":"https:\/\/uj.adatbank.ro\/lexikon\/wp-json\/wp\/v2\/media?parent=7677"}],"wp:term":[{"taxonomy":"product_brand","embeddable":true,"href":"https:\/\/uj.adatbank.ro\/lexikon\/wp-json\/wp\/v2\/product_brand?post=7677"},{"taxonomy":"product_cat","embeddable":true,"href":"https:\/\/uj.adatbank.ro\/lexikon\/wp-json\/wp\/v2\/product_cat?post=7677"},{"taxonomy":"product_tag","embeddable":true,"href":"https:\/\/uj.adatbank.ro\/lexikon\/wp-json\/wp\/v2\/product_tag?post=7677"}],"curies":[{"name":"wp","href":"https:\/\/api.w.org\/{rel}","templated":true}]}}

FARKAS Imre Márton, bisztrai, Farkas Márton

<p>? † Mv., 1936. jan. 26.: szeszgyáros – Apja F. Mendel. Testvére: Hermann. Felesége (1917–) Doucha Zdenka (1870- Mv., 1942. aug. 13), állami leánygimn.-i tanárnő. Gyermekei első házasságából: Ilonka, György. – Apja halála után átvette testvérével a szászrégeni Farkas Mendel és Fiai szeszgyárat (1900). A cégnek fűrészüzeme és nagyobb erdősége is volt. Nemesi rangot kapott (1910. okt. 5.). Virilista (1913). A mv.-i zsidó-m. tulajdonban lévő Leszámolási Bank igazgatósági tagja (1924). <br /><strong>Irod.:</strong> EBKL; Időtár 2; levéltári gyászj.; Mv. zsidósága; Mv.-i zsidó temető registere; Pană; Szterényi; Újvári</br></p>

<p>? † Mv., 1936. jan. 26.: szeszgyáros – Apja F. Mendel. Testvére: Hermann. Felesége (1917–) Doucha Zdenka (1870- Mv., 1942. aug. 13), állami leánygimn.-i tanárnő. Gyermekei első házasságából: Ilonka, György. – Apja halála után átvette testvérével a szászrégeni Farkas Mendel és Fiai szeszgyárat (1900). A cégnek fűrészüzeme és nagyobb erdősége is volt. Nemesi rangot kapott (1910. [&hellip;]</p>
