{"id":7678,"date":"2025-06-29T10:00:09","date_gmt":"2025-06-29T08:00:09","guid":{"rendered":"https:\/\/uj.adatbank.ro\/lexikon\/termek\/farkas-imre-harasztkereki\/"},"modified":"2025-06-29T10:00:09","modified_gmt":"2025-06-29T08:00:09","slug":"farkas-imre-harasztkereki","status":"publish","type":"product","link":"https:\/\/uj.adatbank.ro\/lexikon\/termek\/farkas-imre-harasztkereki\/","title":{"rendered":"FARKAS Imre, harasztkereki"},"content":{"rendered":"<p>Ny\u00e1r\u00e1dszentbenedek, 1886. jan. 16., \u2020\u00a01942. jan. 30.: ref. lelk\u00e9sz. \u2013 Testv\u00e9rei: Mikl\u00f3s, feles\u00e9ge T\u00f6r\u00f6k Ir\u00e9n; Zsuzsanna Ferenczy G\u00e1born\u00e9; Eszter Kov\u00e1cs Rezs\u0151n\u00e9. Feles\u00e9ge: Barra Margit (1894\u20131990). \u2013 Ref. lelk\u00e9sz Cserfalv\u00e1n (13 \u00e9vig), Nagyteremiben (1923\u2013) \u00e9s Teremi\u00fajfaluban (1923\u2013), nev\u00e9hez f\u0171z\u0151dik a k\u00e9t falu templomainak \u00fajj\u00e1\u00e9p\u00edt\u00e9se; t\u00f6bb egyh\u00e1zi egyes\u00fclet vezet\u0151je. <br \/><strong>Irod.:<\/strong> EM; Gy\u00e1szjelent\u0151; Ny\u00e1r\u00e1dszentbenedek<\/br><\/p>\n","protected":false},"excerpt":{"rendered":"<p>Ny\u00e1r\u00e1dszentbenedek, 1886. jan. 16., \u2020\u00a01942. jan. 30.: ref. lelk\u00e9sz. \u2013 Testv\u00e9rei: Mikl\u00f3s, feles\u00e9ge T\u00f6r\u00f6k Ir\u00e9n; Zsuzsanna Ferenczy G\u00e1born\u00e9; Eszter Kov\u00e1cs Rezs\u0151n\u00e9. Feles\u00e9ge: Barra Margit (1894\u20131990). \u2013 Ref. lelk\u00e9sz Cserfalv\u00e1n (13 \u00e9vig), Nagyteremiben (1923\u2013) \u00e9s Teremi\u00fajfaluban (1923\u2013), nev\u00e9hez f\u0171z\u0151dik a k\u00e9t falu templomainak \u00fajj\u00e1\u00e9p\u00edt\u00e9se; t\u00f6bb egyh\u00e1zi egyes\u00fclet vezet\u0151je. Irod.: EM; Gy\u00e1szjelent\u0151; Ny\u00e1r\u00e1dszentbenedek<\/p>\n","protected":false},"featured_media":0,"comment_status":"open","ping_status":"closed","template":"","meta":[],"product_brand":[],"product_cat":[137],"product_tag":[],"class_list":{"0":"post-7678","1":"product","2":"type-product","3":"status-publish","5":"product_cat-maros-megyei-eletrajzi-lexikon","7":"first","8":"instock","9":"shipping-taxable","10":"product-type-simple"},"_links":{"self":[{"href":"https:\/\/uj.adatbank.ro\/lexikon\/wp-json\/wp\/v2\/product\/7678","targetHints":{"allow":["GET"]}}],"collection":[{"href":"https:\/\/uj.adatbank.ro\/lexikon\/wp-json\/wp\/v2\/product"}],"about":[{"href":"https:\/\/uj.adatbank.ro\/lexikon\/wp-json\/wp\/v2\/types\/product"}],"replies":[{"embeddable":true,"href":"https:\/\/uj.adatbank.ro\/lexikon\/wp-json\/wp\/v2\/comments?post=7678"}],"wp:attachment":[{"href":"https:\/\/uj.adatbank.ro\/lexikon\/wp-json\/wp\/v2\/media?parent=7678"}],"wp:term":[{"taxonomy":"product_brand","embeddable":true,"href":"https:\/\/uj.adatbank.ro\/lexikon\/wp-json\/wp\/v2\/product_brand?post=7678"},{"taxonomy":"product_cat","embeddable":true,"href":"https:\/\/uj.adatbank.ro\/lexikon\/wp-json\/wp\/v2\/product_cat?post=7678"},{"taxonomy":"product_tag","embeddable":true,"href":"https:\/\/uj.adatbank.ro\/lexikon\/wp-json\/wp\/v2\/product_tag?post=7678"}],"curies":[{"name":"wp","href":"https:\/\/api.w.org\/{rel}","templated":true}]}}

<p>Nyárádszentbenedek, 1886. jan. 16., † 1942. jan. 30.: ref. lelkész. – Testvérei: Miklós, felesége Török Irén; Zsuzsanna Ferenczy Gáborné; Eszter Kovács Rezsőné. Felesége: Barra Margit (1894–1990). – Ref. lelkész Cserfalván (13 évig), Nagyteremiben (1923–) és Teremiújfaluban (1923–), nevéhez fűződik a két falu templomainak újjáépítése; több egyházi egyesület vezetője. <br /><strong>Irod.:</strong> EM; Gyászjelentő; Nyárádszentbenedek</br></p>

<p>Nyárádszentbenedek, 1886. jan. 16., † 1942. jan. 30.: ref. lelkész. – Testvérei: Miklós, felesége Török Irén; Zsuzsanna Ferenczy Gáborné; Eszter Kovács Rezsőné. Felesége: Barra Margit (1894–1990). – Ref. lelkész Cserfalván (13 évig), Nagyteremiben (1923–) és Teremiújfaluban (1923–), nevéhez fűződik a két falu templomainak újjáépítése; több egyházi egyesület vezetője. Irod.: EM; Gyászjelentő; Nyárádszentbenedek</p>
