{"id":7679,"date":"2025-06-29T10:00:13","date_gmt":"2025-06-29T08:00:13","guid":{"rendered":"https:\/\/uj.adatbank.ro\/lexikon\/termek\/farkas-ipoly\/"},"modified":"2025-06-29T10:00:13","modified_gmt":"2025-06-29T08:00:13","slug":"farkas-ipoly","status":"publish","type":"product","link":"https:\/\/uj.adatbank.ro\/lexikon\/termek\/farkas-ipoly\/","title":{"rendered":"FARKAS Ipoly"},"content":{"rendered":"<p>Magyarr\u00e9gen, 1924. \u00e1pr. 23., \u2020 ? : \u00e9p\u00edt\u00e9szm\u00e9rn\u00f6k. \u2013 A bp.-i J\u00f3zsef N\u00e1dor M\u0171sz. \u00e9s Gazdas\u00e1gtud.-i Egyetemen (JNMGE) \u00e9p\u00edt\u00e9szm\u00e9rn\u00f6ki okl. -t szerzett (1948), majd az int\u00e9zet tan\u00e1rseg\u00e9de (1948), a Dunav\u00f6lgyi Timf\u00f6ldipar \u00e9p\u00edt\u00e9szeti oszt\u00e1ly\u00e1n dolgozott (1948\u20131954), az Iparterv tervez\u0151m\u00e9rn\u00f6ke volt (1954\u201373), majd visszat\u00e9rt az aluminiumiparhoz (1973\u2013). T\u00e1rstervez\u0151je volt a sz\u00e9kesfeh\u00e9rv\u00e1ri K\u00f6nny\u0171f\u00e9mm\u0171 \u00e9p\u00fclet\u00e9nek (1958), a tuzs\u00e9ri almat\u00e1rol\u00f3nak, a bp.-i Carl Lutz eml\u00e9km\u0171nek (199?). H\u0151t\u00e1rol\u00f3k a Sz U-ban, Alg\u00e9ri\u00e1ban \u00e9s Irakban (1970\u20131973). A magyarr\u00e9geni temet\u0151 k\u00e1poln\u00e1j\u00e1nak \u00e9s ravataloz\u00f3j\u00e1nak tervez\u0151je (2003). Ybl Mikl\u00f3s-d\u00edj kit\u00fcntetettje (1961, 1970). <br \/><strong>Irod.:<\/strong> M\u00c9L, MNKK 2000; R\u00daL<\/br><\/p>\n","protected":false},"excerpt":{"rendered":"<p>Magyarr\u00e9gen, 1924. \u00e1pr. 23., \u2020 ? : \u00e9p\u00edt\u00e9szm\u00e9rn\u00f6k. \u2013 A bp.-i J\u00f3zsef N\u00e1dor M\u0171sz. \u00e9s Gazdas\u00e1gtud.-i Egyetemen (JNMGE) \u00e9p\u00edt\u00e9szm\u00e9rn\u00f6ki okl. -t szerzett (1948), majd az int\u00e9zet tan\u00e1rseg\u00e9de (1948), a Dunav\u00f6lgyi Timf\u00f6ldipar \u00e9p\u00edt\u00e9szeti oszt\u00e1ly\u00e1n dolgozott (1948\u20131954), az Iparterv tervez\u0151m\u00e9rn\u00f6ke volt (1954\u201373), majd visszat\u00e9rt az aluminiumiparhoz (1973\u2013). T\u00e1rstervez\u0151je volt a sz\u00e9kesfeh\u00e9rv\u00e1ri K\u00f6nny\u0171f\u00e9mm\u0171 \u00e9p\u00fclet\u00e9nek (1958), a tuzs\u00e9ri almat\u00e1rol\u00f3nak, [&hellip;]<\/p>\n","protected":false},"featured_media":0,"comment_status":"open","ping_status":"closed","template":"","meta":[],"product_brand":[],"product_cat":[137],"product_tag":[],"class_list":{"0":"post-7679","1":"product","2":"type-product","3":"status-publish","5":"product_cat-maros-megyei-eletrajzi-lexikon","7":"first","8":"instock","9":"shipping-taxable","10":"product-type-simple"},"_links":{"self":[{"href":"https:\/\/uj.adatbank.ro\/lexikon\/wp-json\/wp\/v2\/product\/7679","targetHints":{"allow":["GET"]}}],"collection":[{"href":"https:\/\/uj.adatbank.ro\/lexikon\/wp-json\/wp\/v2\/product"}],"about":[{"href":"https:\/\/uj.adatbank.ro\/lexikon\/wp-json\/wp\/v2\/types\/product"}],"replies":[{"embeddable":true,"href":"https:\/\/uj.adatbank.ro\/lexikon\/wp-json\/wp\/v2\/comments?post=7679"}],"wp:attachment":[{"href":"https:\/\/uj.adatbank.ro\/lexikon\/wp-json\/wp\/v2\/media?parent=7679"}],"wp:term":[{"taxonomy":"product_brand","embeddable":true,"href":"https:\/\/uj.adatbank.ro\/lexikon\/wp-json\/wp\/v2\/product_brand?post=7679"},{"taxonomy":"product_cat","embeddable":true,"href":"https:\/\/uj.adatbank.ro\/lexikon\/wp-json\/wp\/v2\/product_cat?post=7679"},{"taxonomy":"product_tag","embeddable":true,"href":"https:\/\/uj.adatbank.ro\/lexikon\/wp-json\/wp\/v2\/product_tag?post=7679"}],"curies":[{"name":"wp","href":"https:\/\/api.w.org\/{rel}","templated":true}]}}

<p>Magyarrégen, 1924. ápr. 23., † ? : építészmérnök. – A bp.-i József Nádor Műsz. és Gazdaságtud.-i Egyetemen (JNMGE) építészmérnöki okl. -t szerzett (1948), majd az intézet tanársegéde (1948), a Dunavölgyi Timföldipar építészeti osztályán dolgozott (1948–1954), az Iparterv tervezőmérnöke volt (1954–73), majd visszatért az aluminiumiparhoz (1973–). Társtervezője volt a székesfehérvári Könnyűfémmű épületének (1958), a tuzséri almatárolónak, a bp.-i Carl Lutz emlékműnek (199?). Hőtárolók a Sz U-ban, Algériában és Irakban (1970–1973). A magyarrégeni temető kápolnájának és ravatalozójának tervezője (2003). Ybl Miklós-díj kitüntetettje (1961, 1970). <br /><strong>Irod.:</strong> MÉL, MNKK 2000; RÚL</br></p>

<p>Magyarrégen, 1924. ápr. 23., † ? : építészmérnök. – A bp.-i József Nádor Műsz. és Gazdaságtud.-i Egyetemen (JNMGE) építészmérnöki okl. -t szerzett (1948), majd az intézet tanársegéde (1948), a Dunavölgyi Timföldipar építészeti osztályán dolgozott (1948–1954), az Iparterv tervezőmérnöke volt (1954–73), majd visszatért az aluminiumiparhoz (1973–). Társtervezője volt a székesfehérvári Könnyűfémmű épületének (1958), a tuzséri almatárolónak, [&hellip;]</p>
