{"id":7680,"date":"2025-06-29T10:00:14","date_gmt":"2025-06-29T08:00:14","guid":{"rendered":"https:\/\/uj.adatbank.ro\/lexikon\/termek\/farkas-istvan\/"},"modified":"2025-06-29T10:00:14","modified_gmt":"2025-06-29T08:00:14","slug":"farkas-istvan","status":"publish","type":"product","link":"https:\/\/uj.adatbank.ro\/lexikon\/termek\/farkas-istvan\/","title":{"rendered":"FARKAS Istv\u00e1n"},"content":{"rendered":"<p>Nagyv\u00e1rad, 1929. jan. 26., \u2020\u00a0Nagyv\u00e1rad, 1989. jan. 5.: rendez\u0151. \u2013 A kv.-i M. M\u0171v. Int.-ben ren\u00addez\u0151i oklevelet szerzett (1953). R\u00e9szt vett a nagy\u00adb\u00e1nyai t\u00e1rsulat alap\u00edt\u00e1s\u00e1ban, a szat\u00adm\u00e1rn\u00e9meti (1956\u2013), a mv.-i sz\u00edn\u00adh\u00e1z rendez\u0151je (1965\u201367), \u00e9s a Szentgy\u00f6rgyi Istv\u00e1n Sz\u00ednm\u0171v. Int. tan\u00e1ra. Ism\u00e9t a szat\u00adm\u00e1rn\u00e9meti (1967\u2013), a nagyv\u00e1radi sz\u00ednh\u00e1z rendez\u0151je hal\u00e1l\u00e1ig (1967\u2013). \u2013 <strong>F. m.:<\/strong> Simon Magda: Megb\u00e9k\u00fcl\u00e9s. Sz\u00edndarab egy felvon\u00e1sban. Rendez\u0151i utas\u00edt\u00e1s; Buk., 1960); Simon Magda: J\u00e9gver\u00e9s. Sz\u00ednm\u0171 egy felvon\u00e1sban. (Rendez\u0151i tan\u00e1csok; Buk., 1962); T\u0103rchil\u0103 Dan: Vid\u00e9ki \u00e1llom\u00e1s. Sz\u00ednm\u0171 egy felvon\u00e1sban. (Ford\u00edtotta: Kisbenke Gy\u00f6rgy; Rendez\u0151i tan\u00e1csok; Buk., 1963); <strong>F. r.:<\/strong>: Baranga: Kerge birka; Tolsztoj-Piscator: H\u00e1bor\u00fa \u00e9s b\u00e9ke; O&#8217;Neill: Amerikai Elektra; Shakespeare: T\u00e9ved\u00e9sek v\u00edgj\u00e1t\u00e9ka (Nagyv\u00e1rad, 1969. m\u00e1j. 2.); Mar\u00f3ti Lajos: Az utols\u00f3 ut\u00e1ni \u00e9j\u00adszaka; Miller: Az alku; Nestroy-Heltai Jen\u0151: Lump\u00e1ciusz Vagabundusz; Kos K\u00e1roly: Budai Nagy Antal; <strong>F. r.:<\/strong> Mv.-en: Aurel Baranga: \u00c1d\u00e1m \u00e9s \u00c9va (1963); Paul Everac: A l\u00e1thatalan staf\u00e9ta (1964); Tennesse Williams: A v\u00e1gy villamosa (Tompa Mikl\u00f3ssal, 1965). A f\u0151iskol\u00e1n; seg\u00e9drendez\u0151: Shakespeare: Romeo \u00e9s J\u00falia (Tompa Mikl\u00f3ssal). <br \/><strong>Irod.:<\/strong> Id\u0151t\u00e1r 4.; Katona-K\u00f6t\u0151; Kov\u00e1cs Levente; R\u00e9thy-\u00dajv\u00e1ri-V\u00e1czy; \u00daM\u00c9L<\/br><\/p>\n","protected":false},"excerpt":{"rendered":"<p>Nagyv\u00e1rad, 1929. jan. 26., \u2020\u00a0Nagyv\u00e1rad, 1989. jan. 5.: rendez\u0151. \u2013 A kv.-i M. M\u0171v. Int.-ben ren\u00addez\u0151i oklevelet szerzett (1953). R\u00e9szt vett a nagy\u00adb\u00e1nyai t\u00e1rsulat alap\u00edt\u00e1s\u00e1ban, a szat\u00adm\u00e1rn\u00e9meti (1956\u2013), a mv.-i sz\u00edn\u00adh\u00e1z rendez\u0151je (1965\u201367), \u00e9s a Szentgy\u00f6rgyi Istv\u00e1n Sz\u00ednm\u0171v. Int. tan\u00e1ra. Ism\u00e9t a szat\u00adm\u00e1rn\u00e9meti (1967\u2013), a nagyv\u00e1radi sz\u00ednh\u00e1z rendez\u0151je hal\u00e1l\u00e1ig (1967\u2013). \u2013 F. m.: Simon Magda: [&hellip;]<\/p>\n","protected":false},"featured_media":0,"comment_status":"open","ping_status":"closed","template":"","meta":[],"product_brand":[],"product_cat":[137],"product_tag":[],"class_list":{"0":"post-7680","1":"product","2":"type-product","3":"status-publish","5":"product_cat-maros-megyei-eletrajzi-lexikon","7":"first","8":"instock","9":"shipping-taxable","10":"product-type-simple"},"_links":{"self":[{"href":"https:\/\/uj.adatbank.ro\/lexikon\/wp-json\/wp\/v2\/product\/7680","targetHints":{"allow":["GET"]}}],"collection":[{"href":"https:\/\/uj.adatbank.ro\/lexikon\/wp-json\/wp\/v2\/product"}],"about":[{"href":"https:\/\/uj.adatbank.ro\/lexikon\/wp-json\/wp\/v2\/types\/product"}],"replies":[{"embeddable":true,"href":"https:\/\/uj.adatbank.ro\/lexikon\/wp-json\/wp\/v2\/comments?post=7680"}],"wp:attachment":[{"href":"https:\/\/uj.adatbank.ro\/lexikon\/wp-json\/wp\/v2\/media?parent=7680"}],"wp:term":[{"taxonomy":"product_brand","embeddable":true,"href":"https:\/\/uj.adatbank.ro\/lexikon\/wp-json\/wp\/v2\/product_brand?post=7680"},{"taxonomy":"product_cat","embeddable":true,"href":"https:\/\/uj.adatbank.ro\/lexikon\/wp-json\/wp\/v2\/product_cat?post=7680"},{"taxonomy":"product_tag","embeddable":true,"href":"https:\/\/uj.adatbank.ro\/lexikon\/wp-json\/wp\/v2\/product_tag?post=7680"}],"curies":[{"name":"wp","href":"https:\/\/api.w.org\/{rel}","templated":true}]}}