{"id":7681,"date":"2025-06-29T10:00:15","date_gmt":"2025-06-29T08:00:15","guid":{"rendered":"https:\/\/uj.adatbank.ro\/lexikon\/termek\/farkas-izsak\/"},"modified":"2025-06-29T10:00:15","modified_gmt":"2025-06-29T08:00:15","slug":"farkas-izsak","status":"publish","type":"product","link":"https:\/\/uj.adatbank.ro\/lexikon\/termek\/farkas-izsak\/","title":{"rendered":"FARKAS Izs\u00e1k"},"content":{"rendered":"<p>1854. \u2020 Mv., 1929. nov. 3.: gy\u00e1ros. \u2013 Feles\u00e9ge: Rozmann R\u00f3za. Gyermekeik: Etelka Hal\u00e1sz J\u00f3zsefn\u00e9; dr. F. R\u00f3bert, feles\u00e9ge B\u00e1n Erzs\u00e9bet; Ilona dr. L\u00e1z\u00e1r Henrikn\u00e9. Unok\u00e1i: Hal\u00e1sz \u00c1gnes \u00d6lleler J\u00f3zsefn\u00e9; Hal\u00e1sz Magda; Hal\u00e1sz Boriska; Farkas Tam\u00e1s, Farkas Lidi, L\u00e1z\u00e1r R\u00f3bert, L\u00e1z\u00e1r \u00c9va. A meggyesfalvi szeszgy\u00e1r tulajdonosa volt. A mv.-i v\u00e1rosi t\u00f6rv\u00e9nyhat\u00f3s\u00e1gnak \u00e9veken \u00e1t tagja. A Mv.-i Kaszin\u00f3 tagja. <br \/><strong>Irod.:<\/strong> Bi\u00e1s Istv\u00e1n; Gy\u00e1szjelent\u0151; Id\u0151t\u00e1r 3<\/br><\/p>\n","protected":false},"excerpt":{"rendered":"<p>1854. \u2020 Mv., 1929. nov. 3.: gy\u00e1ros. \u2013 Feles\u00e9ge: Rozmann R\u00f3za. Gyermekeik: Etelka Hal\u00e1sz J\u00f3zsefn\u00e9; dr. F. R\u00f3bert, feles\u00e9ge B\u00e1n Erzs\u00e9bet; Ilona dr. L\u00e1z\u00e1r Henrikn\u00e9. Unok\u00e1i: Hal\u00e1sz \u00c1gnes \u00d6lleler J\u00f3zsefn\u00e9; Hal\u00e1sz Magda; Hal\u00e1sz Boriska; Farkas Tam\u00e1s, Farkas Lidi, L\u00e1z\u00e1r R\u00f3bert, L\u00e1z\u00e1r \u00c9va. A meggyesfalvi szeszgy\u00e1r tulajdonosa volt. A mv.-i v\u00e1rosi t\u00f6rv\u00e9nyhat\u00f3s\u00e1gnak \u00e9veken \u00e1t tagja. A [&hellip;]<\/p>\n","protected":false},"featured_media":0,"comment_status":"open","ping_status":"closed","template":"","meta":[],"product_brand":[],"product_cat":[137],"product_tag":[],"class_list":{"0":"post-7681","1":"product","2":"type-product","3":"status-publish","5":"product_cat-maros-megyei-eletrajzi-lexikon","7":"first","8":"instock","9":"shipping-taxable","10":"product-type-simple"},"_links":{"self":[{"href":"https:\/\/uj.adatbank.ro\/lexikon\/wp-json\/wp\/v2\/product\/7681","targetHints":{"allow":["GET"]}}],"collection":[{"href":"https:\/\/uj.adatbank.ro\/lexikon\/wp-json\/wp\/v2\/product"}],"about":[{"href":"https:\/\/uj.adatbank.ro\/lexikon\/wp-json\/wp\/v2\/types\/product"}],"replies":[{"embeddable":true,"href":"https:\/\/uj.adatbank.ro\/lexikon\/wp-json\/wp\/v2\/comments?post=7681"}],"wp:attachment":[{"href":"https:\/\/uj.adatbank.ro\/lexikon\/wp-json\/wp\/v2\/media?parent=7681"}],"wp:term":[{"taxonomy":"product_brand","embeddable":true,"href":"https:\/\/uj.adatbank.ro\/lexikon\/wp-json\/wp\/v2\/product_brand?post=7681"},{"taxonomy":"product_cat","embeddable":true,"href":"https:\/\/uj.adatbank.ro\/lexikon\/wp-json\/wp\/v2\/product_cat?post=7681"},{"taxonomy":"product_tag","embeddable":true,"href":"https:\/\/uj.adatbank.ro\/lexikon\/wp-json\/wp\/v2\/product_tag?post=7681"}],"curies":[{"name":"wp","href":"https:\/\/api.w.org\/{rel}","templated":true}]}}

FARKAS Izsák

<p>1854. † Mv., 1929. nov. 3.: gyáros. – Felesége: Rozmann Róza. Gyermekeik: Etelka Halász Józsefné; dr. F. Róbert, felesége Bán Erzsébet; Ilona dr. Lázár Henrikné. Unokái: Halász Ágnes Ölleler Józsefné; Halász Magda; Halász Boriska; Farkas Tamás, Farkas Lidi, Lázár Róbert, Lázár Éva. A meggyesfalvi szeszgyár tulajdonosa volt. A mv.-i városi törvényhatóságnak éveken át tagja. A Mv.-i Kaszinó tagja. <br /><strong>Irod.:</strong> Biás István; Gyászjelentő; Időtár 3</br></p>

<p>1854. † Mv., 1929. nov. 3.: gyáros. – Felesége: Rozmann Róza. Gyermekeik: Etelka Halász Józsefné; dr. F. Róbert, felesége Bán Erzsébet; Ilona dr. Lázár Henrikné. Unokái: Halász Ágnes Ölleler Józsefné; Halász Magda; Halász Boriska; Farkas Tamás, Farkas Lidi, Lázár Róbert, Lázár Éva. A meggyesfalvi szeszgyár tulajdonosa volt. A mv.-i városi törvényhatóságnak éveken át tagja. A [&hellip;]</p>
