{"id":7685,"date":"2025-06-29T10:00:23","date_gmt":"2025-06-29T08:00:23","guid":{"rendered":"https:\/\/uj.adatbank.ro\/lexikon\/termek\/farkas-jeno\/"},"modified":"2025-06-29T10:00:23","modified_gmt":"2025-06-29T08:00:23","slug":"farkas-jeno","status":"publish","type":"product","link":"https:\/\/uj.adatbank.ro\/lexikon\/termek\/farkas-jeno\/","title":{"rendered":"FARKAS Jen\u0151"},"content":{"rendered":"<p>Mez\u0151m\u00e9nes, 1880., \u2020\u00a01964.: ref. lelk\u00e9sz. \u2013 Feles\u00e9ge: Ravasz Piroska. Fi\u00fak: Jen\u0151. \u2013 Tanulm\u00e1nyait Mv.-en \u00e9s Kv.-on v\u00e9gezte Lelk\u00e9sz Udvarfalv\u00e1n, (1935\u2013) Magyarf\u00fclp\u00f6s\u00f6n. A Hangya sz\u00f6vetkezet alap\u00edt\u00f3ja \u00e9s eln\u00f6ke, egyh\u00e1zk\u00f6zs\u00e9gi vezet\u0151, a munkak\u00f6z\u00f6ss\u00e9g tagja volt. <br \/><strong>Irod.:<\/strong> Szab\u00f3 K. Attila; Sz\u00e9kelyf\u00f6ld \u00ed. k<\/br><\/p>\n","protected":false},"excerpt":{"rendered":"<p>Mez\u0151m\u00e9nes, 1880., \u2020\u00a01964.: ref. lelk\u00e9sz. \u2013 Feles\u00e9ge: Ravasz Piroska. Fi\u00fak: Jen\u0151. \u2013 Tanulm\u00e1nyait Mv.-en \u00e9s Kv.-on v\u00e9gezte Lelk\u00e9sz Udvarfalv\u00e1n, (1935\u2013) Magyarf\u00fclp\u00f6s\u00f6n. A Hangya sz\u00f6vetkezet alap\u00edt\u00f3ja \u00e9s eln\u00f6ke, egyh\u00e1zk\u00f6zs\u00e9gi vezet\u0151, a munkak\u00f6z\u00f6ss\u00e9g tagja volt. Irod.: Szab\u00f3 K. Attila; Sz\u00e9kelyf\u00f6ld \u00ed. k<\/p>\n","protected":false},"featured_media":0,"comment_status":"open","ping_status":"closed","template":"","meta":[],"product_brand":[],"product_cat":[137],"product_tag":[],"class_list":{"0":"post-7685","1":"product","2":"type-product","3":"status-publish","5":"product_cat-maros-megyei-eletrajzi-lexikon","7":"first","8":"instock","9":"shipping-taxable","10":"product-type-simple"},"_links":{"self":[{"href":"https:\/\/uj.adatbank.ro\/lexikon\/wp-json\/wp\/v2\/product\/7685","targetHints":{"allow":["GET"]}}],"collection":[{"href":"https:\/\/uj.adatbank.ro\/lexikon\/wp-json\/wp\/v2\/product"}],"about":[{"href":"https:\/\/uj.adatbank.ro\/lexikon\/wp-json\/wp\/v2\/types\/product"}],"replies":[{"embeddable":true,"href":"https:\/\/uj.adatbank.ro\/lexikon\/wp-json\/wp\/v2\/comments?post=7685"}],"wp:attachment":[{"href":"https:\/\/uj.adatbank.ro\/lexikon\/wp-json\/wp\/v2\/media?parent=7685"}],"wp:term":[{"taxonomy":"product_brand","embeddable":true,"href":"https:\/\/uj.adatbank.ro\/lexikon\/wp-json\/wp\/v2\/product_brand?post=7685"},{"taxonomy":"product_cat","embeddable":true,"href":"https:\/\/uj.adatbank.ro\/lexikon\/wp-json\/wp\/v2\/product_cat?post=7685"},{"taxonomy":"product_tag","embeddable":true,"href":"https:\/\/uj.adatbank.ro\/lexikon\/wp-json\/wp\/v2\/product_tag?post=7685"}],"curies":[{"name":"wp","href":"https:\/\/api.w.org\/{rel}","templated":true}]}}