{"id":7686,"date":"2025-06-29T10:00:24","date_gmt":"2025-06-29T08:00:24","guid":{"rendered":"https:\/\/uj.adatbank.ro\/lexikon\/termek\/farkas-jeno-2\/"},"modified":"2025-06-29T10:00:24","modified_gmt":"2025-06-29T08:00:24","slug":"farkas-jeno-2","status":"publish","type":"product","link":"https:\/\/uj.adatbank.ro\/lexikon\/termek\/farkas-jeno-2\/","title":{"rendered":"FARKAS Jen\u0151"},"content":{"rendered":"<p>Ny\u00e1r\u00e1dszereda, 1908. j\u00fal. 15., \u2020\u00a0Mv., 2000. j\u00fan. 3. A sz\u00e9kelykereszt\u00fari temet\u0151ben nyugszik: tan\u00e1r. \u2013 F. Jen\u0151 \u00e9s Ravasz Piroska fia. Feles\u00e9ge: P\u00e9ter Margit tan\u00e1rn\u0151 (\u2020 1988). Gyermekeik: M\u00e1ria-M\u00e1rta (1938\u2013), Mikl\u00f3s (1941\u2013), Jen\u0151 (1944\u2013) tan\u00e1rok. \u2013 Mv.-en a Ref. Koll.-ban tanult, a nagyk\u0151r\u00f6si Arany J\u00e1nos Gimn.-ban \u00e9retts\u00e9gizett (1927). Lelk\u00e9szi diplom\u00e1t szerzett Kv.-on (1930), a franciao.-i Montpellier-ben folytatta teol\u00f3giai tanulm\u00e1nyait- francia-filoz\u00f3fia-pedag\u00f3giai k\u00e9pes\u00edt\u00e9st is nyert. Kv.-on szenior a teol\u00f3gi\u00e1n (1933\u201335) \u00e9s szerk. -tette az Ifj\u00fa Erd\u00e9ly c. lapot. Baselben folytatta tanulm\u00e1nyait. Hitoktat\u00f3 \u00e9s vall\u00e1stan\u00e1r Brass\u00f3ban (1936). Mv. -re k\u00f6lt\u00f6ztek (1940), a Kereskedelmi Iskol\u00e1ban \u00e9s az \u00c1ll. M. Tan\u00edt\u00f3k\u00e9pz\u0151ben vall\u00e1stan\u00e1r, a feles\u00e9ge a Ref. Le\u00e1nygimn.-ban tan\u00edtott. Francia-filoz\u00f3fia-pedag\u00f3giai k\u00e9pes\u00edt\u00e9st is nyert (1948) \u00e9s m. f\u0151szakot, filoz\u00f3fia-l\u00e9lektan mell\u00e9kszakkal (1961). \u00c1thelyezt\u00e9k, Sz\u00e9kelykereszt\u00faron volt m., francia, orosz nyelv-, l\u00e9lektan, pedag\u00f3gia, filoz\u00f3fia tan\u00e1r nyugd\u00edjaz\u00e1s\u00e1ig (1948\u201368). Kereszt\u00far \u00e9s vid\u00e9ke n\u00e9pk\u00f6lt\u00e9szet\u00e9t gy\u0171jt\u00f6tt\u00e9k \u00f6ssze di\u00e1kjai a vak\u00e1ci\u00f3k idej\u00e9n (1957\u201358), k\u00f6zel k\u00e9tsz\u00e1z n\u00e9pmese, tizenegy monda, nyolc ballada, hetven n\u00e9pdal, h\u00e1rom halottas b\u00facs\u00faztat\u00f3, n\u00e9pszok\u00e1s \u00e9s babona, 32 s\u00edrfelirat \u00e9s 1500 h\u00fasv\u00e9ti \u00f6nt\u00f6z\u0151vers \u00e9s sok sz\u00f3l\u00e1s- \u00e9s k\u00f6zmond\u00e1s gy\u0171lt \u00f6ssze. Sz\u00e1mos el\u0151ad\u00e1st k\u00e9sz\u00edtett a di\u00e1kokkal, Mv.-en \u00e9s falvakon j\u00e1tszottak, felfedezett tehets\u00e9geket, pl. Erd\u0151s Irma sz\u00edn\u00e9szi k\u00e9pess\u00e9g\u00e9t. \u2013 <strong>F. m.:<\/strong> Vadr\u00f3zsa vir\u00e1ga (el\u0151sz\u00f3 P\u00e9ter S\u00e1ndor; Edel\u00e9ny, Sepsiszentgy\u00f6rgy, 2004). <br \/><strong>Irod.:<\/strong> Berekm\u00e9ri \u00c1rp\u00e1d R\u00f3bert. Farkas Jen\u0151 f\u0151jegyz\u0151 belmisszi\u00f3i \u00e9rtekez\u00e9se = Sebesty\u00e9n-Spielmann; Derzsi; Farkas Mikl\u00f3s: Mindenki Jenci b\u00e1csija (N\u00fa., Sz\u00ednes Vil\u00e1g, 2008. j\u00fal. 19.); R\u00e1duly J\u00e1nos: Vadr\u00f3zsa vir\u00e1ga (N\u00fa., M\u00fazsa, 2005. okt. 1.)<\/br><\/p>\n","protected":false},"excerpt":{"rendered":"<p>Ny\u00e1r\u00e1dszereda, 1908. j\u00fal. 15., \u2020\u00a0Mv., 2000. j\u00fan. 3. A sz\u00e9kelykereszt\u00fari temet\u0151ben nyugszik: tan\u00e1r. \u2013 F. Jen\u0151 \u00e9s Ravasz Piroska fia. Feles\u00e9ge: P\u00e9ter Margit tan\u00e1rn\u0151 (\u2020 1988). Gyermekeik: M\u00e1ria-M\u00e1rta (1938\u2013), Mikl\u00f3s (1941\u2013), Jen\u0151 (1944\u2013) tan\u00e1rok. \u2013 Mv.-en a Ref. Koll.-ban tanult, a nagyk\u0151r\u00f6si Arany J\u00e1nos Gimn.-ban \u00e9retts\u00e9gizett (1927). Lelk\u00e9szi diplom\u00e1t szerzett Kv.-on (1930), a franciao.-i Montpellier-ben [&hellip;]<\/p>\n","protected":false},"featured_media":0,"comment_status":"open","ping_status":"closed","template":"","meta":[],"product_brand":[],"product_cat":[137],"product_tag":[],"class_list":{"0":"post-7686","1":"product","2":"type-product","3":"status-publish","5":"product_cat-maros-megyei-eletrajzi-lexikon","7":"first","8":"instock","9":"shipping-taxable","10":"product-type-simple"},"_links":{"self":[{"href":"https:\/\/uj.adatbank.ro\/lexikon\/wp-json\/wp\/v2\/product\/7686","targetHints":{"allow":["GET"]}}],"collection":[{"href":"https:\/\/uj.adatbank.ro\/lexikon\/wp-json\/wp\/v2\/product"}],"about":[{"href":"https:\/\/uj.adatbank.ro\/lexikon\/wp-json\/wp\/v2\/types\/product"}],"replies":[{"embeddable":true,"href":"https:\/\/uj.adatbank.ro\/lexikon\/wp-json\/wp\/v2\/comments?post=7686"}],"wp:attachment":[{"href":"https:\/\/uj.adatbank.ro\/lexikon\/wp-json\/wp\/v2\/media?parent=7686"}],"wp:term":[{"taxonomy":"product_brand","embeddable":true,"href":"https:\/\/uj.adatbank.ro\/lexikon\/wp-json\/wp\/v2\/product_brand?post=7686"},{"taxonomy":"product_cat","embeddable":true,"href":"https:\/\/uj.adatbank.ro\/lexikon\/wp-json\/wp\/v2\/product_cat?post=7686"},{"taxonomy":"product_tag","embeddable":true,"href":"https:\/\/uj.adatbank.ro\/lexikon\/wp-json\/wp\/v2\/product_tag?post=7686"}],"curies":[{"name":"wp","href":"https:\/\/api.w.org\/{rel}","templated":true}]}}

FARKAS Jenő

<p>Nyárádszereda, 1908. júl. 15., † Mv., 2000. jún. 3. A székelykeresztúri temetőben nyugszik: tanár. – F. Jenő és Ravasz Piroska fia. Felesége: Péter Margit tanárnő († 1988). Gyermekeik: Mária-Márta (1938–), Miklós (1941–), Jenő (1944–) tanárok. – Mv.-en a Ref. Koll.-ban tanult, a nagykőrösi Arany János Gimn.-ban érettségizett (1927). Lelkészi diplomát szerzett Kv.-on (1930), a franciao.-i Montpellier-ben folytatta teológiai tanulmányait- francia-filozófia-pedagógiai képesítést is nyert. Kv.-on szenior a teológián (1933–35) és szerk. -tette az Ifjú Erdély c. lapot. Baselben folytatta tanulmányait. Hitoktató és vallástanár Brassóban (1936). Mv. -re költöztek (1940), a Kereskedelmi Iskolában és az Áll. M. Tanítóképzőben vallástanár, a felesége a Ref. Leánygimn.-ban tanított. Francia-filozófia-pedagógiai képesítést is nyert (1948) és m. főszakot, filozófia-lélektan mellékszakkal (1961). Áthelyezték, Székelykeresztúron volt m., francia, orosz nyelv-, lélektan, pedagógia, filozófia tanár nyugdíjazásáig (1948–68). Keresztúr és vidéke népköltészetét gyűjtötték össze diákjai a vakációk idején (1957–58), közel kétszáz népmese, tizenegy monda, nyolc ballada, hetven népdal, három halottas búcsúztató, népszokás és babona, 32 sírfelirat és 1500 húsvéti öntözővers és sok szólás- és közmondás gyűlt össze. Számos előadást készített a diákokkal, Mv.-en és falvakon játszottak, felfedezett tehetségeket, pl. Erdős Irma színészi képességét. – <strong>F. m.:</strong> Vadrózsa virága (előszó Péter Sándor; Edelény, Sepsiszentgyörgy, 2004). <br /><strong>Irod.:</strong> Berekméri Árpád Róbert. Farkas Jenő főjegyző belmissziói értekezése = Sebestyén-Spielmann; Derzsi; Farkas Miklós: Mindenki Jenci bácsija (Nú., Színes Világ, 2008. júl. 19.); Ráduly János: Vadrózsa virága (Nú., Múzsa, 2005. okt. 1.)</br></p>

<p>Nyárádszereda, 1908. júl. 15., † Mv., 2000. jún. 3. A székelykeresztúri temetőben nyugszik: tanár. – F. Jenő és Ravasz Piroska fia. Felesége: Péter Margit tanárnő († 1988). Gyermekeik: Mária-Márta (1938–), Miklós (1941–), Jenő (1944–) tanárok. – Mv.-en a Ref. Koll.-ban tanult, a nagykőrösi Arany János Gimn.-ban érettségizett (1927). Lelkészi diplomát szerzett Kv.-on (1930), a franciao.-i Montpellier-ben [&hellip;]</p>
