{"id":7687,"date":"2025-06-29T10:00:25","date_gmt":"2025-06-29T08:00:25","guid":{"rendered":"https:\/\/uj.adatbank.ro\/lexikon\/termek\/farkas-jeno-%c2%a7\/"},"modified":"2025-06-29T10:00:25","modified_gmt":"2025-06-29T08:00:25","slug":"farkas-jeno-%c2%a7","status":"publish","type":"product","link":"https:\/\/uj.adatbank.ro\/lexikon\/termek\/farkas-jeno-%c2%a7\/","title":{"rendered":"FARKAS Jen\u0151, \u00a7"},"content":{"rendered":"<p>Sz\u00e9kelyudvarhely, 1880. m\u00e1j. 20., \u2020 Mv., 1963. \u2013 s\u00edrk\u0151 dec. v\u00e9ge vagy 1964 jan.: ref. lelk\u00e9sz. \u2013 A mv.-i Ref. Koll. \u00e9retts\u00e9gizett (1899), a teol\u00f3gi\u00e1t Kv.-on v\u00e9gezte (1903), papp\u00e1 szentelt\u00e9k (1904). Lelk\u00e9sz Mez\u0151fel\u00e9n (1903-06), P\u00f3k\u00e1n (1906 m\u00e1j. 13. \u2013 1908. nov. 1.), itt vezet\u00e9s\u00e9vel hat\u00e1rozta el az egyh\u00e1zk\u00f6zs\u00e9g prezsbit\u00e9riuma Jakab Rudolf patr\u00f3nus \u00e9s Bud Tibor k\u00e1ntortan\u00edt\u00f3, hogy \u00faj templomot \u00e9p\u00edtenek (1906. aug. 6.). Megalapozta az \u00faj templom \u00e9p\u00edt\u00e9s\u00e9t, kezdem\u00e9nyezte a mez\u0151monyosi templom \u00e9p\u00edt\u00e9s\u00e9t, lelkileg is, anyagilag is meger\u0151s\u00edtette az egyh\u00e1zk\u00f6zs\u00e9get. Udvarfalv\u00e1n folytatta tev\u00e9kenys\u00e9g\u00e9t (1908\u2013), ahol adom\u00e1nyokb\u00f3l restaur\u00e1lt\u00e1k a templomot (1909), \u00faj papilak\u00e1s \u00e9s ref. iskola \u00e9p\u00fclt (1908\u201311). Marosszentann\u00e1n, ahol \u00faj iskola \u00e9s tan\u00edt\u00f3i lak\u00e1s \u00e9p\u00fclt (1911), restaur\u00e1ltatta az \u00f6reg templomot, melynek falain \u00e9rt\u00e9kes 14. sz.-i fresk\u00f3kat tal\u00e1ltak (1912), V\u00e1rhegyen templom, torony, iskola \u00e9p\u00fclt szolg\u00e1lata alatt (1911\u201312). Egyh\u00e1zmegyei tan\u00e1csb\u00edr\u00f3 (1907-08); tan\u00e1csos (1913\u201323); a marosi egyh\u00e1zmegye f\u0151jegyz\u0151je (1923\u201325); marosi esperes (1925\u201351); egyh\u00e1zker\u00fcleti tan\u00e1csos (1926\u201351), az egyh\u00e1zker\u00fcleti tan\u00fcgyi bizotts\u00e1g aleln\u00f6ke (1926\u2013); a mv.-i ref. koll. kur\u00e1tora (1928). A mv.-i M. Kir. \u00c1llami Tan\u00edt\u00f3k\u00e9pz\u0151 Int\u00e9zet \u00e9s L\u00edc.-ban hittant tan\u00edtott (1940\u201344). A mv.-i Ref. Koll. el\u00f6lj\u00e1r\u00f3s\u00e1g egyik tagja (1947. j\u00fal. 5. \u2013). Sz\u00e1mos iskol\u00e1t, t\u00f6bb templomot \u00faj\u00edttatott fel \u00e9s k\u00e9t \u00fajat \u00e9p\u00edttetett. Jelent\u0151s a n\u00e9pm\u0171vel\u00e9s ter\u00e9n kifelytett tev\u00e9kenys\u00e9ge. Az udvarfalvi elemiiskola viseli nev\u00e9t (2007. szept. 16. \u2013). \u2013 <strong>F. m.:<\/strong> A p\u00f3kai reform\u00e1tus egyh\u00e1zk\u00f6zs\u00e9g r\u00f6vid t\u00f6rt\u00e9nete. 1908. K\u00e9zirat. <br \/><strong>Irod.:<\/strong> B\u00f6jthe Andor; Cs\u00e1ky; Csekme; Derzsi; EM; Id\u0151t\u00e1r 3; Id\u0151t\u00e1r 4; Kily\u00e9n Attila: Iskoln\u00e9vad\u00f3 Udvarfalv\u00e1n (N\u00fa., 2007. szept. 25.); Mv. Molter; Mester Zolt\u00e1n: N\u00e9vad\u00f3 \u00fcnneps\u00e9g Udvarfalv\u00e1n (N\u00fa., 2007. szept. 15.); P\u00f3ka; Szab\u00f3 K. Attila; Sz\u00e9kelyf\u00f6ld \u00ed. k.; Sz\u00f6ll\u0151si \u00c1rp\u00e1d: \u00d6tven\u00e9ves templomszentel\u00e9si megeml\u00e9kez\u00e9s P\u00f3k\u00e1ban (N\u00fa., 1998. okt. 30.); Zov\u00e1nyi<\/br><\/p>\n","protected":false},"excerpt":{"rendered":"<p>Sz\u00e9kelyudvarhely, 1880. m\u00e1j. 20., \u2020 Mv., 1963. \u2013 s\u00edrk\u0151 dec. v\u00e9ge vagy 1964 jan.: ref. lelk\u00e9sz. \u2013 A mv.-i Ref. Koll. \u00e9retts\u00e9gizett (1899), a teol\u00f3gi\u00e1t Kv.-on v\u00e9gezte (1903), papp\u00e1 szentelt\u00e9k (1904). Lelk\u00e9sz Mez\u0151fel\u00e9n (1903-06), P\u00f3k\u00e1n (1906 m\u00e1j. 13. \u2013 1908. nov. 1.), itt vezet\u00e9s\u00e9vel hat\u00e1rozta el az egyh\u00e1zk\u00f6zs\u00e9g prezsbit\u00e9riuma Jakab Rudolf patr\u00f3nus \u00e9s Bud Tibor [&hellip;]<\/p>\n","protected":false},"featured_media":0,"comment_status":"open","ping_status":"closed","template":"","meta":[],"product_brand":[],"product_cat":[137],"product_tag":[],"class_list":{"0":"post-7687","1":"product","2":"type-product","3":"status-publish","5":"product_cat-maros-megyei-eletrajzi-lexikon","7":"first","8":"instock","9":"shipping-taxable","10":"product-type-simple"},"_links":{"self":[{"href":"https:\/\/uj.adatbank.ro\/lexikon\/wp-json\/wp\/v2\/product\/7687","targetHints":{"allow":["GET"]}}],"collection":[{"href":"https:\/\/uj.adatbank.ro\/lexikon\/wp-json\/wp\/v2\/product"}],"about":[{"href":"https:\/\/uj.adatbank.ro\/lexikon\/wp-json\/wp\/v2\/types\/product"}],"replies":[{"embeddable":true,"href":"https:\/\/uj.adatbank.ro\/lexikon\/wp-json\/wp\/v2\/comments?post=7687"}],"wp:attachment":[{"href":"https:\/\/uj.adatbank.ro\/lexikon\/wp-json\/wp\/v2\/media?parent=7687"}],"wp:term":[{"taxonomy":"product_brand","embeddable":true,"href":"https:\/\/uj.adatbank.ro\/lexikon\/wp-json\/wp\/v2\/product_brand?post=7687"},{"taxonomy":"product_cat","embeddable":true,"href":"https:\/\/uj.adatbank.ro\/lexikon\/wp-json\/wp\/v2\/product_cat?post=7687"},{"taxonomy":"product_tag","embeddable":true,"href":"https:\/\/uj.adatbank.ro\/lexikon\/wp-json\/wp\/v2\/product_tag?post=7687"}],"curies":[{"name":"wp","href":"https:\/\/api.w.org\/{rel}","templated":true}]}}

FARKAS Jenő, §

<p>Székelyudvarhely, 1880. máj. 20., † Mv., 1963. – sírkő dec. vége vagy 1964 jan.: ref. lelkész. – A mv.-i Ref. Koll. érettségizett (1899), a teológiát Kv.-on végezte (1903), pappá szentelték (1904). Lelkész Mezőfelén (1903-06), Pókán (1906 máj. 13. – 1908. nov. 1.), itt vezetésével határozta el az egyházközség prezsbitériuma Jakab Rudolf patrónus és Bud Tibor kántortanító, hogy új templomot építenek (1906. aug. 6.). Megalapozta az új templom építését, kezdeményezte a mezőmonyosi templom építését, lelkileg is, anyagilag is megerősítette az egyházközséget. Udvarfalván folytatta tevékenységét (1908–), ahol adományokból restaurálták a templomot (1909), új papilakás és ref. iskola épült (1908–11). Marosszentannán, ahol új iskola és tanítói lakás épült (1911), restauráltatta az öreg templomot, melynek falain értékes 14. sz.-i freskókat találtak (1912), Várhegyen templom, torony, iskola épült szolgálata alatt (1911–12). Egyházmegyei tanácsbíró (1907-08); tanácsos (1913–23); a marosi egyházmegye főjegyzője (1923–25); marosi esperes (1925–51); egyházkerületi tanácsos (1926–51), az egyházkerületi tanügyi bizottság alelnöke (1926–); a mv.-i ref. koll. kurátora (1928). A mv.-i M. Kir. Állami Tanítóképző Intézet és Líc.-ban hittant tanított (1940–44). A mv.-i Ref. Koll. elöljáróság egyik tagja (1947. júl. 5. –). Számos iskolát, több templomot újíttatott fel és két újat építtetett. Jelentős a népművelés terén kifelytett tevékenysége. Az udvarfalvi elemiiskola viseli nevét (2007. szept. 16. –). – <strong>F. m.:</strong> A pókai református egyházközség rövid története. 1908. Kézirat. <br /><strong>Irod.:</strong> Böjthe Andor; Csáky; Csekme; Derzsi; EM; Időtár 3; Időtár 4; Kilyén Attila: Iskolnévadó Udvarfalván (Nú., 2007. szept. 25.); Mv. Molter; Mester Zoltán: Névadó ünnepség Udvarfalván (Nú., 2007. szept. 15.); Póka; Szabó K. Attila; Székelyföld í. k.; Szöllősi Árpád: Ötvenéves templomszentelési megemlékezés Pókában (Nú., 1998. okt. 30.); Zoványi</br></p>

<p>Székelyudvarhely, 1880. máj. 20., † Mv., 1963. – sírkő dec. vége vagy 1964 jan.: ref. lelkész. – A mv.-i Ref. Koll. érettségizett (1899), a teológiát Kv.-on végezte (1903), pappá szentelték (1904). Lelkész Mezőfelén (1903-06), Pókán (1906 máj. 13. – 1908. nov. 1.), itt vezetésével határozta el az egyházközség prezsbitériuma Jakab Rudolf patrónus és Bud Tibor [&hellip;]</p>
