{"id":7689,"date":"2025-06-29T10:00:30","date_gmt":"2025-06-29T08:00:30","guid":{"rendered":"https:\/\/uj.adatbank.ro\/lexikon\/termek\/farkas-jozsef-2\/"},"modified":"2025-06-29T10:00:30","modified_gmt":"2025-06-29T08:00:30","slug":"farkas-jozsef-2","status":"publish","type":"product","link":"https:\/\/uj.adatbank.ro\/lexikon\/termek\/farkas-jozsef-2\/","title":{"rendered":"FARKAS J\u00f3zsef"},"content":{"rendered":"<p>? \u2020\u00a0? : tan\u00e1r, szerk. \u2013 M. -n\u00e9met szakos tan\u00e1r, doktor\u00e1lt. A mv.-i R. K. Gimn. tan\u00e1ra (1900\u201340 k.). \u00c9rtekez\u00e9se: Az eszt\u00e9tikai fogalmakr\u00f3l a Mv.-i kat f\u0151gimn\u00e1zium \u00e9rtes\u00edt\u0151j\u00e9ben (1911). Val\u00f3sz\u00edn\u0171 \u0151 szerk. -tette a sz\u00e1szr\u00e9geni Heti H\u00edrek lapot (1928\u201341), k\u00f6zben 3 h\u00f3napi sz\u00fcnet ut\u00e1n \u00fajra megjelent T\u00fck\u00f6r c. -mel, Mv.-en (1929. szept. 1. &#8211; 1930. m\u00e1j. 6.), majd Heti H\u00edrek c.-en folytatta megjelen\u00e9s\u00e9t. Marosmenti Kis \u00dajs\u00e1g (1935), Marosv\u00e1s\u00e1rhelyi Almanach (1912, 1941\/42) \u00e9s az Orsz\u00e1gos V\u00e1s\u00e1ri \u00c9rtes\u00edt\u0151t (1930\u201331). \u2013 <strong>F. m.:<\/strong> Az intertenton genitivus az \u00e1rja gyan\u00edthat\u00f3 alapnyelvekre v. \u0151snyelvekre val\u00f3 tekintettel (Kv, 1906). <br \/><strong>Irod.:<\/strong> B\u00edr\u00f3 Don\u00e1t; Guly\u00e1s; Mv.-i R. K. okt.; Popt\u0103ma\u015f- M\u00f3zes; R. k. okt. \u2013 1; R. k. okt. \u20132<\/br><\/p>\n","protected":false},"excerpt":{"rendered":"<p>? \u2020\u00a0? : tan\u00e1r, szerk. \u2013 M. -n\u00e9met szakos tan\u00e1r, doktor\u00e1lt. A mv.-i R. K. Gimn. tan\u00e1ra (1900\u201340 k.). \u00c9rtekez\u00e9se: Az eszt\u00e9tikai fogalmakr\u00f3l a Mv.-i kat f\u0151gimn\u00e1zium \u00e9rtes\u00edt\u0151j\u00e9ben (1911). Val\u00f3sz\u00edn\u0171 \u0151 szerk. -tette a sz\u00e1szr\u00e9geni Heti H\u00edrek lapot (1928\u201341), k\u00f6zben 3 h\u00f3napi sz\u00fcnet ut\u00e1n \u00fajra megjelent T\u00fck\u00f6r c. -mel, Mv.-en (1929. szept. 1. &#8211; 1930. [&hellip;]<\/p>\n","protected":false},"featured_media":0,"comment_status":"open","ping_status":"closed","template":"","meta":[],"product_brand":[],"product_cat":[137],"product_tag":[],"class_list":{"0":"post-7689","1":"product","2":"type-product","3":"status-publish","5":"product_cat-maros-megyei-eletrajzi-lexikon","7":"first","8":"instock","9":"shipping-taxable","10":"product-type-simple"},"_links":{"self":[{"href":"https:\/\/uj.adatbank.ro\/lexikon\/wp-json\/wp\/v2\/product\/7689","targetHints":{"allow":["GET"]}}],"collection":[{"href":"https:\/\/uj.adatbank.ro\/lexikon\/wp-json\/wp\/v2\/product"}],"about":[{"href":"https:\/\/uj.adatbank.ro\/lexikon\/wp-json\/wp\/v2\/types\/product"}],"replies":[{"embeddable":true,"href":"https:\/\/uj.adatbank.ro\/lexikon\/wp-json\/wp\/v2\/comments?post=7689"}],"wp:attachment":[{"href":"https:\/\/uj.adatbank.ro\/lexikon\/wp-json\/wp\/v2\/media?parent=7689"}],"wp:term":[{"taxonomy":"product_brand","embeddable":true,"href":"https:\/\/uj.adatbank.ro\/lexikon\/wp-json\/wp\/v2\/product_brand?post=7689"},{"taxonomy":"product_cat","embeddable":true,"href":"https:\/\/uj.adatbank.ro\/lexikon\/wp-json\/wp\/v2\/product_cat?post=7689"},{"taxonomy":"product_tag","embeddable":true,"href":"https:\/\/uj.adatbank.ro\/lexikon\/wp-json\/wp\/v2\/product_tag?post=7689"}],"curies":[{"name":"wp","href":"https:\/\/api.w.org\/{rel}","templated":true}]}}

FARKAS József

<p>? † ? : tanár, szerk. – M. -német szakos tanár, doktorált. A mv.-i R. K. Gimn. tanára (1900–40 k.). Értekezése: Az esztétikai fogalmakról a Mv.-i kat főgimnázium értesítőjében (1911). Valószínű ő szerk. -tette a szászrégeni Heti Hírek lapot (1928–41), közben 3 hónapi szünet után újra megjelent Tükör c. -mel, Mv.-en (1929. szept. 1. &#8211; 1930. máj. 6.), majd Heti Hírek c.-en folytatta megjelenését. Marosmenti Kis Újság (1935), Marosvásárhelyi Almanach (1912, 1941/42) és az Országos Vásári Értesítőt (1930–31). – <strong>F. m.:</strong> Az intertenton genitivus az árja gyanítható alapnyelvekre v. ősnyelvekre való tekintettel (Kv, 1906). <br /><strong>Irod.:</strong> Bíró Donát; Gulyás; Mv.-i R. K. okt.; Poptămaş- Mózes; R. k. okt. – 1; R. k. okt. –2</br></p>

<p>? † ? : tanár, szerk. – M. -német szakos tanár, doktorált. A mv.-i R. K. Gimn. tanára (1900–40 k.). Értekezése: Az esztétikai fogalmakról a Mv.-i kat főgimnázium értesítőjében (1911). Valószínű ő szerk. -tette a szászrégeni Heti Hírek lapot (1928–41), közben 3 hónapi szünet után újra megjelent Tükör c. -mel, Mv.-en (1929. szept. 1. &#8211; 1930. [&hellip;]</p>
