{"id":7690,"date":"2025-06-29T10:00:35","date_gmt":"2025-06-29T08:00:35","guid":{"rendered":"https:\/\/uj.adatbank.ro\/lexikon\/termek\/farkas-jozsef-3\/"},"modified":"2025-06-29T10:00:35","modified_gmt":"2025-06-29T08:00:35","slug":"farkas-jozsef-3","status":"publish","type":"product","link":"https:\/\/uj.adatbank.ro\/lexikon\/termek\/farkas-jozsef-3\/","title":{"rendered":"FARKAS J\u00f3zsef"},"content":{"rendered":"<p>Geges, 1886., \u2020\u00a0? : ref. lelk\u00e9sz. \u2013 K\u00f6z\u00e9piskol\u00e1it Sz\u00e9kelyudvarhelyen a teol\u00f3gi\u00e1t Kv.-on v\u00e9gezte, papp\u00e1 szentelt\u00e9k (1924). M\u0171k\u00f6d\u00e9s\u00e9t Gegesen kezdte mint teol\u00f3gus \u00e9s tan\u00edt\u00f3, majd a b\u00e1r\u00f3 Medny\u00e1nszky csal\u00e1dn\u00e1l volt nevel\u0151. Az els\u0151 vh.-ban a 22. gy. e. k\u00f6tel\u00e9k\u00e9ben az orosz fronton harcolt, megsebes\u00fclt, az arany \u00e9rd. kereszt, a K\u00e1roly Csapatkereszt kit\u00fcntet\u00e9ssel, mint hadnagy szerelt le. Ut\u00e1na Gegesen (1918\u201324), Ny\u00e1r\u00e1dszentsimonban (1924- m\u00e9g 1941-ben is) mint lelk\u00e9sz \u00e9s tan\u00edt\u00f3 m\u0171k\u00f6d\u00f6tt. Lelk\u00e9szi munk\u00e1j\u00e1n kiv\u00fcl a k\u00f6zs\u00e9g felvir\u00e1goztat\u00e1s\u00e1ban is tev\u00e9keny r\u00e9szt vett igy a helyi Tejsz\u00f6vetkezet vezet\u0151je, a Gazdak\u00f6r jegyz\u0151je, a MP eln\u00f6ke, az Erd\u00e9lyi P\u00e1rt vezet\u0151je volt. <br \/><strong>Irod.:<\/strong> Ref. egyetemes n\u00e9vt\u00e1r; Sz\u00e9kelyf\u00f6ld \u00ed. k<\/br><\/p>\n","protected":false},"excerpt":{"rendered":"<p>Geges, 1886., \u2020\u00a0? : ref. lelk\u00e9sz. \u2013 K\u00f6z\u00e9piskol\u00e1it Sz\u00e9kelyudvarhelyen a teol\u00f3gi\u00e1t Kv.-on v\u00e9gezte, papp\u00e1 szentelt\u00e9k (1924). M\u0171k\u00f6d\u00e9s\u00e9t Gegesen kezdte mint teol\u00f3gus \u00e9s tan\u00edt\u00f3, majd a b\u00e1r\u00f3 Medny\u00e1nszky csal\u00e1dn\u00e1l volt nevel\u0151. Az els\u0151 vh.-ban a 22. gy. e. k\u00f6tel\u00e9k\u00e9ben az orosz fronton harcolt, megsebes\u00fclt, az arany \u00e9rd. kereszt, a K\u00e1roly Csapatkereszt kit\u00fcntet\u00e9ssel, mint hadnagy szerelt le. [&hellip;]<\/p>\n","protected":false},"featured_media":0,"comment_status":"open","ping_status":"closed","template":"","meta":[],"product_brand":[],"product_cat":[137],"product_tag":[],"class_list":{"0":"post-7690","1":"product","2":"type-product","3":"status-publish","5":"product_cat-maros-megyei-eletrajzi-lexikon","7":"first","8":"instock","9":"shipping-taxable","10":"product-type-simple"},"_links":{"self":[{"href":"https:\/\/uj.adatbank.ro\/lexikon\/wp-json\/wp\/v2\/product\/7690","targetHints":{"allow":["GET"]}}],"collection":[{"href":"https:\/\/uj.adatbank.ro\/lexikon\/wp-json\/wp\/v2\/product"}],"about":[{"href":"https:\/\/uj.adatbank.ro\/lexikon\/wp-json\/wp\/v2\/types\/product"}],"replies":[{"embeddable":true,"href":"https:\/\/uj.adatbank.ro\/lexikon\/wp-json\/wp\/v2\/comments?post=7690"}],"wp:attachment":[{"href":"https:\/\/uj.adatbank.ro\/lexikon\/wp-json\/wp\/v2\/media?parent=7690"}],"wp:term":[{"taxonomy":"product_brand","embeddable":true,"href":"https:\/\/uj.adatbank.ro\/lexikon\/wp-json\/wp\/v2\/product_brand?post=7690"},{"taxonomy":"product_cat","embeddable":true,"href":"https:\/\/uj.adatbank.ro\/lexikon\/wp-json\/wp\/v2\/product_cat?post=7690"},{"taxonomy":"product_tag","embeddable":true,"href":"https:\/\/uj.adatbank.ro\/lexikon\/wp-json\/wp\/v2\/product_tag?post=7690"}],"curies":[{"name":"wp","href":"https:\/\/api.w.org\/{rel}","templated":true}]}}

FARKAS József

<p>Geges, 1886., † ? : ref. lelkész. – Középiskoláit Székelyudvarhelyen a teológiát Kv.-on végezte, pappá szentelték (1924). Működését Gegesen kezdte mint teológus és tanító, majd a báró Mednyánszky családnál volt nevelő. Az első vh.-ban a 22. gy. e. kötelékében az orosz fronton harcolt, megsebesült, az arany érd. kereszt, a Károly Csapatkereszt kitüntetéssel, mint hadnagy szerelt le. Utána Gegesen (1918–24), Nyárádszentsimonban (1924- még 1941-ben is) mint lelkész és tanító működött. Lelkészi munkáján kivül a község felvirágoztatásában is tevékeny részt vett igy a helyi Tejszövetkezet vezetője, a Gazdakör jegyzője, a MP elnöke, az Erdélyi Párt vezetője volt. <br /><strong>Irod.:</strong> Ref. egyetemes névtár; Székelyföld í. k</br></p>

<p>Geges, 1886., † ? : ref. lelkész. – Középiskoláit Székelyudvarhelyen a teológiát Kv.-on végezte, pappá szentelték (1924). Működését Gegesen kezdte mint teológus és tanító, majd a báró Mednyánszky családnál volt nevelő. Az első vh.-ban a 22. gy. e. kötelékében az orosz fronton harcolt, megsebesült, az arany érd. kereszt, a Károly Csapatkereszt kitüntetéssel, mint hadnagy szerelt le. [&hellip;]</p>
