{"id":7693,"date":"2025-06-29T10:00:43","date_gmt":"2025-06-29T08:00:43","guid":{"rendered":"https:\/\/uj.adatbank.ro\/lexikon\/termek\/farkas-jozsef-%c2%a7-cserefalvi\/"},"modified":"2025-06-29T10:00:43","modified_gmt":"2025-06-29T08:00:43","slug":"farkas-jozsef-%c2%a7-cserefalvi","status":"publish","type":"product","link":"https:\/\/uj.adatbank.ro\/lexikon\/termek\/farkas-jozsef-%c2%a7-cserefalvi\/","title":{"rendered":"FARKAS J\u00f3zsef, \u00a7 cserefalvi"},"content":{"rendered":"<p>Mv., 1904. febr. 11., \u2020 Mv., 1972. aug. 13.: \u00e9p\u00edt\u00e9sz, v\u00e1llalkoz\u00f3. \u2013 Marosi Ildik\u00f3 apja. \u2013 Mv.-en, a fels\u0151kereskedelmi iskol\u00e1ban folytatta tanulm\u00e1nyait (1922). Kitanulta a k\u0151m\u0171ves mesters\u00e9get, Bp.-en v\u00e9gezte a r\u00e9gi h\u00edres pall\u00e9riskol\u00e1t. Hazaj\u0151ve Petrovits K\u00e1lm\u00e1nn\u00e1l \u00e9s L\u00f3benschuss J\u00f3zsef mv.-i \u00e9p\u00edt\u00e9szn\u00e9l dolgozott, mint \u00e9p\u00fcletrajzol\u00f3 \u00e9s \u00e9p\u00edt\u00e9svezet\u0151, r\u00e9szt vett a minorit\u00e1k K\u00f6teles S\u00e1muel u.-i k\u00e9t emeletes h\u00e1z\u00e1nak \u00e9s az unit. templom \u00e9p\u00edt\u00e9s\u00e9n\u00e9l (1922\u201329). Tervez\u00e9si \u00e9s kivitelez\u00e9si v\u00e1llalatot alap\u00edtott, a gazdas\u00e1gi fellend\u0171l\u00e9s (1930\u201340- es \u00e9vek elej\u00e9n) idej\u00e9n a mag\u00e1n, az \u00e1llami \u00e9s sz\u00f6vetkezeti \u00e9p\u00edtkez\u00e9sek j\u00f3l ell\u00e1t\u00e1tt\u00e1k munk\u00e1val. T\u00f6bb mv.-i \u00e9s szov\u00e1tai emeletes b\u00e9rh\u00e1z, villa \u00e9s mag\u00e1nh\u00e1z \u00e9p\u00edt\u00e9se f\u0171z\u0151dik nev\u00e9hez. Megv\u00e1s\u00e1rolta a Teleki-kertet (a T\u00e9k\u00e1t\u00f3l a ref. temet\u0151ig) \u00e9s a Tornakertt\u0151l az als\u00f3 G\u00f6rbe utc\u00e1ig, felparcell\u00e1zta \u00e9s csal\u00e1di h\u00e1zakat \u00e9p\u00edtettek (1939-ig). Sok lak\u00f3h\u00e1zat is \u00e9p\u00edtett, az els\u0151t Kl\u00f3sz B\u00e1linttal egy\u00fctt tervezt\u00e9k (1927), az utols\u00f3 a 124. (1948). Kivitelezte: a Fekete csal\u00e1d k\u00e9temeletes h\u00e1z\u00e1t (R\u00f3zs\u00e1k tere 15. sz; 1930); Vogel K\u00e1rolyn\u00e9, sz. Krob\u00e1t Anna, tulajdon\u00e1t k\u00e9pez\u0151 nagy csal\u00e1di h\u00e1zat (Iuliu Maniu u. 8. sz.; 1937); Fulea Octavian modern h\u00e1z\u00e1t (a Radnai u. 6. sz.; 1939), amelyeket Ga\u00e1l P\u00e1l tervezett; tervezte \u00e9s kivitelezte a Ga\u00e1l M\u00e1rton h\u00e1z\u00e1t (a Cuza Voda u. 53. sz.), a M\u00e1rton \u00c1ron u. 2 \u00e9s 4 sz. alatt k\u00e9t modern st\u00edlus\u00fa h\u00e1zat; a mai Sportol\u00f3k u. 6, 8, 10 \u00e9s 12. sz. (1938\u201339). A meger\u0151s\u00f6d\u00f6tt, \u00e1ltala vezetett \u00e9p\u00edtkez\u00e9si c\u00e9g, m\u00e1r 500 munk\u00e1ssal dolgozott (1940\u201344). P\u00e1ly\u00e1zaton megnyerte a d\u00e9da-szeretfalvi vas\u00fatvonal \u00e9p\u00edt\u00e9szeti objektumainak tervezet\u00e9t, megtervezte a d\u00e9dai \u00e9s a szeretfalvi \u00e1llom\u00e1s\u00e9p\u00fcleteket, tervezte \u00e9s kivitelezte az Erd\u00e9lyr\u00e9szi Hangya Sz\u00f6vetkezet mv.-i sz\u00e9kh\u00e1z\u00e1t (1943), a meggyesfalvi Konzervgy\u00e1rat, h\u0171t\u0151h\u00e1zat, Cs\u00edszered\u00e1ban a k\u00f6zponti sz\u00e1ll\u00f3d\u00e1t, a Hangya-h\u00e1zat, Kv.-on a Doh\u00e1nygy\u00e1rat stb. (1940\u201344). Sokat dolgozott az egyh\u00e1znak is: \u00e1talak\u00edtotta a Kistemplom t\u00e9ri par\u00f3ki\u00e1t, \u0151 \u00e9p\u00edtette az esperesi h\u00e1zat, a V\u00e1rosh\u00e1z\u00e1val szembeni papi lakot, az ifjus\u00e1gi egyes\u00fclet, az IKE sz\u00e9kh\u00e1z\u00e1t (B\u00e1bsz\u00ednh\u00e1z). Titk\u00e1ra volt a M\u00e9rn\u00f6k \u00e9s \u00c9p\u00edt\u00e9sz Egyes\u00fcletnek. A V\u00e1rtemplom presbitere, a ref. egyh\u00e1z m\u0171szaki tan\u00e1csosa. 120 templom m\u0171eml\u00e9kk\u00e9 val\u00f3 nyilv\u00e1n\u00edt\u00e1s\u00e1t v\u00e9gezte el a M\u0171eml\u00e9ki Tan\u00e1cs sz\u00e1m\u00e1ra. Mag\u00e1nak k\u00e9t csal\u00e1di h\u00e1zat (Cuza Voda u. 74 sz., M\u00e1ty\u00e1s kir. t\u00e9r 9., \/ Matei Corvin) \u00e9p\u00edtetett, amelyeken Csorv\u00e1ssy Istv\u00e1n valamint Izs\u00e1k M\u00e1rton szobr\u00e1szm\u0171v\u00e9sz domborm\u0171vei l\u00e1that\u00f3k. Az els\u0151t eladta \u00e1llamos\u00edt\u00e1s el\u0151tt, a m\u00e1sodikba a h\u00e1bor\u00fa befejez\u00e9sekor, a menek\u00fcl\u00e9s ut\u00e1n Ausztri\u00e1b\u00f3l j\u00f6tt haza a csal\u00e1d. Azonnal dolgozni kezdett, megalakult Architectura n\u00e9ven, az \u00e9p\u00edtkez\u00e9si sz\u00f6vetkezet, amelynek m\u0171szaki vezet\u0151je volt nyugd\u00edjaz\u00e1s\u00e1ig. Szerepet v\u00e1llalt a felrobbantott obiektumok \u00fajra\u00e9p\u00edt\u00e9s\u00e9ben, Maetz Ervin m\u00e9rn\u00f6kkel \u00fajj\u00e1\u00e9p\u00edtett\u00e9k a marosi g\u00e1tat, a turbinah\u00e1zat. Rad\u00f3 K\u00e1lm\u00e1n az \u00faj \u00c9p\u00edtkez\u00e9si Tr\u00f6szt (1948) igazgat\u00f3ja alkalmazta nyugd\u00edjaz\u00e1sa ut\u00e1n hal\u00e1l\u00e1ig. Tervez\u0151k\u00e9nt \u00e9s kivitelez\u0151k\u00e9nt is \u00e9rt\u00e9keset alkotott a szecesszi\u00f3s, neorom\u00e1n \u00e9s modern st\u00edlus\u00fa \u00e9p\u00fcleteivel. Tagja volt a Rom\u00e1niai M\u00e9rn\u00f6k\u00f6k Koll. -\u00e1nak. <br \/><strong>Irod.:<\/strong> EM; Fodor S\u00e1ndor: Maradand\u00f3t alkotott (N\u00fa., Sz\u00ednes Vil\u00e1g, 2006. febr. 25.); Man: Tg. M., 3.; M\u00e1th\u00e9 \u00c9va: \u201eMivel nagyon szeretem a j\u00f3 k\u00f6nyveket, nagyon tisztelem a j\u00f3 \u00edr\u00f3kat\u201d: interj\u00fa M. I. mv.-i irodalomt\u00f6rt\u00e9n\u00e9sszel (Sz\u00e9kelyf\u00f6ld, 2004, 10. sz.); M\u00e1th\u00e9 \u00c9va: Mesters\u00e9ge: irodalmi b\u00fav\u00e1rkod\u00e1s (V\u00e1s\u00e1rhelyi H\u00edrlap, 2008. m\u00e1rc. 20.); \u00d6kr\u00f6s; Visnai<\/br><\/p>\n","protected":false},"excerpt":{"rendered":"<p>Mv., 1904. febr. 11., \u2020 Mv., 1972. aug. 13.: \u00e9p\u00edt\u00e9sz, v\u00e1llalkoz\u00f3. \u2013 Marosi Ildik\u00f3 apja. \u2013 Mv.-en, a fels\u0151kereskedelmi iskol\u00e1ban folytatta tanulm\u00e1nyait (1922). Kitanulta a k\u0151m\u0171ves mesters\u00e9get, Bp.-en v\u00e9gezte a r\u00e9gi h\u00edres pall\u00e9riskol\u00e1t. Hazaj\u0151ve Petrovits K\u00e1lm\u00e1nn\u00e1l \u00e9s L\u00f3benschuss J\u00f3zsef mv.-i \u00e9p\u00edt\u00e9szn\u00e9l dolgozott, mint \u00e9p\u00fcletrajzol\u00f3 \u00e9s \u00e9p\u00edt\u00e9svezet\u0151, r\u00e9szt vett a minorit\u00e1k K\u00f6teles S\u00e1muel u.-i k\u00e9t emeletes [&hellip;]<\/p>\n","protected":false},"featured_media":0,"comment_status":"open","ping_status":"closed","template":"","meta":[],"product_brand":[],"product_cat":[137],"product_tag":[],"class_list":{"0":"post-7693","1":"product","2":"type-product","3":"status-publish","5":"product_cat-maros-megyei-eletrajzi-lexikon","7":"first","8":"instock","9":"shipping-taxable","10":"product-type-simple"},"_links":{"self":[{"href":"https:\/\/uj.adatbank.ro\/lexikon\/wp-json\/wp\/v2\/product\/7693","targetHints":{"allow":["GET"]}}],"collection":[{"href":"https:\/\/uj.adatbank.ro\/lexikon\/wp-json\/wp\/v2\/product"}],"about":[{"href":"https:\/\/uj.adatbank.ro\/lexikon\/wp-json\/wp\/v2\/types\/product"}],"replies":[{"embeddable":true,"href":"https:\/\/uj.adatbank.ro\/lexikon\/wp-json\/wp\/v2\/comments?post=7693"}],"wp:attachment":[{"href":"https:\/\/uj.adatbank.ro\/lexikon\/wp-json\/wp\/v2\/media?parent=7693"}],"wp:term":[{"taxonomy":"product_brand","embeddable":true,"href":"https:\/\/uj.adatbank.ro\/lexikon\/wp-json\/wp\/v2\/product_brand?post=7693"},{"taxonomy":"product_cat","embeddable":true,"href":"https:\/\/uj.adatbank.ro\/lexikon\/wp-json\/wp\/v2\/product_cat?post=7693"},{"taxonomy":"product_tag","embeddable":true,"href":"https:\/\/uj.adatbank.ro\/lexikon\/wp-json\/wp\/v2\/product_tag?post=7693"}],"curies":[{"name":"wp","href":"https:\/\/api.w.org\/{rel}","templated":true}]}}

FARKAS József, § cserefalvi

<p>Mv., 1904. febr. 11., † Mv., 1972. aug. 13.: építész, vállalkozó. – Marosi Ildikó apja. – Mv.-en, a felsőkereskedelmi iskolában folytatta tanulmányait (1922). Kitanulta a kőműves mesterséget, Bp.-en végezte a régi híres pallériskolát. Hazajőve Petrovits Kálmánnál és Lóbenschuss József mv.-i építésznél dolgozott, mint épületrajzoló és építésvezető, részt vett a minoriták Köteles Sámuel u.-i két emeletes házának és az unit. templom építésénél (1922–29). Tervezési és kivitelezési vállalatot alapított, a gazdasági fellendűlés (1930–40- es évek elején) idején a magán, az állami és szövetkezeti építkezések jól ellátátták munkával. Több mv.-i és szovátai emeletes bérház, villa és magánház építése fűződik nevéhez. Megvásárolta a Teleki-kertet (a Tékától a ref. temetőig) és a Tornakerttől az alsó Görbe utcáig, felparcellázta és családi házakat építettek (1939-ig). Sok lakóházat is épített, az elsőt Klósz Bálinttal együtt tervezték (1927), az utolsó a 124. (1948). Kivitelezte: a Fekete család kétemeletes házát (Rózsák tere 15. sz; 1930); Vogel Károlyné, sz. Krobát Anna, tulajdonát képező nagy családi házat (Iuliu Maniu u. 8. sz.; 1937); Fulea Octavian modern házát (a Radnai u. 6. sz.; 1939), amelyeket Gaál Pál tervezett; tervezte és kivitelezte a Gaál Márton házát (a Cuza Voda u. 53. sz.), a Márton Áron u. 2 és 4 sz. alatt két modern stílusú házat; a mai Sportolók u. 6, 8, 10 és 12. sz. (1938–39). A megerősödött, általa vezetett építkezési cég, már 500 munkással dolgozott (1940–44). Pályázaton megnyerte a déda-szeretfalvi vasútvonal építészeti objektumainak tervezetét, megtervezte a dédai és a szeretfalvi állomásépületeket, tervezte és kivitelezte az Erdélyrészi Hangya Szövetkezet mv.-i székházát (1943), a meggyesfalvi Konzervgyárat, hűtőházat, Csíszeredában a központi szállódát, a Hangya-házat, Kv.-on a Dohánygyárat stb. (1940–44). Sokat dolgozott az egyháznak is: átalakította a Kistemplom téri parókiát, ő építette az esperesi házat, a Városházával szembeni papi lakot, az ifjusági egyesület, az IKE székházát (Bábszínház). Titkára volt a Mérnök és Építész Egyesületnek. A Vártemplom presbitere, a ref. egyház műszaki tanácsosa. 120 templom műemlékké való nyilvánítását végezte el a Műemléki Tanács számára. Magának két családi házat (Cuza Voda u. 74 sz., Mátyás kir. tér 9., / Matei Corvin) építetett, amelyeken Csorvássy István valamint Izsák Márton szobrászművész domborművei láthatók. Az elsőt eladta államosítás előtt, a másodikba a háború befejezésekor, a menekülés után Ausztriából jött haza a család. Azonnal dolgozni kezdett, megalakult Architectura néven, az építkezési szövetkezet, amelynek műszaki vezetője volt nyugdíjazásáig. Szerepet vállalt a felrobbantott obiektumok újraépítésében, Maetz Ervin mérnökkel újjáépítették a marosi gátat, a turbinaházat. Radó Kálmán az új Építkezési Tröszt (1948) igazgatója alkalmazta nyugdíjazása után haláláig. Tervezőként és kivitelezőként is értékeset alkotott a szecessziós, neoromán és modern stílusú épületeivel. Tagja volt a Romániai Mérnökök Koll. -ának. <br /><strong>Irod.:</strong> EM; Fodor Sándor: Maradandót alkotott (Nú., Színes Világ, 2006. febr. 25.); Man: Tg. M., 3.; Máthé Éva: „Mivel nagyon szeretem a jó könyveket, nagyon tisztelem a jó írókat”: interjú M. I. mv.-i irodalomtörténésszel (Székelyföld, 2004, 10. sz.); Máthé Éva: Mestersége: irodalmi búvárkodás (Vásárhelyi Hírlap, 2008. márc. 20.); Ökrös; Visnai</br></p>

<p>Mv., 1904. febr. 11., † Mv., 1972. aug. 13.: építész, vállalkozó. – Marosi Ildikó apja. – Mv.-en, a felsőkereskedelmi iskolában folytatta tanulmányait (1922). Kitanulta a kőműves mesterséget, Bp.-en végezte a régi híres pallériskolát. Hazajőve Petrovits Kálmánnál és Lóbenschuss József mv.-i építésznél dolgozott, mint épületrajzoló és építésvezető, részt vett a minoriták Köteles Sámuel u.-i két emeletes [&hellip;]</p>
