{"id":7694,"date":"2025-06-29T10:00:45","date_gmt":"2025-06-29T08:00:45","guid":{"rendered":"https:\/\/uj.adatbank.ro\/lexikon\/termek\/farkas-jozsef-borbereki\/"},"modified":"2025-06-29T10:00:45","modified_gmt":"2025-06-29T08:00:45","slug":"farkas-jozsef-borbereki","status":"publish","type":"product","link":"https:\/\/uj.adatbank.ro\/lexikon\/termek\/farkas-jozsef-borbereki\/","title":{"rendered":"FARKAS J\u00f3zsef, borbereki"},"content":{"rendered":"<p>? \u2020\u00a0? : f\u00f6ldbirtokos. \u2013 F. Mih\u00e1ly, \u00e9s \u00c9ltet\u0151 Krisztina fia. Feles\u00e9ge: m\u00e1jai Albert Emma. Le\u00e1nyaik: Gizella Apor J\u00f3zsefn\u00e9 (Dedr\u00e1dsz\u00e9plak, 1892. dec. 1. &#8211; Mv., 1962); Irma Apor P\u00e9tern\u00e9 (Dedr\u00e1dsz\u00e9plak, 1894. j\u00fan. 12. &#8211; Kv., 1982. aug. 6.) \u2013 F\u00f6ldbirtokos Dedr\u00e1dsz\u00e9plakon, birtokaik m\u00e9g Magyarr\u00e9gen, Sz\u00e1szr\u00e9gen, F\u00fcleh\u00e1za, Palota, G\u00f6demesterh\u00e1za, Ol\u00e1htoplica, Dedr\u00e1d, Sz\u00e9plak, B\u00e1tos, Sz\u00e1szl\u00fadv\u00e9g, Ol\u00e1h\u00fafalu hat\u00e1raiban voltak. Udvarhh\u00e1za volt Beresztelk\u00e9n. <br \/><strong>Irod.:<\/strong> B\u00edr\u00f3 Don\u00e1t; Gudenus; Id\u0151t\u00e1r 3; Keresztes Gyula: \u00d6r\u00f6ks\u00e9g\u00fcnk 68.: Udvarh\u00e1zak a Maros jobb oldal\u00e1n (N\u00fa., 1994. nov. 26.); P\u00e1lmay<\/br><\/p>\n","protected":false},"excerpt":{"rendered":"<p>? \u2020\u00a0? : f\u00f6ldbirtokos. \u2013 F. Mih\u00e1ly, \u00e9s \u00c9ltet\u0151 Krisztina fia. Feles\u00e9ge: m\u00e1jai Albert Emma. Le\u00e1nyaik: Gizella Apor J\u00f3zsefn\u00e9 (Dedr\u00e1dsz\u00e9plak, 1892. dec. 1. &#8211; Mv., 1962); Irma Apor P\u00e9tern\u00e9 (Dedr\u00e1dsz\u00e9plak, 1894. j\u00fan. 12. &#8211; Kv., 1982. aug. 6.) \u2013 F\u00f6ldbirtokos Dedr\u00e1dsz\u00e9plakon, birtokaik m\u00e9g Magyarr\u00e9gen, Sz\u00e1szr\u00e9gen, F\u00fcleh\u00e1za, Palota, G\u00f6demesterh\u00e1za, Ol\u00e1htoplica, Dedr\u00e1d, Sz\u00e9plak, B\u00e1tos, Sz\u00e1szl\u00fadv\u00e9g, Ol\u00e1h\u00fafalu hat\u00e1raiban [&hellip;]<\/p>\n","protected":false},"featured_media":0,"comment_status":"open","ping_status":"closed","template":"","meta":[],"product_brand":[],"product_cat":[137],"product_tag":[],"class_list":{"0":"post-7694","1":"product","2":"type-product","3":"status-publish","5":"product_cat-maros-megyei-eletrajzi-lexikon","7":"first","8":"instock","9":"shipping-taxable","10":"product-type-simple"},"_links":{"self":[{"href":"https:\/\/uj.adatbank.ro\/lexikon\/wp-json\/wp\/v2\/product\/7694","targetHints":{"allow":["GET"]}}],"collection":[{"href":"https:\/\/uj.adatbank.ro\/lexikon\/wp-json\/wp\/v2\/product"}],"about":[{"href":"https:\/\/uj.adatbank.ro\/lexikon\/wp-json\/wp\/v2\/types\/product"}],"replies":[{"embeddable":true,"href":"https:\/\/uj.adatbank.ro\/lexikon\/wp-json\/wp\/v2\/comments?post=7694"}],"wp:attachment":[{"href":"https:\/\/uj.adatbank.ro\/lexikon\/wp-json\/wp\/v2\/media?parent=7694"}],"wp:term":[{"taxonomy":"product_brand","embeddable":true,"href":"https:\/\/uj.adatbank.ro\/lexikon\/wp-json\/wp\/v2\/product_brand?post=7694"},{"taxonomy":"product_cat","embeddable":true,"href":"https:\/\/uj.adatbank.ro\/lexikon\/wp-json\/wp\/v2\/product_cat?post=7694"},{"taxonomy":"product_tag","embeddable":true,"href":"https:\/\/uj.adatbank.ro\/lexikon\/wp-json\/wp\/v2\/product_tag?post=7694"}],"curies":[{"name":"wp","href":"https:\/\/api.w.org\/{rel}","templated":true}]}}

FARKAS József, borbereki

<p>? † ? : földbirtokos. – F. Mihály, és Éltető Krisztina fia. Felesége: májai Albert Emma. Leányaik: Gizella Apor Józsefné (Dedrádszéplak, 1892. dec. 1. &#8211; Mv., 1962); Irma Apor Péterné (Dedrádszéplak, 1894. jún. 12. &#8211; Kv., 1982. aug. 6.) – Földbirtokos Dedrádszéplakon, birtokaik még Magyarrégen, Szászrégen, Füleháza, Palota, Gödemesterháza, Oláhtoplica, Dedrád, Széplak, Bátos, Szászlúdvég, Oláhúfalu határaiban voltak. Udvarhháza volt Beresztelkén. <br /><strong>Irod.:</strong> Bíró Donát; Gudenus; Időtár 3; Keresztes Gyula: Örökségünk 68.: Udvarházak a Maros jobb oldalán (Nú., 1994. nov. 26.); Pálmay</br></p>

<p>? † ? : földbirtokos. – F. Mihály, és Éltető Krisztina fia. Felesége: májai Albert Emma. Leányaik: Gizella Apor Józsefné (Dedrádszéplak, 1892. dec. 1. &#8211; Mv., 1962); Irma Apor Péterné (Dedrádszéplak, 1894. jún. 12. &#8211; Kv., 1982. aug. 6.) – Földbirtokos Dedrádszéplakon, birtokaik még Magyarrégen, Szászrégen, Füleháza, Palota, Gödemesterháza, Oláhtoplica, Dedrád, Széplak, Bátos, Szászlúdvég, Oláhúfalu határaiban [&hellip;]</p>
