{"id":7703,"date":"2025-06-29T10:00:59","date_gmt":"2025-06-29T08:00:59","guid":{"rendered":"https:\/\/uj.adatbank.ro\/lexikon\/termek\/farkas-laszlo-bisztrai\/"},"modified":"2025-06-29T10:00:59","modified_gmt":"2025-06-29T08:00:59","slug":"farkas-laszlo-bisztrai","status":"publish","type":"product","link":"https:\/\/uj.adatbank.ro\/lexikon\/termek\/farkas-laszlo-bisztrai\/","title":{"rendered":"FARKAS L\u00e1szl\u00f3, bisztrai"},"content":{"rendered":"<p>Mv., 1899., \u2020\u00a0? : f\u00f6ldbirtokos. \u2013 K\u00f6z\u00e9piskol\u00e1it Mv.-en a Ref. Koll.-ban v\u00e9gezte, kereskedelmi akad. -\u00e1t Bp.-en, mez\u0151gazdas\u00e1gi akad. -\u00e1t Berlinben j v\u00e9gzett. Mint f\u00f6ldbirtokos tev\u00e9kenykedett saj\u00e1t birtok\u00e1n Sz\u00e1szr\u00e9genben. A MP \u00e9s az Erd\u00e9lyi P\u00e1rt v\u00e1lasztm\u00e1nyi tagja, a polg\u00e1ri dalk\u00f6r eln\u00f6ke (1938), a M. Kaszin\u00f3nak h\u00e1znagya, az IKE tagja. Az els\u0151 vh.-ban a 38. t\u00fcz\u00e9rek k\u00f6z\u00f6tt teljes\u00edtett szolg\u00e1latot \u00e9s mint hadapr\u00f3d\u0151rmester szerelt le. <br \/><strong>Irod.:<\/strong> B\u00edr\u00f3 Don\u00e1t; Sz\u00e9kelyf\u00f6ld \u00ed. k<\/br><\/p>\n","protected":false},"excerpt":{"rendered":"<p>Mv., 1899., \u2020\u00a0? : f\u00f6ldbirtokos. \u2013 K\u00f6z\u00e9piskol\u00e1it Mv.-en a Ref. Koll.-ban v\u00e9gezte, kereskedelmi akad. -\u00e1t Bp.-en, mez\u0151gazdas\u00e1gi akad. -\u00e1t Berlinben j v\u00e9gzett. Mint f\u00f6ldbirtokos tev\u00e9kenykedett saj\u00e1t birtok\u00e1n Sz\u00e1szr\u00e9genben. A MP \u00e9s az Erd\u00e9lyi P\u00e1rt v\u00e1lasztm\u00e1nyi tagja, a polg\u00e1ri dalk\u00f6r eln\u00f6ke (1938), a M. Kaszin\u00f3nak h\u00e1znagya, az IKE tagja. Az els\u0151 vh.-ban a 38. t\u00fcz\u00e9rek k\u00f6z\u00f6tt [&hellip;]<\/p>\n","protected":false},"featured_media":0,"comment_status":"open","ping_status":"closed","template":"","meta":[],"product_brand":[],"product_cat":[137],"product_tag":[],"class_list":{"0":"post-7703","1":"product","2":"type-product","3":"status-publish","5":"product_cat-maros-megyei-eletrajzi-lexikon","7":"first","8":"instock","9":"shipping-taxable","10":"product-type-simple"},"_links":{"self":[{"href":"https:\/\/uj.adatbank.ro\/lexikon\/wp-json\/wp\/v2\/product\/7703","targetHints":{"allow":["GET"]}}],"collection":[{"href":"https:\/\/uj.adatbank.ro\/lexikon\/wp-json\/wp\/v2\/product"}],"about":[{"href":"https:\/\/uj.adatbank.ro\/lexikon\/wp-json\/wp\/v2\/types\/product"}],"replies":[{"embeddable":true,"href":"https:\/\/uj.adatbank.ro\/lexikon\/wp-json\/wp\/v2\/comments?post=7703"}],"wp:attachment":[{"href":"https:\/\/uj.adatbank.ro\/lexikon\/wp-json\/wp\/v2\/media?parent=7703"}],"wp:term":[{"taxonomy":"product_brand","embeddable":true,"href":"https:\/\/uj.adatbank.ro\/lexikon\/wp-json\/wp\/v2\/product_brand?post=7703"},{"taxonomy":"product_cat","embeddable":true,"href":"https:\/\/uj.adatbank.ro\/lexikon\/wp-json\/wp\/v2\/product_cat?post=7703"},{"taxonomy":"product_tag","embeddable":true,"href":"https:\/\/uj.adatbank.ro\/lexikon\/wp-json\/wp\/v2\/product_tag?post=7703"}],"curies":[{"name":"wp","href":"https:\/\/api.w.org\/{rel}","templated":true}]}}

FARKAS László, bisztrai

<p>Mv., 1899., † ? : földbirtokos. – Középiskoláit Mv.-en a Ref. Koll.-ban végezte, kereskedelmi akad. -át Bp.-en, mezőgazdasági akad. -át Berlinben j végzett. Mint földbirtokos tevékenykedett saját birtokán Szászrégenben. A MP és az Erdélyi Párt választmányi tagja, a polgári dalkör elnöke (1938), a M. Kaszinónak háznagya, az IKE tagja. Az első vh.-ban a 38. tüzérek között teljesített szolgálatot és mint hadapródőrmester szerelt le. <br /><strong>Irod.:</strong> Bíró Donát; Székelyföld í. k</br></p>

<p>Mv., 1899., † ? : földbirtokos. – Középiskoláit Mv.-en a Ref. Koll.-ban végezte, kereskedelmi akad. -át Bp.-en, mezőgazdasági akad. -át Berlinben j végzett. Mint földbirtokos tevékenykedett saját birtokán Szászrégenben. A MP és az Erdélyi Párt választmányi tagja, a polgári dalkör elnöke (1938), a M. Kaszinónak háznagya, az IKE tagja. Az első vh.-ban a 38. tüzérek között [&hellip;]</p>
