{"id":7706,"date":"2025-06-29T10:01:05","date_gmt":"2025-06-29T08:01:05","guid":{"rendered":"https:\/\/uj.adatbank.ro\/lexikon\/termek\/farkas-mendel\/"},"modified":"2025-06-29T10:01:05","modified_gmt":"2025-06-29T08:01:05","slug":"farkas-mendel","status":"publish","type":"product","link":"https:\/\/uj.adatbank.ro\/lexikon\/termek\/farkas-mendel\/","title":{"rendered":"FARKAS Mendel"},"content":{"rendered":"<p>Marosmagyar\u00f3, 1840., \u2020 Mv., 1900. m\u00e1j. 11.: gy\u00e1ros, nagyiparos. \u2013 Fiai: Imre M\u00e1rton \u00e9s Hermann. -Sz\u00e1szr\u00e9genben a F. M. -f\u00e9le szeszgy\u00e1rat alap\u00edtotta (1874), amely \u00fczem k\u00e9s\u0151bb a fiai tulajdon\u00e1ba ker\u00fclt. Virilista volt Mv.-en. (1887). Nyilv\u00e1nos \u00e1rver\u00e9sen hat \u00e9vre b\u00e9rbe vette a v\u00e1ros s\u00f6rreg\u00e1l\u00e9 jog\u00e1t (1887), de azt k\u00e9s\u0151bb B\u00fcrger Albertnek adt\u00e1k \u00e1t. Mv.-en ipari szeszgy\u00e1ra \u00e9s szeszfinom\u00edt\u00f3ja volt, valamint az els\u0151 g\u0151zf\u0171r\u00e9szmalmot, g\u0151zf\u00fcr\u00e9sz gy\u00e1rat \u00e9p\u00edtette \u00e9s megnyitotta 100 munk\u00e1ssal (1890) a fels\u0151 vas\u00fat\u00e1llom\u00e1s k\u00f6zel\u00e9ben, majd Mv. -re k\u00f6lt\u00f6z\u00f6tt (1891). Hogy k\u00f6zvetlen kapcsolatot tarthasson Sz\u00e1szr\u00e9gennel, t\u00e1vbesz\u00e9l\u0151vonal, telefonk\u00f6zpont l\u00e9tes\u00fclt, amely a mv.-i f\u00fcr\u00e9szgy\u00e1r\u00e1t \u00f6sszek\u00f6t\u00f6tte a r\u00e9geni szeszgy\u00e1r\u00e1val (1892). V\u00e1llalkozott, hogy el\u0151ny\u00f6s felt\u00e9telek mellett meg\u00e9p\u00edti a v\u00e1rosi villamos\u00fczemet (1897). K\u00e9t t\u00e1rs\u00e1val (B\u00fcrger Alber, Tauszik B. Hugo) egy\u00fctt megkapta koncesszi\u00f3ba 50 \u00e9vre a tan\u00e1cst\u00f3l \u00e9s megindult az elektromos vil\u00e1g\u00edt\u00e1s Mv.-en (1899. okt. 30\u201331). A c\u00e9gnek nagyobb erd\u0151s\u00e9ge volt, valamint szarvasmarha h\u00edzlal\u00e1ssal \u00e9s kivitellel is foglalkozott. A F\u0151t\u00e9ren palot\u00e1t \u00e9p\u00edtetett. A volt f\u0171r\u00e9szgy\u00e1ra ter\u00fclet\u00e9n \u00e9p\u00fclt szecesszi\u00f3s st\u00edlus\u00fa munk\u00e1slak\u00e1sok a Sz\u00e9kely- \u00e9s R\u00e9ti b\u00fatorgy\u00e1r munk\u00e1sai sz\u00e1m\u00e1ra Mv.-en \u201eB\u201d kateg\u00f3ri\u00e1s m\u0171eml\u00e9kek (Margaretelor \/ volt Hung\u00e1ria u. 17\u201318. sz.). T\u00e1mogatta a mv.-i zsinag\u00f3ga \u00e9p\u00edt\u00e9s\u00e9t. Az EMKE alap\u00edt\u00f3 \u00e9s \u00f6r\u00f6k\u00f6s tagja, 600 koron\u00e1val seg\u00edtette az egyes\u00fcletet. T\u00e1mogatta a j\u00f3t\u00e9kony egyleteket, a m\u0171v\u00e9szetet. A f\u00f6ldreformkor (1921) birtokait, 4357 hold f\u00f6ldet (100 %-ban), kisaj\u00e1t\u00edtotta a rom\u00e1n \u00e1llam. <br \/><strong>Irod.:<\/strong> \u00c1v\u00e9d J\u00e1nos: Sz\u00e1z\u00e9ves a villanyvil\u00e1g\u00edt\u00e1s Mv.-en (N\u00fa., 1998. okt. 29.); B\u00edr\u00f3 Don\u00e1t; EBKL; EMKE 120; Fodor J\u00e1nos; Id\u0151t\u00e1r 2; K\u00e1d\u00e1r Zsombor: K\u00e9t \u00fczemismertet\u00e9s haszna  =  K\u00e1d\u00e1r Zsombor: Sz\u00e9kelyf\u00f6ldi erd\u00e9szeti arck\u00e9pcsarnok (Bp., 1999); Kusz\u00e1lik\u2013Zal\u00e1nyi; A M. Korona orsz\u00e1gainak kivitelk\u00e9pes ipartelepei (Bp., 1897); Makai Zolt\u00e1n. A mv.-i v\u00edzier\u0151m\u0171 r\u00f6vid t\u00f6rt\u00e9nete = M. Z. Szemelv\u00e9nyek Bihar megye \u00e9s t\u00e9rs\u00e9ge ipart\u00f6rt\u00e9net\u00e9b\u0151l (Nagyv\u00e1rad, 2013); Maros megyei m. -s\u00e1g. 4.; Mv. m\u0171v. v\u00e1r.; Mv.-i zsid\u00f3 temet\u0151 dok.; [Nekrol\u00f3g] (Sz\u00e9kely Lapok, 1900. m\u00e1j. 12.); \u00d6kr\u00f6s; Pan\u0103; Popa; S\u00e1ndor; Szter\u00e9nyi; Un secol de electricitate; Vajda Gy\u00f6rgy: \u00dajraszentelt\u00e9k a fel\u00faj\u00edtott zsinag\u00f3g\u00e1t (N\u00fa., 2000. m\u00e1j. 5.); Valori mure\u015fene de patrimoniu<\/br><\/p>\n","protected":false},"excerpt":{"rendered":"<p>Marosmagyar\u00f3, 1840., \u2020 Mv., 1900. m\u00e1j. 11.: gy\u00e1ros, nagyiparos. \u2013 Fiai: Imre M\u00e1rton \u00e9s Hermann. -Sz\u00e1szr\u00e9genben a F. M. -f\u00e9le szeszgy\u00e1rat alap\u00edtotta (1874), amely \u00fczem k\u00e9s\u0151bb a fiai tulajdon\u00e1ba ker\u00fclt. Virilista volt Mv.-en. (1887). Nyilv\u00e1nos \u00e1rver\u00e9sen hat \u00e9vre b\u00e9rbe vette a v\u00e1ros s\u00f6rreg\u00e1l\u00e9 jog\u00e1t (1887), de azt k\u00e9s\u0151bb B\u00fcrger Albertnek adt\u00e1k \u00e1t. Mv.-en ipari szeszgy\u00e1ra [&hellip;]<\/p>\n","protected":false},"featured_media":0,"comment_status":"open","ping_status":"closed","template":"","meta":[],"product_brand":[],"product_cat":[137],"product_tag":[],"class_list":{"0":"post-7706","1":"product","2":"type-product","3":"status-publish","5":"product_cat-maros-megyei-eletrajzi-lexikon","7":"first","8":"instock","9":"shipping-taxable","10":"product-type-simple"},"_links":{"self":[{"href":"https:\/\/uj.adatbank.ro\/lexikon\/wp-json\/wp\/v2\/product\/7706","targetHints":{"allow":["GET"]}}],"collection":[{"href":"https:\/\/uj.adatbank.ro\/lexikon\/wp-json\/wp\/v2\/product"}],"about":[{"href":"https:\/\/uj.adatbank.ro\/lexikon\/wp-json\/wp\/v2\/types\/product"}],"replies":[{"embeddable":true,"href":"https:\/\/uj.adatbank.ro\/lexikon\/wp-json\/wp\/v2\/comments?post=7706"}],"wp:attachment":[{"href":"https:\/\/uj.adatbank.ro\/lexikon\/wp-json\/wp\/v2\/media?parent=7706"}],"wp:term":[{"taxonomy":"product_brand","embeddable":true,"href":"https:\/\/uj.adatbank.ro\/lexikon\/wp-json\/wp\/v2\/product_brand?post=7706"},{"taxonomy":"product_cat","embeddable":true,"href":"https:\/\/uj.adatbank.ro\/lexikon\/wp-json\/wp\/v2\/product_cat?post=7706"},{"taxonomy":"product_tag","embeddable":true,"href":"https:\/\/uj.adatbank.ro\/lexikon\/wp-json\/wp\/v2\/product_tag?post=7706"}],"curies":[{"name":"wp","href":"https:\/\/api.w.org\/{rel}","templated":true}]}}

<p>Marosmagyaró, 1840., † Mv., 1900. máj. 11.: gyáros, nagyiparos. – Fiai: Imre Márton és Hermann. -Szászrégenben a F. M. -féle szeszgyárat alapította (1874), amely üzem később a fiai tulajdonába került. Virilista volt Mv.-en. (1887). Nyilvános árverésen hat évre bérbe vette a város sörregálé jogát (1887), de azt később Bürger Albertnek adták át. Mv.-en ipari szeszgyára és szeszfinomítója volt, valamint az első gőzfűrészmalmot, gőzfürész gyárat építette és megnyitotta 100 munkással (1890) a felső vasútállomás közelében, majd Mv. -re költözött (1891). Hogy közvetlen kapcsolatot tarthasson Szászrégennel, távbeszélővonal, telefonközpont létesült, amely a mv.-i fürészgyárát összekötötte a régeni szeszgyárával (1892). Vállalkozott, hogy előnyös feltételek mellett megépíti a városi villamosüzemet (1897). Két társával (Bürger Alber, Tauszik B. Hugo) együtt megkapta koncesszióba 50 évre a tanácstól és megindult az elektromos világítás Mv.-en (1899. okt. 30–31). A cégnek nagyobb erdősége volt, valamint szarvasmarha hízlalással és kivitellel is foglalkozott. A Főtéren palotát építetett. A volt fűrészgyára területén épült szecessziós stílusú munkáslakások a Székely- és Réti bútorgyár munkásai számára Mv.-en „B” kategóriás műemlékek (Margaretelor / volt Hungária u. 17–18. sz.). Támogatta a mv.-i zsinagóga építését. Az EMKE alapító és örökös tagja, 600 koronával segítette az egyesületet. Támogatta a jótékony egyleteket, a művészetet. A földreformkor (1921) birtokait, 4357 hold földet (100 %-ban), kisajátította a román állam. <br /><strong>Irod.:</strong> Ávéd János: Százéves a villanyvilágítás Mv.-en (Nú., 1998. okt. 29.); Bíró Donát; EBKL; EMKE 120; Fodor János; Időtár 2; Kádár Zsombor: Két üzemismertetés haszna  =  Kádár Zsombor: Székelyföldi erdészeti arcképcsarnok (Bp., 1999); Kuszálik–Zalányi; A M. Korona országainak kivitelképes ipartelepei (Bp., 1897); Makai Zoltán. A mv.-i vízierőmű rövid története = M. Z. Szemelvények Bihar megye és térsége ipartörténetéből (Nagyvárad, 2013); Maros megyei m. -ság. 4.; Mv. műv. vár.; Mv.-i zsidó temető dok.; [Nekrológ] (Székely Lapok, 1900. máj. 12.); Ökrös; Pană; Popa; Sándor; Szterényi; Un secol de electricitate; Vajda György: Újraszentelték a felújított zsinagógát (Nú., 2000. máj. 5.); Valori mureşene de patrimoniu</br></p>

<p>Marosmagyaró, 1840., † Mv., 1900. máj. 11.: gyáros, nagyiparos. – Fiai: Imre Márton és Hermann. -Szászrégenben a F. M. -féle szeszgyárat alapította (1874), amely üzem később a fiai tulajdonába került. Virilista volt Mv.-en. (1887). Nyilvános árverésen hat évre bérbe vette a város sörregálé jogát (1887), de azt később Bürger Albertnek adták át. Mv.-en ipari szeszgyára [&hellip;]</p>
