{"id":7720,"date":"2025-06-29T10:01:31","date_gmt":"2025-06-29T08:01:31","guid":{"rendered":"https:\/\/uj.adatbank.ro\/lexikon\/termek\/farkas-robert\/"},"modified":"2025-06-29T10:01:31","modified_gmt":"2025-06-29T08:01:31","slug":"farkas-robert","status":"publish","type":"product","link":"https:\/\/uj.adatbank.ro\/lexikon\/termek\/farkas-robert\/","title":{"rendered":"FARKAS R\u00f3bert"},"content":{"rendered":"<p>1882., \u2020\u00a0Auscwitz, 1944.?: \u00fcgyv\u00e9d, dr. \u2013 Az \u00e1ltal\u00e1nos \u00e9s egyenl\u0151 v\u00e1laszt\u00f3jogok\u00e9rt helyi szervezet alakult Mv.-en V\u00e1laszt\u00f3jogi Sz\u00f6vets\u00e9g fi\u00f3kszervezete, ennek az el\u0151k\u00e9sz\u00edt\u00f3 bizotts\u00e1gban tev\u00e9kenykedett (1910). A Good Templar, alkoholellenes mozgalom helyi vezet\u0151je (1913). A Zord Id\u0151 szerkeszt\u0151-bizotts\u00e1g\u00e1nak tagja. Az Erd\u00e9lyi Helikon mv.-i tagjai k\u00f6zt szerepelt (1930). Nem esk\u00fcd\u00f6tt fel a rom\u00e1n \u00e1llamra, m\u00e9gis elhurcolt\u00e1k. Mv.-r\u0151l feles\u00e9g\u00e9vel (1889\u2013) egy\u00fctt deport\u00e1lt\u00e1k (1944. m\u00e1j. 29.). <br \/><strong>Irod.:<\/strong> Almanah Tg. M.; Marosi-Helikon; Kincses El\u0151d: Az iskola m\u00e1rt\u00edrjai (N\u00fa., 2007. aug. 28.); Mv. zsid\u00f3s\u00e1ga; Zord Id\u0151<\/br><\/p>\n","protected":false},"excerpt":{"rendered":"<p>1882., \u2020\u00a0Auscwitz, 1944.?: \u00fcgyv\u00e9d, dr. \u2013 Az \u00e1ltal\u00e1nos \u00e9s egyenl\u0151 v\u00e1laszt\u00f3jogok\u00e9rt helyi szervezet alakult Mv.-en V\u00e1laszt\u00f3jogi Sz\u00f6vets\u00e9g fi\u00f3kszervezete, ennek az el\u0151k\u00e9sz\u00edt\u00f3 bizotts\u00e1gban tev\u00e9kenykedett (1910). A Good Templar, alkoholellenes mozgalom helyi vezet\u0151je (1913). A Zord Id\u0151 szerkeszt\u0151-bizotts\u00e1g\u00e1nak tagja. Az Erd\u00e9lyi Helikon mv.-i tagjai k\u00f6zt szerepelt (1930). Nem esk\u00fcd\u00f6tt fel a rom\u00e1n \u00e1llamra, m\u00e9gis elhurcolt\u00e1k. Mv.-r\u0151l feles\u00e9g\u00e9vel [&hellip;]<\/p>\n","protected":false},"featured_media":0,"comment_status":"open","ping_status":"closed","template":"","meta":[],"product_brand":[],"product_cat":[137],"product_tag":[],"class_list":{"0":"post-7720","1":"product","2":"type-product","3":"status-publish","5":"product_cat-maros-megyei-eletrajzi-lexikon","7":"first","8":"instock","9":"shipping-taxable","10":"product-type-simple"},"_links":{"self":[{"href":"https:\/\/uj.adatbank.ro\/lexikon\/wp-json\/wp\/v2\/product\/7720","targetHints":{"allow":["GET"]}}],"collection":[{"href":"https:\/\/uj.adatbank.ro\/lexikon\/wp-json\/wp\/v2\/product"}],"about":[{"href":"https:\/\/uj.adatbank.ro\/lexikon\/wp-json\/wp\/v2\/types\/product"}],"replies":[{"embeddable":true,"href":"https:\/\/uj.adatbank.ro\/lexikon\/wp-json\/wp\/v2\/comments?post=7720"}],"wp:attachment":[{"href":"https:\/\/uj.adatbank.ro\/lexikon\/wp-json\/wp\/v2\/media?parent=7720"}],"wp:term":[{"taxonomy":"product_brand","embeddable":true,"href":"https:\/\/uj.adatbank.ro\/lexikon\/wp-json\/wp\/v2\/product_brand?post=7720"},{"taxonomy":"product_cat","embeddable":true,"href":"https:\/\/uj.adatbank.ro\/lexikon\/wp-json\/wp\/v2\/product_cat?post=7720"},{"taxonomy":"product_tag","embeddable":true,"href":"https:\/\/uj.adatbank.ro\/lexikon\/wp-json\/wp\/v2\/product_tag?post=7720"}],"curies":[{"name":"wp","href":"https:\/\/api.w.org\/{rel}","templated":true}]}}

FARKAS Róbert

<p>1882., † Auscwitz, 1944.?: ügyvéd, dr. – Az általános és egyenlő választójogokért helyi szervezet alakult Mv.-en Választójogi Szövetség fiókszervezete, ennek az előkészító bizottságban tevékenykedett (1910). A Good Templar, alkoholellenes mozgalom helyi vezetője (1913). A Zord Idő szerkesztő-bizottságának tagja. Az Erdélyi Helikon mv.-i tagjai közt szerepelt (1930). Nem esküdött fel a román államra, mégis elhurcolták. Mv.-ről feleségével (1889–) együtt deportálták (1944. máj. 29.). <br /><strong>Irod.:</strong> Almanah Tg. M.; Marosi-Helikon; Kincses Előd: Az iskola mártírjai (Nú., 2007. aug. 28.); Mv. zsidósága; Zord Idő</br></p>

<p>1882., † Auscwitz, 1944.?: ügyvéd, dr. – Az általános és egyenlő választójogokért helyi szervezet alakult Mv.-en Választójogi Szövetség fiókszervezete, ennek az előkészító bizottságban tevékenykedett (1910). A Good Templar, alkoholellenes mozgalom helyi vezetője (1913). A Zord Idő szerkesztő-bizottságának tagja. Az Erdélyi Helikon mv.-i tagjai közt szerepelt (1930). Nem esküdött fel a román államra, mégis elhurcolták. Mv.-ről feleségével [&hellip;]</p>
