{"id":7721,"date":"2025-06-29T10:01:34","date_gmt":"2025-06-29T08:01:34","guid":{"rendered":"https:\/\/uj.adatbank.ro\/lexikon\/termek\/farkas-rudolf-%c2%a7\/"},"modified":"2025-06-29T10:01:34","modified_gmt":"2025-06-29T08:01:34","slug":"farkas-rudolf-%c2%a7","status":"publish","type":"product","link":"https:\/\/uj.adatbank.ro\/lexikon\/termek\/farkas-rudolf-%c2%a7\/","title":{"rendered":"FARKAS Rudolf, \u00a7"},"content":{"rendered":"<p>? \u2020\u00a0? : keresked\u0151. \u2013 S\u00f3gorai: Goldenfeld Samu, a 22. h. gy. -e. katon\u00e1ja, az orosz harct\u00e9ren h\u0151si hal\u00e1lt halt; Weisz Mih\u00e1ly, hadirokkant. \u2013 Sz\u00e1szr\u00e9genben \u00e9lt. T\u00e9nyleges katonai szolg\u00e1latot teljes\u00edtett (1907\u201310). T\u00f6rzs\u0151rmesterk\u00e9nt r\u00e9szt vett az I. vh.-ban (1914. aug. \u2013 1918. nov.) a gyulafeh\u00e9rv\u00e1ri 50. gy. -e.-ben, I. o. sz\u00e1mv\u00edv\u0151 \u0151rmester. Az orosz \u00e9s a beszar\u00e1biai front \u00e9lvonal\u00e1ban harcolt. <strong>Kit\u00fcntet\u00e9sei:<\/strong> Ob., Ez\u00fcst \u00e9s vas \u00e9rdemker. a v. \u00e9. sz., Bronz vit\u00e9zs\u00e9gi \u00e9rem, Ez\u00fcst \u00e9s vas \u00e9rdem\u00e9rem, Badeni ez\u00fcst \u00e9rem, K\u00e1roly cs. k. e. ig., eml\u00e9kereszt 1908 \u00e9s 1912 \/13 ig. a. <br \/><strong>Irod.:<\/strong> M. hadviselt zsid\u00f3k; Reghin, militari<\/br><\/p>\n","protected":false},"excerpt":{"rendered":"<p>? \u2020\u00a0? : keresked\u0151. \u2013 S\u00f3gorai: Goldenfeld Samu, a 22. h. gy. -e. katon\u00e1ja, az orosz harct\u00e9ren h\u0151si hal\u00e1lt halt; Weisz Mih\u00e1ly, hadirokkant. \u2013 Sz\u00e1szr\u00e9genben \u00e9lt. T\u00e9nyleges katonai szolg\u00e1latot teljes\u00edtett (1907\u201310). T\u00f6rzs\u0151rmesterk\u00e9nt r\u00e9szt vett az I. vh.-ban (1914. aug. \u2013 1918. nov.) a gyulafeh\u00e9rv\u00e1ri 50. gy. -e.-ben, I. o. sz\u00e1mv\u00edv\u0151 \u0151rmester. Az orosz \u00e9s a [&hellip;]<\/p>\n","protected":false},"featured_media":0,"comment_status":"open","ping_status":"closed","template":"","meta":[],"product_brand":[],"product_cat":[137],"product_tag":[],"class_list":{"0":"post-7721","1":"product","2":"type-product","3":"status-publish","5":"product_cat-maros-megyei-eletrajzi-lexikon","7":"first","8":"instock","9":"shipping-taxable","10":"product-type-simple"},"_links":{"self":[{"href":"https:\/\/uj.adatbank.ro\/lexikon\/wp-json\/wp\/v2\/product\/7721","targetHints":{"allow":["GET"]}}],"collection":[{"href":"https:\/\/uj.adatbank.ro\/lexikon\/wp-json\/wp\/v2\/product"}],"about":[{"href":"https:\/\/uj.adatbank.ro\/lexikon\/wp-json\/wp\/v2\/types\/product"}],"replies":[{"embeddable":true,"href":"https:\/\/uj.adatbank.ro\/lexikon\/wp-json\/wp\/v2\/comments?post=7721"}],"wp:attachment":[{"href":"https:\/\/uj.adatbank.ro\/lexikon\/wp-json\/wp\/v2\/media?parent=7721"}],"wp:term":[{"taxonomy":"product_brand","embeddable":true,"href":"https:\/\/uj.adatbank.ro\/lexikon\/wp-json\/wp\/v2\/product_brand?post=7721"},{"taxonomy":"product_cat","embeddable":true,"href":"https:\/\/uj.adatbank.ro\/lexikon\/wp-json\/wp\/v2\/product_cat?post=7721"},{"taxonomy":"product_tag","embeddable":true,"href":"https:\/\/uj.adatbank.ro\/lexikon\/wp-json\/wp\/v2\/product_tag?post=7721"}],"curies":[{"name":"wp","href":"https:\/\/api.w.org\/{rel}","templated":true}]}}

<p>? † ? : kereskedő. – Sógorai: Goldenfeld Samu, a 22. h. gy. -e. katonája, az orosz harctéren hősi halált halt; Weisz Mihály, hadirokkant. – Szászrégenben élt. Tényleges katonai szolgálatot teljesített (1907–10). Törzsőrmesterként részt vett az I. vh.-ban (1914. aug. – 1918. nov.) a gyulafehérvári 50. gy. -e.-ben, I. o. számvívő őrmester. Az orosz és a beszarábiai front élvonalában harcolt. <strong>Kitüntetései:</strong> Ob., Ezüst és vas érdemker. a v. é. sz., Bronz vitézségi érem, Ezüst és vas érdemérem, Badeni ezüst érem, Károly cs. k. e. ig., emlékereszt 1908 és 1912 /13 ig. a. <br /><strong>Irod.:</strong> M. hadviselt zsidók; Reghin, militari</br></p>

<p>? † ? : kereskedő. – Sógorai: Goldenfeld Samu, a 22. h. gy. -e. katonája, az orosz harctéren hősi halált halt; Weisz Mihály, hadirokkant. – Szászrégenben élt. Tényleges katonai szolgálatot teljesített (1907–10). Törzsőrmesterként részt vett az I. vh.-ban (1914. aug. – 1918. nov.) a gyulafehérvári 50. gy. -e.-ben, I. o. számvívő őrmester. Az orosz és a [&hellip;]</p>
