{"id":7728,"date":"2025-06-29T10:01:47","date_gmt":"2025-06-29T08:01:47","guid":{"rendered":"https:\/\/uj.adatbank.ro\/lexikon\/termek\/farkas-sandor-borbereki\/"},"modified":"2025-06-29T10:01:47","modified_gmt":"2025-06-29T08:01:47","slug":"farkas-sandor-borbereki","status":"publish","type":"product","link":"https:\/\/uj.adatbank.ro\/lexikon\/termek\/farkas-sandor-borbereki\/","title":{"rendered":"FARKAS S\u00e1ndor, borbereki"},"content":{"rendered":"<p>Dedr\u00e1dsz\u00e9plak, 1889., \u2020\u00a0? : f\u00f6ldbirtokos. \u2013 Kereskedelmi \u00e9retts\u00e9git Kv.-on tett. Banktisztvisel\u0151 Tek\u00e9n, mint \u00f6n\u00e1ll\u00f3 keresked\u0151 Sz\u00e9kelyudvarhelyen tev\u00e9kenykedett. Visszat\u00e9rt csal\u00e1di birtok\u00e1ra Dedr\u00e1dsz\u00e9plakra (1919\u2013), itt udvarh\u00e1za volt \u00e9s \u00f6n\u00e1ll\u00f3an gazd\u00e1lkodott. A helyi Hitelsz\u00f6vetkezet igazgat\u00f3ja. Az els\u0151 vh.-ban a II. ez\u00fcst vit. \u00e9. \u00e9s a K\u00e1roly Csapatkereszttel t\u00fcntett\u00e9k ki, mint hadnagy szerelt le. <br \/><strong>Irod.:<\/strong> Keresztes Gyula: \u00d6r\u00f6ks\u00e9g\u00fcnk 68.: Udvarh\u00e1zak a Maros jobb oldal\u00e1n (N\u00fa., 1994. nov. 26.); Sz\u00e9kelyf\u00f6ld \u00ed. k<\/br><\/p>\n","protected":false},"excerpt":{"rendered":"<p>Dedr\u00e1dsz\u00e9plak, 1889., \u2020\u00a0? : f\u00f6ldbirtokos. \u2013 Kereskedelmi \u00e9retts\u00e9git Kv.-on tett. Banktisztvisel\u0151 Tek\u00e9n, mint \u00f6n\u00e1ll\u00f3 keresked\u0151 Sz\u00e9kelyudvarhelyen tev\u00e9kenykedett. Visszat\u00e9rt csal\u00e1di birtok\u00e1ra Dedr\u00e1dsz\u00e9plakra (1919\u2013), itt udvarh\u00e1za volt \u00e9s \u00f6n\u00e1ll\u00f3an gazd\u00e1lkodott. A helyi Hitelsz\u00f6vetkezet igazgat\u00f3ja. Az els\u0151 vh.-ban a II. ez\u00fcst vit. \u00e9. \u00e9s a K\u00e1roly Csapatkereszttel t\u00fcntett\u00e9k ki, mint hadnagy szerelt le. Irod.: Keresztes Gyula: \u00d6r\u00f6ks\u00e9g\u00fcnk 68.: [&hellip;]<\/p>\n","protected":false},"featured_media":0,"comment_status":"open","ping_status":"closed","template":"","meta":[],"product_brand":[],"product_cat":[137],"product_tag":[],"class_list":{"0":"post-7728","1":"product","2":"type-product","3":"status-publish","5":"product_cat-maros-megyei-eletrajzi-lexikon","7":"first","8":"instock","9":"shipping-taxable","10":"product-type-simple"},"_links":{"self":[{"href":"https:\/\/uj.adatbank.ro\/lexikon\/wp-json\/wp\/v2\/product\/7728","targetHints":{"allow":["GET"]}}],"collection":[{"href":"https:\/\/uj.adatbank.ro\/lexikon\/wp-json\/wp\/v2\/product"}],"about":[{"href":"https:\/\/uj.adatbank.ro\/lexikon\/wp-json\/wp\/v2\/types\/product"}],"replies":[{"embeddable":true,"href":"https:\/\/uj.adatbank.ro\/lexikon\/wp-json\/wp\/v2\/comments?post=7728"}],"wp:attachment":[{"href":"https:\/\/uj.adatbank.ro\/lexikon\/wp-json\/wp\/v2\/media?parent=7728"}],"wp:term":[{"taxonomy":"product_brand","embeddable":true,"href":"https:\/\/uj.adatbank.ro\/lexikon\/wp-json\/wp\/v2\/product_brand?post=7728"},{"taxonomy":"product_cat","embeddable":true,"href":"https:\/\/uj.adatbank.ro\/lexikon\/wp-json\/wp\/v2\/product_cat?post=7728"},{"taxonomy":"product_tag","embeddable":true,"href":"https:\/\/uj.adatbank.ro\/lexikon\/wp-json\/wp\/v2\/product_tag?post=7728"}],"curies":[{"name":"wp","href":"https:\/\/api.w.org\/{rel}","templated":true}]}}

FARKAS Sándor, borbereki

<p>Dedrádszéplak, 1889., † ? : földbirtokos. – Kereskedelmi érettségit Kv.-on tett. Banktisztviselő Tekén, mint önálló kereskedő Székelyudvarhelyen tevékenykedett. Visszatért családi birtokára Dedrádszéplakra (1919–), itt udvarháza volt és önállóan gazdálkodott. A helyi Hitelszövetkezet igazgatója. Az első vh.-ban a II. ezüst vit. é. és a Károly Csapatkereszttel tüntették ki, mint hadnagy szerelt le. <br /><strong>Irod.:</strong> Keresztes Gyula: Örökségünk 68.: Udvarházak a Maros jobb oldalán (Nú., 1994. nov. 26.); Székelyföld í. k</br></p>

<p>Dedrádszéplak, 1889., † ? : földbirtokos. – Kereskedelmi érettségit Kv.-on tett. Banktisztviselő Tekén, mint önálló kereskedő Székelyudvarhelyen tevékenykedett. Visszatért családi birtokára Dedrádszéplakra (1919–), itt udvarháza volt és önállóan gazdálkodott. A helyi Hitelszövetkezet igazgatója. Az első vh.-ban a II. ezüst vit. é. és a Károly Csapatkereszttel tüntették ki, mint hadnagy szerelt le. Irod.: Keresztes Gyula: Örökségünk 68.: [&hellip;]</p>
