{"id":7735,"date":"2025-06-29T10:02:02","date_gmt":"2025-06-29T08:02:02","guid":{"rendered":"https:\/\/uj.adatbank.ro\/lexikon\/termek\/farkas-zoltan\/"},"modified":"2025-06-29T10:02:02","modified_gmt":"2025-06-29T08:02:02","slug":"farkas-zoltan","status":"publish","type":"product","link":"https:\/\/uj.adatbank.ro\/lexikon\/termek\/farkas-zoltan\/","title":{"rendered":"FARKAS Zolt\u00e1n"},"content":{"rendered":"<p>Mez\u0151m\u00e9nes, 1928. jan. 17, \u2020 Mv., 1989. \u00e1pr. 17.: tan\u00e1r. &#8211; A mv.-i tan\u00edt\u00f3k\u00e9pz\u0151 elv\u00e9gz\u00e9se ut\u00e1n sz\u00fcl\u0151faluj\u00e1ban tan\u00edtott (1946\u201349), majd a kv.-i BTE Pedag\u00f3gia-l\u00e9lektan kar\u00e1n szerzett tan\u00e1ri diplom\u00e1t. A kv.-i egyetem t\u00e1rsadalomtudom\u00e1nyi tansz\u00e9k\u00e9n lektor, a Filoz\u00f3fiai tansz\u00e9k munkat\u00e1rsa (1955\u2013). A tudom\u00e1nyos ateizmus k\u00e9rd\u00e9sk\u00f6r\u00e9ben szakos\u00edtotta mag\u00e1t; vall\u00e1sszociol\u00f3giai tanulm\u00e1nyai napilapokban \u00e9s foly\u00f3iratokba jelentek meg: Korunk, Dolgoz\u00f3 N\u0151, Ifj\u00famunk\u00e1s, Revista \u00cenv\u0103\u0163\u0103m\u00eentului Superior, Studia Universitatis Babe\u015f-Bolyai, Napoca Universitar\u0103, Echinox. Vall\u00e1s \u00e9s t\u00e1rsadalom c. sorozata rendszeresen szerepelt a kv.-i r\u00e1di\u00f3 m. ad\u00e1s\u00e1ban (1975\u2013). \u2013 <strong>F. m.:<\/strong> Gondolatok a vall\u00e1serk\u00f6lcsr\u0151l (Buk., 1977); <strong>t\u00e1rssz.:<\/strong> Educa\u0163ia materialist-\u015ftiin\u0163ific\u0103 a elevilor \u015fi studen\u0163ilor (Buc, 1978); Forme \u015fi metode \u00een educa\u0163ia materialist-\u015ftiin\u0163ific\u0103 a tineretului studios (Kv. 1979); <strong>szerk.:<\/strong> Elemente de ateism \u015ftiin\u0163ific (Cluj, 1972). <br \/><strong>Irod.:<\/strong> [Nekrol\u00f3g] (V. Z., 1989. \u00e1pr. 19.), RMIL<\/br><\/p>\n","protected":false},"excerpt":{"rendered":"<p>Mez\u0151m\u00e9nes, 1928. jan. 17, \u2020 Mv., 1989. \u00e1pr. 17.: tan\u00e1r. &#8211; A mv.-i tan\u00edt\u00f3k\u00e9pz\u0151 elv\u00e9gz\u00e9se ut\u00e1n sz\u00fcl\u0151faluj\u00e1ban tan\u00edtott (1946\u201349), majd a kv.-i BTE Pedag\u00f3gia-l\u00e9lektan kar\u00e1n szerzett tan\u00e1ri diplom\u00e1t. A kv.-i egyetem t\u00e1rsadalomtudom\u00e1nyi tansz\u00e9k\u00e9n lektor, a Filoz\u00f3fiai tansz\u00e9k munkat\u00e1rsa (1955\u2013). A tudom\u00e1nyos ateizmus k\u00e9rd\u00e9sk\u00f6r\u00e9ben szakos\u00edtotta mag\u00e1t; vall\u00e1sszociol\u00f3giai tanulm\u00e1nyai napilapokban \u00e9s foly\u00f3iratokba jelentek meg: Korunk, Dolgoz\u00f3 N\u0151, [&hellip;]<\/p>\n","protected":false},"featured_media":0,"comment_status":"open","ping_status":"closed","template":"","meta":[],"product_brand":[],"product_cat":[137],"product_tag":[],"class_list":{"0":"post-7735","1":"product","2":"type-product","3":"status-publish","5":"product_cat-maros-megyei-eletrajzi-lexikon","7":"first","8":"instock","9":"shipping-taxable","10":"product-type-simple"},"_links":{"self":[{"href":"https:\/\/uj.adatbank.ro\/lexikon\/wp-json\/wp\/v2\/product\/7735","targetHints":{"allow":["GET"]}}],"collection":[{"href":"https:\/\/uj.adatbank.ro\/lexikon\/wp-json\/wp\/v2\/product"}],"about":[{"href":"https:\/\/uj.adatbank.ro\/lexikon\/wp-json\/wp\/v2\/types\/product"}],"replies":[{"embeddable":true,"href":"https:\/\/uj.adatbank.ro\/lexikon\/wp-json\/wp\/v2\/comments?post=7735"}],"wp:attachment":[{"href":"https:\/\/uj.adatbank.ro\/lexikon\/wp-json\/wp\/v2\/media?parent=7735"}],"wp:term":[{"taxonomy":"product_brand","embeddable":true,"href":"https:\/\/uj.adatbank.ro\/lexikon\/wp-json\/wp\/v2\/product_brand?post=7735"},{"taxonomy":"product_cat","embeddable":true,"href":"https:\/\/uj.adatbank.ro\/lexikon\/wp-json\/wp\/v2\/product_cat?post=7735"},{"taxonomy":"product_tag","embeddable":true,"href":"https:\/\/uj.adatbank.ro\/lexikon\/wp-json\/wp\/v2\/product_tag?post=7735"}],"curies":[{"name":"wp","href":"https:\/\/api.w.org\/{rel}","templated":true}]}}

FARKAS Zoltán

<p>Mezőménes, 1928. jan. 17, † Mv., 1989. ápr. 17.: tanár. &#8211; A mv.-i tanítóképző elvégzése után szülőfalujában tanított (1946–49), majd a kv.-i BTE Pedagógia-lélektan karán szerzett tanári diplomát. A kv.-i egyetem társadalomtudományi tanszékén lektor, a Filozófiai tanszék munkatársa (1955–). A tudományos ateizmus kérdéskörében szakosította magát; vallásszociológiai tanulmányai napilapokban és folyóiratokba jelentek meg: Korunk, Dolgozó Nő, Ifjúmunkás, Revista Învăţămîntului Superior, Studia Universitatis Babeş-Bolyai, Napoca Universitară, Echinox. Vallás és társadalom c. sorozata rendszeresen szerepelt a kv.-i rádió m. adásában (1975–). – <strong>F. m.:</strong> Gondolatok a valláserkölcsről (Buk., 1977); <strong>társsz.:</strong> Educaţia materialist-ştiinţifică a elevilor şi studenţilor (Buc, 1978); Forme şi metode în educaţia materialist-ştiinţifică a tineretului studios (Kv. 1979); <strong>szerk.:</strong> Elemente de ateism ştiinţific (Cluj, 1972). <br /><strong>Irod.:</strong> [Nekrológ] (V. Z., 1989. ápr. 19.), RMIL</br></p>

<p>Mezőménes, 1928. jan. 17, † Mv., 1989. ápr. 17.: tanár. &#8211; A mv.-i tanítóképző elvégzése után szülőfalujában tanított (1946–49), majd a kv.-i BTE Pedagógia-lélektan karán szerzett tanári diplomát. A kv.-i egyetem társadalomtudományi tanszékén lektor, a Filozófiai tanszék munkatársa (1955–). A tudományos ateizmus kérdéskörében szakosította magát; vallásszociológiai tanulmányai napilapokban és folyóiratokba jelentek meg: Korunk, Dolgozó Nő, [&hellip;]</p>
