{"id":7738,"date":"2025-06-29T10:02:09","date_gmt":"2025-06-29T08:02:09","guid":{"rendered":"https:\/\/uj.adatbank.ro\/lexikon\/termek\/farnasi-veres-denes\/"},"modified":"2025-06-29T10:02:09","modified_gmt":"2025-06-29T08:02:09","slug":"farnasi-veres-denes","status":"publish","type":"product","link":"https:\/\/uj.adatbank.ro\/lexikon\/termek\/farnasi-veres-denes\/","title":{"rendered":"FARNASI VERES D\u00e9nes"},"content":{"rendered":"<p>? \u2020\u00a0? : k\u00fck\u00fcll\u0151v\u00e1ri v\u00e1rnagy. \u2013 V\u00e9grendeletileg 12 aranyforintot juttat egy zsolt\u00e1ros k\u00f6nyv visszav\u00e1lt\u00e1s\u00e1ra, 16 \u00e9s f\u00e9l m\u00e1rka ez\u00fcst\u00f6t hagyott egy kehely k\u00e9sz\u00edt\u00e9s\u00e9re a mv.-i Sz\u0171z M\u00e1ria templomnak (v\u00e1rtemplom) \u00e9s utols\u00f3 k\u00edv\u00e1ns\u00e1ga hogy a ferencesek k\u00e1mzs\u00e1j\u00e1ba temess\u00e9k el V\u00e1s\u00e1rhelyen (1453). <br \/><strong>Irod.:<\/strong> Id\u0151t\u00e1r 1<\/br><\/p>\n","protected":false},"excerpt":{"rendered":"<p>? \u2020\u00a0? : k\u00fck\u00fcll\u0151v\u00e1ri v\u00e1rnagy. \u2013 V\u00e9grendeletileg 12 aranyforintot juttat egy zsolt\u00e1ros k\u00f6nyv visszav\u00e1lt\u00e1s\u00e1ra, 16 \u00e9s f\u00e9l m\u00e1rka ez\u00fcst\u00f6t hagyott egy kehely k\u00e9sz\u00edt\u00e9s\u00e9re a mv.-i Sz\u0171z M\u00e1ria templomnak (v\u00e1rtemplom) \u00e9s utols\u00f3 k\u00edv\u00e1ns\u00e1ga hogy a ferencesek k\u00e1mzs\u00e1j\u00e1ba temess\u00e9k el V\u00e1s\u00e1rhelyen (1453). Irod.: Id\u0151t\u00e1r 1<\/p>\n","protected":false},"featured_media":0,"comment_status":"open","ping_status":"closed","template":"","meta":[],"product_brand":[],"product_cat":[137],"product_tag":[],"class_list":{"0":"post-7738","1":"product","2":"type-product","3":"status-publish","5":"product_cat-maros-megyei-eletrajzi-lexikon","7":"first","8":"instock","9":"shipping-taxable","10":"product-type-simple"},"_links":{"self":[{"href":"https:\/\/uj.adatbank.ro\/lexikon\/wp-json\/wp\/v2\/product\/7738","targetHints":{"allow":["GET"]}}],"collection":[{"href":"https:\/\/uj.adatbank.ro\/lexikon\/wp-json\/wp\/v2\/product"}],"about":[{"href":"https:\/\/uj.adatbank.ro\/lexikon\/wp-json\/wp\/v2\/types\/product"}],"replies":[{"embeddable":true,"href":"https:\/\/uj.adatbank.ro\/lexikon\/wp-json\/wp\/v2\/comments?post=7738"}],"wp:attachment":[{"href":"https:\/\/uj.adatbank.ro\/lexikon\/wp-json\/wp\/v2\/media?parent=7738"}],"wp:term":[{"taxonomy":"product_brand","embeddable":true,"href":"https:\/\/uj.adatbank.ro\/lexikon\/wp-json\/wp\/v2\/product_brand?post=7738"},{"taxonomy":"product_cat","embeddable":true,"href":"https:\/\/uj.adatbank.ro\/lexikon\/wp-json\/wp\/v2\/product_cat?post=7738"},{"taxonomy":"product_tag","embeddable":true,"href":"https:\/\/uj.adatbank.ro\/lexikon\/wp-json\/wp\/v2\/product_tag?post=7738"}],"curies":[{"name":"wp","href":"https:\/\/api.w.org\/{rel}","templated":true}]}}