{"id":7745,"date":"2025-06-29T10:02:21","date_gmt":"2025-06-29T08:02:21","guid":{"rendered":"https:\/\/uj.adatbank.ro\/lexikon\/termek\/fatyol-tibor\/"},"modified":"2025-06-29T10:02:21","modified_gmt":"2025-06-29T08:02:21","slug":"fatyol-tibor","status":"publish","type":"product","link":"https:\/\/uj.adatbank.ro\/lexikon\/termek\/fatyol-tibor\/","title":{"rendered":"F\u00c1TYOL Tibor"},"content":{"rendered":"<p>Kv., 1935. okt. 9. \u2020\u00a0Mv., 2017. jan. 5.: zeneszerz\u0151. \u2013 karmester. \u2013 Sz\u00fcl\u0151v\u00e1ros\u00e1ban v\u00e9gezte tanulm\u00e1nyait \u00e9s oklevelet a Gheorghe Dima Zenem\u0171v\u00e9szeti Egyetemen zeneszerz\u00e9s-karmesteri szakon v\u00e9gzett. T\u00f6bb v\u00e1ros m\u0171vel\u0151d\u00e9si int\u00e9zm\u00e9ny\u00e9nek munkat\u00e1rsa, majd Mv-en a Szentgy\u00f6rgyi Istv\u00e1n Sz\u00ednm\u0171v\u00e9szeti F\u0151iskol\u00e1n \u00e9s a Maros M\u0171v\u00e9szegy\u00fcttes m\u0171v\u00e9szeti titk\u00e1ra (1978\u20131990). A Mv.-i Nemzeti Sz\u00ednh\u00e1z magyar tagozat\u00e1nak t\u00f6bb el\u0151ad\u00e1s\u00e1oz \u00edrt sz\u00ednpadi zen\u00e9t: Horia Lovinescu: Egy tiszteletrem\u00e9lt\u00f3 h\u00e1z; W. Shakespeare: V\u00edzkereszt, vagy amit akartok; E. Labiche: Szemf\u00e9nyveszt\u0151k; L Rebreanu: Szerelmi n\u00e9gysz\u00f6g; Tam\u00e1si \u00c1ron: Csal\u00f3ka sziv\u00e1rv\u00e1ny; A. N. Osztrovszkij: A hozom\u00e1ny n\u00e9lk\u00fcli l\u00e1ny; J. Racine: Phaedra; M. Gorkij: \u00c9jjeli mened\u00e9khely; Mad\u00e1ch Imre: M\u00f3zes; \u00e9s Csehov: Csereszny\u00e9skert a rom\u00e1n tagozaton. \u2013 <strong>F. m.:<\/strong> Dansuri populare din regiunea Cluj (Cluj, 1967). &#8211;<br \/><strong>Irod.:<\/strong> Nekrol\u00f3g (N\u00fa., 2017. jan. 12.); EMKK 2000<\/br><\/p>\n","protected":false},"excerpt":{"rendered":"<p>Kv., 1935. okt. 9. \u2020\u00a0Mv., 2017. jan. 5.: zeneszerz\u0151. \u2013 karmester. \u2013 Sz\u00fcl\u0151v\u00e1ros\u00e1ban v\u00e9gezte tanulm\u00e1nyait \u00e9s oklevelet a Gheorghe Dima Zenem\u0171v\u00e9szeti Egyetemen zeneszerz\u00e9s-karmesteri szakon v\u00e9gzett. T\u00f6bb v\u00e1ros m\u0171vel\u0151d\u00e9si int\u00e9zm\u00e9ny\u00e9nek munkat\u00e1rsa, majd Mv-en a Szentgy\u00f6rgyi Istv\u00e1n Sz\u00ednm\u0171v\u00e9szeti F\u0151iskol\u00e1n \u00e9s a Maros M\u0171v\u00e9szegy\u00fcttes m\u0171v\u00e9szeti titk\u00e1ra (1978\u20131990). A Mv.-i Nemzeti Sz\u00ednh\u00e1z magyar tagozat\u00e1nak t\u00f6bb el\u0151ad\u00e1s\u00e1oz \u00edrt sz\u00ednpadi zen\u00e9t: [&hellip;]<\/p>\n","protected":false},"featured_media":0,"comment_status":"open","ping_status":"closed","template":"","meta":[],"product_brand":[],"product_cat":[137],"product_tag":[],"class_list":{"0":"post-7745","1":"product","2":"type-product","3":"status-publish","5":"product_cat-maros-megyei-eletrajzi-lexikon","7":"first","8":"instock","9":"shipping-taxable","10":"product-type-simple"},"_links":{"self":[{"href":"https:\/\/uj.adatbank.ro\/lexikon\/wp-json\/wp\/v2\/product\/7745","targetHints":{"allow":["GET"]}}],"collection":[{"href":"https:\/\/uj.adatbank.ro\/lexikon\/wp-json\/wp\/v2\/product"}],"about":[{"href":"https:\/\/uj.adatbank.ro\/lexikon\/wp-json\/wp\/v2\/types\/product"}],"replies":[{"embeddable":true,"href":"https:\/\/uj.adatbank.ro\/lexikon\/wp-json\/wp\/v2\/comments?post=7745"}],"wp:attachment":[{"href":"https:\/\/uj.adatbank.ro\/lexikon\/wp-json\/wp\/v2\/media?parent=7745"}],"wp:term":[{"taxonomy":"product_brand","embeddable":true,"href":"https:\/\/uj.adatbank.ro\/lexikon\/wp-json\/wp\/v2\/product_brand?post=7745"},{"taxonomy":"product_cat","embeddable":true,"href":"https:\/\/uj.adatbank.ro\/lexikon\/wp-json\/wp\/v2\/product_cat?post=7745"},{"taxonomy":"product_tag","embeddable":true,"href":"https:\/\/uj.adatbank.ro\/lexikon\/wp-json\/wp\/v2\/product_tag?post=7745"}],"curies":[{"name":"wp","href":"https:\/\/api.w.org\/{rel}","templated":true}]}}

FÁTYOL Tibor

<p>Kv., 1935. okt. 9. † Mv., 2017. jan. 5.: zeneszerző. – karmester. – Szülővárosában végezte tanulmányait és oklevelet a Gheorghe Dima Zeneművészeti Egyetemen zeneszerzés-karmesteri szakon végzett. Több város művelődési intézményének munkatársa, majd Mv-en a Szentgyörgyi István Színművészeti Főiskolán és a Maros Művészegyüttes művészeti titkára (1978–1990). A Mv.-i Nemzeti Színház magyar tagozatának több előadásáoz írt színpadi zenét: Horia Lovinescu: Egy tiszteletreméltó ház; W. Shakespeare: Vízkereszt, vagy amit akartok; E. Labiche: Szemfényvesztők; L Rebreanu: Szerelmi négyszög; Tamási Áron: Csalóka szivárvány; A. N. Osztrovszkij: A hozomány nélküli lány; J. Racine: Phaedra; M. Gorkij: Éjjeli menedékhely; Madách Imre: Mózes; és Csehov: Cseresznyéskert a román tagozaton. – <strong>F. m.:</strong> Dansuri populare din regiunea Cluj (Cluj, 1967). &#8211;<br /><strong>Irod.:</strong> Nekrológ (Nú., 2017. jan. 12.); EMKK 2000</br></p>

<p>Kv., 1935. okt. 9. † Mv., 2017. jan. 5.: zeneszerző. – karmester. – Szülővárosában végezte tanulmányait és oklevelet a Gheorghe Dima Zeneművészeti Egyetemen zeneszerzés-karmesteri szakon végzett. Több város művelődési intézményének munkatársa, majd Mv-en a Szentgyörgyi István Színművészeti Főiskolán és a Maros Művészegyüttes művészeti titkára (1978–1990). A Mv.-i Nemzeti Színház magyar tagozatának több előadásáoz írt színpadi zenét: [&hellip;]</p>
