{"id":7752,"date":"2025-06-29T10:02:40","date_gmt":"2025-06-29T08:02:40","guid":{"rendered":"https:\/\/uj.adatbank.ro\/lexikon\/termek\/fay-stefan-j-br-alneve-stefan-andrei-1956-ig\/"},"modified":"2025-06-29T10:02:40","modified_gmt":"2025-06-29T08:02:40","slug":"fay-stefan-j-br-alneve-stefan-andrei-1956-ig","status":"publish","type":"product","link":"https:\/\/uj.adatbank.ro\/lexikon\/termek\/fay-stefan-j-br-alneve-stefan-andrei-1956-ig\/","title":{"rendered":"FAY \u015etefan J., br., \u00e1lneve: \u015etefan Andrei (1956-ig)"},"content":{"rendered":"<p>Sz\u0151kefalva, 1919. j\u00fal. 2., \u2020\u00a0Nisa , 2009. j\u00fan. 26.: \u00edr\u00f3. \u2013 Joseph de Fay diplomata \u00e9s Kem\u00e9ny Gabriella fia. Buk.-ben tanult, az elemi ut\u00e1n (1926\u201330) a Dealul Kolostor Katonai L\u00edc.-ban folytatta tanulm\u00e1nyait (1930\u201335), majd 2 \u00e9vig a Sz\u00e9pm\u0171v\u00e9szeti Akad. hallgat\u00f3ja szobr\u00e1sz szakon (1937\u201339), mesterei Corneliu Medrea \u00e9s Ion Jalea. P\u00e1rhuzamosan az egyetemen Mircea Eliade, Mircea Vulc\u0103nescu, Petru Comarnescu el\u0151ad\u00e1sait hallgatta. Buk.-ben a N\u00e9pm\u0171v\u00e9szeti Isk. fest\u00e9szeti szak\u00e1t is elv\u00e9gezte (1960\u201364). Magyarb\u00fckk\u00f6s\u00f6n minden vagyon\u00e1t kisaj\u00e1t\u00edtott\u00e1k, a sz\u00f6kefalvi csal\u00e1di birtokr\u00f3l el\u00fcld\u00f6zt\u00e9k (1949. m\u00e1rc.), k\u00e9nyszerlakhely\u00e9\u00fcl Gyulafeh\u00e9rv\u00e1rat jel\u00f6lt\u00e9k ki. Munkan\u00e9lk\u00fcli, majd Buk.-ben \u00e1csk\u00e9nt \u00e9p\u00edt\u0151telepeken dolgozott (1949\u201354), a szakszervezetek kiad\u00f3j\u00e1ban szerk. (1954\u201358), de elbocs\u00e1tott\u00e1k. Neh\u00e9z munkan\u00e9lk\u00fcli id\u0151szakot k\u00f6vetkezett. K\u00fcl\u00f6nb\u00f6z\u0151 munk\u00e1kat v\u00e1llalt el: a buk.-i Nemzeti Sz\u00ednh\u00e1z d\u00edszlet m\u0171hely\u00e9ben dolgozott, sz\u00ednh\u00e1zi d\u00edszleteket festett, plak\u00e1tokat k\u00e9sz\u00edtett, templomi restaur\u00e1tork\u00e9nt r\u00e9szt vett a g\u00f6rg\u00e9nyi kolostorokban v\u00e9gzett munk\u00e1latokban a (Ghighiu, Titu, Patriarhie, Capela Ghencea-Militari, Sf. Elefterie) Tattarescu falfestm\u00e9nyeit renov\u00e1l\u00f3 csoportban, amelyet Vasile H. Rudeanu fest\u0151 vezetett.); k\u00f6nyvt\u00e1ros az ICSIM-n\u00e9l nyugd\u00edjaz\u00e1s\u00e1ig (1959\u201381). Az irodalomban riportokkal \u00e9s elbesz\u00e9l\u00e9sekkel deb\u00fct\u00e1lt az Universul literar c. lapban (1940). A Rom\u00e1n Ir\u00f3sz\u00f6vets\u00e9g tagja (1952), lemond (1956). \u00dajra az \u00cdr\u00f3sz\u00f6vets\u00e9g \u00e9s a Rom\u00e1n-Amerikai Akad. tagja. Reg\u00e9nyeiben Marosmegye R\u00e9gen, Mv. \u00e9s k\u00f6rny\u00e9ke is megelevenedik. \u00cdr\u00e1sait k\u00f6zli Universul literar, T\u00e2n\u0103rul scriitor, Contemporanul, Femeia, Flac\u0103ra, Astra, Via\u0163a militar\u0103, La Roumanie nouvelle. \u2013 <strong>F. m.:<\/strong> Noul ora\u015f (reg.: Buc., 1952); Spre \u015fantier (reg.; Buc., 1953); \u00cempreun\u0103 (Buc., 1953); Pe drumuri craiovene (rip.; Buc., 1954); Pe \u015eoseaua Basarab (rip.; Buc., 1955); Minerii din Valea Jiului (rip.; Buc., 1955); Fata pluta\u015fului (reg.; Buc., 1956); Acea noapte, acea zi de iarn\u0103 \u201833. (Buc., 1973); Acea noapte, acea zi de iarn\u0103 (Buc., 1973); La cina din nou\u0103 sute \u015fapte (Buc., 1977); Caietele locotenentului Florian (Buc., 1983), Une lettre pour Marcel Moreau (tanulm.; Belgia, 1984); Moartea baroanei (Buc., 1988, 1994); Sokrateion sau m\u0103rturisire pentru om (Buc., 1991); Bal la castel (Buc., 1993); Caietele unui fiu risipitor (Buc., 1994); R\u0103d\u0103cinile r\u0103scoalelor \u0163\u0103r\u0103ne\u015fti din Rom\u00e2nia, 1907 (Buc. -Paris, 1995); Dou\u0103 texte pentru Mircea Vulc\u0103nescu (Paris, 1997); Sub casca de aur a lui Mambrino (Buc., 1997); Sokrateion: M\u0103rturie despre Mircea Vulc\u0103nescu ( 2. jav. kiad.; Buc., 1998). \u2013 Irod: Cosma; DGLR; DSR; Fay: Sokrateion<\/br><\/p>\n","protected":false},"excerpt":{"rendered":"<p>Sz\u0151kefalva, 1919. j\u00fal. 2., \u2020\u00a0Nisa , 2009. j\u00fan. 26.: \u00edr\u00f3. \u2013 Joseph de Fay diplomata \u00e9s Kem\u00e9ny Gabriella fia. Buk.-ben tanult, az elemi ut\u00e1n (1926\u201330) a Dealul Kolostor Katonai L\u00edc.-ban folytatta tanulm\u00e1nyait (1930\u201335), majd 2 \u00e9vig a Sz\u00e9pm\u0171v\u00e9szeti Akad. hallgat\u00f3ja szobr\u00e1sz szakon (1937\u201339), mesterei Corneliu Medrea \u00e9s Ion Jalea. P\u00e1rhuzamosan az egyetemen Mircea Eliade, Mircea [&hellip;]<\/p>\n","protected":false},"featured_media":0,"comment_status":"open","ping_status":"closed","template":"","meta":[],"product_brand":[],"product_cat":[137],"product_tag":[],"class_list":{"0":"post-7752","1":"product","2":"type-product","3":"status-publish","5":"product_cat-maros-megyei-eletrajzi-lexikon","7":"first","8":"instock","9":"shipping-taxable","10":"product-type-simple"},"_links":{"self":[{"href":"https:\/\/uj.adatbank.ro\/lexikon\/wp-json\/wp\/v2\/product\/7752","targetHints":{"allow":["GET"]}}],"collection":[{"href":"https:\/\/uj.adatbank.ro\/lexikon\/wp-json\/wp\/v2\/product"}],"about":[{"href":"https:\/\/uj.adatbank.ro\/lexikon\/wp-json\/wp\/v2\/types\/product"}],"replies":[{"embeddable":true,"href":"https:\/\/uj.adatbank.ro\/lexikon\/wp-json\/wp\/v2\/comments?post=7752"}],"wp:attachment":[{"href":"https:\/\/uj.adatbank.ro\/lexikon\/wp-json\/wp\/v2\/media?parent=7752"}],"wp:term":[{"taxonomy":"product_brand","embeddable":true,"href":"https:\/\/uj.adatbank.ro\/lexikon\/wp-json\/wp\/v2\/product_brand?post=7752"},{"taxonomy":"product_cat","embeddable":true,"href":"https:\/\/uj.adatbank.ro\/lexikon\/wp-json\/wp\/v2\/product_cat?post=7752"},{"taxonomy":"product_tag","embeddable":true,"href":"https:\/\/uj.adatbank.ro\/lexikon\/wp-json\/wp\/v2\/product_tag?post=7752"}],"curies":[{"name":"wp","href":"https:\/\/api.w.org\/{rel}","templated":true}]}}

FAY Ştefan J., br., álneve: Ştefan Andrei (1956-ig)

<p>Szőkefalva, 1919. júl. 2., † Nisa , 2009. jún. 26.: író. – Joseph de Fay diplomata és Kemény Gabriella fia. Buk.-ben tanult, az elemi után (1926–30) a Dealul Kolostor Katonai Líc.-ban folytatta tanulmányait (1930–35), majd 2 évig a Szépművészeti Akad. hallgatója szobrász szakon (1937–39), mesterei Corneliu Medrea és Ion Jalea. Párhuzamosan az egyetemen Mircea Eliade, Mircea Vulcănescu, Petru Comarnescu előadásait hallgatta. Buk.-ben a Népművészeti Isk. festészeti szakát is elvégezte (1960–64). Magyarbükkösön minden vagyonát kisajátították, a szökefalvi családi birtokról elüldözték (1949. márc.), kényszerlakhelyéül Gyulafehérvárat jelölték ki. Munkanélküli, majd Buk.-ben ácsként építőtelepeken dolgozott (1949–54), a szakszervezetek kiadójában szerk. (1954–58), de elbocsátották. Nehéz munkanélküli időszakot következett. Különböző munkákat vállalt el: a buk.-i Nemzeti Színház díszlet műhelyében dolgozott, színházi díszleteket festett, plakátokat készített, templomi restaurátorként részt vett a görgényi kolostorokban végzett munkálatokban a (Ghighiu, Titu, Patriarhie, Capela Ghencea-Militari, Sf. Elefterie) Tattarescu falfestményeit renováló csoportban, amelyet Vasile H. Rudeanu festő vezetett.); könyvtáros az ICSIM-nél nyugdíjazásáig (1959–81). Az irodalomban riportokkal és elbeszélésekkel debütált az Universul literar c. lapban (1940). A Román Irószövetség tagja (1952), lemond (1956). Újra az Írószövetség és a Román-Amerikai Akad. tagja. Regényeiben Marosmegye Régen, Mv. és környéke is megelevenedik. Írásait közli Universul literar, Tânărul scriitor, Contemporanul, Femeia, Flacăra, Astra, Viaţa militară, La Roumanie nouvelle. – <strong>F. m.:</strong> Noul oraş (reg.: Buc., 1952); Spre şantier (reg.; Buc., 1953); Împreună (Buc., 1953); Pe drumuri craiovene (rip.; Buc., 1954); Pe Şoseaua Basarab (rip.; Buc., 1955); Minerii din Valea Jiului (rip.; Buc., 1955); Fata plutaşului (reg.; Buc., 1956); Acea noapte, acea zi de iarnă ‘33. (Buc., 1973); Acea noapte, acea zi de iarnă (Buc., 1973); La cina din nouă sute şapte (Buc., 1977); Caietele locotenentului Florian (Buc., 1983), Une lettre pour Marcel Moreau (tanulm.; Belgia, 1984); Moartea baroanei (Buc., 1988, 1994); Sokrateion sau mărturisire pentru om (Buc., 1991); Bal la castel (Buc., 1993); Caietele unui fiu risipitor (Buc., 1994); Rădăcinile răscoalelor ţărăneşti din România, 1907 (Buc. -Paris, 1995); Două texte pentru Mircea Vulcănescu (Paris, 1997); Sub casca de aur a lui Mambrino (Buc., 1997); Sokrateion: Mărturie despre Mircea Vulcănescu ( 2. jav. kiad.; Buc., 1998). – Irod: Cosma; DGLR; DSR; Fay: Sokrateion</br></p>

<p>Szőkefalva, 1919. júl. 2., † Nisa , 2009. jún. 26.: író. – Joseph de Fay diplomata és Kemény Gabriella fia. Buk.-ben tanult, az elemi után (1926–30) a Dealul Kolostor Katonai Líc.-ban folytatta tanulmányait (1930–35), majd 2 évig a Szépművészeti Akad. hallgatója szobrász szakon (1937–39), mesterei Corneliu Medrea és Ion Jalea. Párhuzamosan az egyetemen Mircea Eliade, Mircea [&hellip;]</p>
