{"id":7753,"date":"2025-06-29T10:02:42","date_gmt":"2025-06-29T08:02:42","guid":{"rendered":"https:\/\/uj.adatbank.ro\/lexikon\/termek\/fayon-madeleine-%c2%a7-baciu-teofilne\/"},"modified":"2025-06-29T10:02:42","modified_gmt":"2025-06-29T08:02:42","slug":"fayon-madeleine-%c2%a7-baciu-teofilne","status":"publish","type":"product","link":"https:\/\/uj.adatbank.ro\/lexikon\/termek\/fayon-madeleine-%c2%a7-baciu-teofilne\/","title":{"rendered":"FAYON, Madeleine, \u00a7 Baciu Teofiln\u00e9"},"content":{"rendered":"<p>? \u2020 ?: tan\u00e1rn\u0151. \u2013 Anyja: Mme Fayon. F\u00e9rje: Baciu Teofil \u00fcgyv\u00e9d. \u2013 Az I. vh. ut\u00e1n \u00e9rkezett Franciao. -b\u00f3l (1931\u2013) tan\u00e1rn\u0151 anyj\u00e1val, francia nyelvet tan\u00edtani. A mv.-i gimn. -okban, a Papiu \u00e9s Unirea l\u00edc.-ban tan\u00edtottak. \u00d6zv. Pasoni G\u00e1born\u00e9 vill\u00e1j\u00e1t b\u00e9relt\u00e9k ki, \u00e9s francia nyelv\u0171 l\u00edc. -ot \u00e9s le\u00e1nynevel\u0151 int\u00e9zetet l\u00e9tes\u00edtettek (1925\u201348). \u2013 Irod: Sz\u00e9pr\u00e9ti Lilla: Egy gy\u0171jtem\u00e9ny gazd\u00e1t cser\u00e9l (\u00daj \u00c9let, 24. sz., 1978); Szikszai<\/br><\/p>\n","protected":false},"excerpt":{"rendered":"<p>? \u2020 ?: tan\u00e1rn\u0151. \u2013 Anyja: Mme Fayon. F\u00e9rje: Baciu Teofil \u00fcgyv\u00e9d. \u2013 Az I. vh. ut\u00e1n \u00e9rkezett Franciao. -b\u00f3l (1931\u2013) tan\u00e1rn\u0151 anyj\u00e1val, francia nyelvet tan\u00edtani. A mv.-i gimn. -okban, a Papiu \u00e9s Unirea l\u00edc.-ban tan\u00edtottak. \u00d6zv. Pasoni G\u00e1born\u00e9 vill\u00e1j\u00e1t b\u00e9relt\u00e9k ki, \u00e9s francia nyelv\u0171 l\u00edc. -ot \u00e9s le\u00e1nynevel\u0151 int\u00e9zetet l\u00e9tes\u00edtettek (1925\u201348). \u2013 Irod: Sz\u00e9pr\u00e9ti [&hellip;]<\/p>\n","protected":false},"featured_media":0,"comment_status":"open","ping_status":"closed","template":"","meta":[],"product_brand":[],"product_cat":[137],"product_tag":[],"class_list":{"0":"post-7753","1":"product","2":"type-product","3":"status-publish","5":"product_cat-maros-megyei-eletrajzi-lexikon","7":"first","8":"instock","9":"shipping-taxable","10":"product-type-simple"},"_links":{"self":[{"href":"https:\/\/uj.adatbank.ro\/lexikon\/wp-json\/wp\/v2\/product\/7753","targetHints":{"allow":["GET"]}}],"collection":[{"href":"https:\/\/uj.adatbank.ro\/lexikon\/wp-json\/wp\/v2\/product"}],"about":[{"href":"https:\/\/uj.adatbank.ro\/lexikon\/wp-json\/wp\/v2\/types\/product"}],"replies":[{"embeddable":true,"href":"https:\/\/uj.adatbank.ro\/lexikon\/wp-json\/wp\/v2\/comments?post=7753"}],"wp:attachment":[{"href":"https:\/\/uj.adatbank.ro\/lexikon\/wp-json\/wp\/v2\/media?parent=7753"}],"wp:term":[{"taxonomy":"product_brand","embeddable":true,"href":"https:\/\/uj.adatbank.ro\/lexikon\/wp-json\/wp\/v2\/product_brand?post=7753"},{"taxonomy":"product_cat","embeddable":true,"href":"https:\/\/uj.adatbank.ro\/lexikon\/wp-json\/wp\/v2\/product_cat?post=7753"},{"taxonomy":"product_tag","embeddable":true,"href":"https:\/\/uj.adatbank.ro\/lexikon\/wp-json\/wp\/v2\/product_tag?post=7753"}],"curies":[{"name":"wp","href":"https:\/\/api.w.org\/{rel}","templated":true}]}}

FAYON, Madeleine, § Baciu Teofilné

<p>? † ?: tanárnő. – Anyja: Mme Fayon. Férje: Baciu Teofil ügyvéd. – Az I. vh. után érkezett Franciao. -ból (1931–) tanárnő anyjával, francia nyelvet tanítani. A mv.-i gimn. -okban, a Papiu és Unirea líc.-ban tanítottak. Özv. Pasoni Gáborné villáját bérelték ki, és francia nyelvű líc. -ot és leánynevelő intézetet létesítettek (1925–48). – Irod: Szépréti Lilla: Egy gyűjtemény gazdát cserél (Új Élet, 24. sz., 1978); Szikszai</br></p>

<p>? † ?: tanárnő. – Anyja: Mme Fayon. Férje: Baciu Teofil ügyvéd. – Az I. vh. után érkezett Franciao. -ból (1931–) tanárnő anyjával, francia nyelvet tanítani. A mv.-i gimn. -okban, a Papiu és Unirea líc.-ban tanítottak. Özv. Pasoni Gáborné villáját bérelték ki, és francia nyelvű líc. -ot és leánynevelő intézetet létesítettek (1925–48). – Irod: Szépréti [&hellip;]</p>
