{"id":7756,"date":"2025-06-29T10:02:46","date_gmt":"2025-06-29T08:02:46","guid":{"rendered":"https:\/\/uj.adatbank.ro\/lexikon\/termek\/fazakas-endre\/"},"modified":"2025-06-29T10:02:46","modified_gmt":"2025-06-29T08:02:46","slug":"fazakas-endre","status":"publish","type":"product","link":"https:\/\/uj.adatbank.ro\/lexikon\/termek\/fazakas-endre\/","title":{"rendered":"FAZAKAS Endre"},"content":{"rendered":"<p>1929., \u2020\u00a0Dics\u0151szentm\u00e1rton, 2020. \u00e1pr. 20. : unit\u00e1rius egyh\u00e1zk\u00f6zs\u00e9g lelk\u00e9sz-esperese. \u2013 Dics\u0151szentm\u00e1rtonban lelk\u00e9sz 60 \u00e9vig. <br \/><strong>Irod.:<\/strong> Nekrol\u00f3g (N\u00fa., 2023. \u00e1pr. 21.)<\/br><\/p>\n","protected":false},"excerpt":{"rendered":"<p>1929., \u2020\u00a0Dics\u0151szentm\u00e1rton, 2020. \u00e1pr. 20. : unit\u00e1rius egyh\u00e1zk\u00f6zs\u00e9g lelk\u00e9sz-esperese. \u2013 Dics\u0151szentm\u00e1rtonban lelk\u00e9sz 60 \u00e9vig. Irod.: Nekrol\u00f3g (N\u00fa., 2023. \u00e1pr. 21.)<\/p>\n","protected":false},"featured_media":0,"comment_status":"open","ping_status":"closed","template":"","meta":[],"product_brand":[],"product_cat":[137],"product_tag":[],"class_list":{"0":"post-7756","1":"product","2":"type-product","3":"status-publish","5":"product_cat-maros-megyei-eletrajzi-lexikon","7":"first","8":"instock","9":"shipping-taxable","10":"product-type-simple"},"_links":{"self":[{"href":"https:\/\/uj.adatbank.ro\/lexikon\/wp-json\/wp\/v2\/product\/7756","targetHints":{"allow":["GET"]}}],"collection":[{"href":"https:\/\/uj.adatbank.ro\/lexikon\/wp-json\/wp\/v2\/product"}],"about":[{"href":"https:\/\/uj.adatbank.ro\/lexikon\/wp-json\/wp\/v2\/types\/product"}],"replies":[{"embeddable":true,"href":"https:\/\/uj.adatbank.ro\/lexikon\/wp-json\/wp\/v2\/comments?post=7756"}],"wp:attachment":[{"href":"https:\/\/uj.adatbank.ro\/lexikon\/wp-json\/wp\/v2\/media?parent=7756"}],"wp:term":[{"taxonomy":"product_brand","embeddable":true,"href":"https:\/\/uj.adatbank.ro\/lexikon\/wp-json\/wp\/v2\/product_brand?post=7756"},{"taxonomy":"product_cat","embeddable":true,"href":"https:\/\/uj.adatbank.ro\/lexikon\/wp-json\/wp\/v2\/product_cat?post=7756"},{"taxonomy":"product_tag","embeddable":true,"href":"https:\/\/uj.adatbank.ro\/lexikon\/wp-json\/wp\/v2\/product_tag?post=7756"}],"curies":[{"name":"wp","href":"https:\/\/api.w.org\/{rel}","templated":true}]}}