{"id":7757,"date":"2025-06-29T10:02:48","date_gmt":"2025-06-29T08:02:48","guid":{"rendered":"https:\/\/uj.adatbank.ro\/lexikon\/termek\/fazakas-eva-rozalia\/"},"modified":"2025-06-29T10:02:48","modified_gmt":"2025-06-29T08:02:48","slug":"fazakas-eva-rozalia","status":"publish","type":"product","link":"https:\/\/uj.adatbank.ro\/lexikon\/termek\/fazakas-eva-rozalia\/","title":{"rendered":"FAZAKAS \u00c9va Roz\u00e1lia"},"content":{"rendered":"<p>1949., \u2020\u00a0Mv., 1999. j\u00fal.?: gy\u00f3gyszer\u00e9sz. Apja F. B\u00e9la orvos. \u2013 A MOGYI v\u00e9gzettje, gy\u00f3gyszer\u00e9sz oklevelet kapott (1971). Dolgozott Erd\u0151szentgy\u00f6rgy\u00f6n \u00e9s Mv.-en, ahol saj\u00e1t gy\u00f3gyszert\u00e1ra volt (1990 ut\u00e1n). <br \/><strong>Irod.:<\/strong> P\u00e9ter H. M.; P\u00e9ter H. M. 2013<\/br><\/p>\n","protected":false},"excerpt":{"rendered":"<p>1949., \u2020\u00a0Mv., 1999. j\u00fal.?: gy\u00f3gyszer\u00e9sz. Apja F. B\u00e9la orvos. \u2013 A MOGYI v\u00e9gzettje, gy\u00f3gyszer\u00e9sz oklevelet kapott (1971). Dolgozott Erd\u0151szentgy\u00f6rgy\u00f6n \u00e9s Mv.-en, ahol saj\u00e1t gy\u00f3gyszert\u00e1ra volt (1990 ut\u00e1n). Irod.: P\u00e9ter H. M.; P\u00e9ter H. M. 2013<\/p>\n","protected":false},"featured_media":0,"comment_status":"open","ping_status":"closed","template":"","meta":[],"product_brand":[],"product_cat":[137],"product_tag":[],"class_list":{"0":"post-7757","1":"product","2":"type-product","3":"status-publish","5":"product_cat-maros-megyei-eletrajzi-lexikon","7":"first","8":"instock","9":"shipping-taxable","10":"product-type-simple"},"_links":{"self":[{"href":"https:\/\/uj.adatbank.ro\/lexikon\/wp-json\/wp\/v2\/product\/7757","targetHints":{"allow":["GET"]}}],"collection":[{"href":"https:\/\/uj.adatbank.ro\/lexikon\/wp-json\/wp\/v2\/product"}],"about":[{"href":"https:\/\/uj.adatbank.ro\/lexikon\/wp-json\/wp\/v2\/types\/product"}],"replies":[{"embeddable":true,"href":"https:\/\/uj.adatbank.ro\/lexikon\/wp-json\/wp\/v2\/comments?post=7757"}],"wp:attachment":[{"href":"https:\/\/uj.adatbank.ro\/lexikon\/wp-json\/wp\/v2\/media?parent=7757"}],"wp:term":[{"taxonomy":"product_brand","embeddable":true,"href":"https:\/\/uj.adatbank.ro\/lexikon\/wp-json\/wp\/v2\/product_brand?post=7757"},{"taxonomy":"product_cat","embeddable":true,"href":"https:\/\/uj.adatbank.ro\/lexikon\/wp-json\/wp\/v2\/product_cat?post=7757"},{"taxonomy":"product_tag","embeddable":true,"href":"https:\/\/uj.adatbank.ro\/lexikon\/wp-json\/wp\/v2\/product_tag?post=7757"}],"curies":[{"name":"wp","href":"https:\/\/api.w.org\/{rel}","templated":true}]}}