{"id":7761,"date":"2025-06-29T10:02:57","date_gmt":"2025-06-29T08:02:57","guid":{"rendered":"https:\/\/uj.adatbank.ro\/lexikon\/termek\/fazakas-janos-fazekas-janos\/"},"modified":"2025-06-29T10:02:57","modified_gmt":"2025-06-29T08:02:57","slug":"fazakas-janos-fazekas-janos","status":"publish","type":"product","link":"https:\/\/uj.adatbank.ro\/lexikon\/termek\/fazakas-janos-fazekas-janos\/","title":{"rendered":"FAZAKAS J\u00e1nos, Fazekas J\u00e1nos"},"content":{"rendered":"<p>M\u00e1ln\u00e1s, 1910. aug. 26., \u2020 Kv., 1979. aug. 3 , a Hazsong\u00e1rdi Luther\u00e1nus temet\u0151ben nyugszik.: orvos, ortop\u00e9d szakorvos. \u2013 A k\u00f6z\u00e9piskol\u00e1t Sepsiszentgy\u00f6rgy\u00f6n, az egyetemet Buk.-ben v\u00e9gezte. \u2013 A kv-i Bolyai TE Mv. -re \u00e1thelyezett Ovosi Kar\u00e1n, majd az \u00f6n\u00e1ll\u00f3sult OGYI-n tan\u00edtott, az Ortop\u00e9diai tansz\u00e9k professzora (1945\u201349). A mv.-i Ortop\u00e9diai \u00e9s Gyermekseb\u00e9szeti Klinika els\u0151 vezet\u0151je (1948\u201350), majd a kv.-i OGYI Tov\u00e1bbk\u00e9pz\u0151 Int\u00e9zet\u00e9nek \u00e9s a Traumatol\u00f3giai Klinik\u00e1nak a vezet\u0151je volt. Tanulm\u00e1nyai m., rom\u00e1n, n\u00e9met, francia, angol szaklapokban jelentek meg. <br \/><strong>Irod.:<\/strong> H\u00e1zsong\u00e1rd; Sz\u00f6ll\u0151si 2009<\/br><\/p>\n","protected":false},"excerpt":{"rendered":"<p>M\u00e1ln\u00e1s, 1910. aug. 26., \u2020 Kv., 1979. aug. 3 , a Hazsong\u00e1rdi Luther\u00e1nus temet\u0151ben nyugszik.: orvos, ortop\u00e9d szakorvos. \u2013 A k\u00f6z\u00e9piskol\u00e1t Sepsiszentgy\u00f6rgy\u00f6n, az egyetemet Buk.-ben v\u00e9gezte. \u2013 A kv-i Bolyai TE Mv. -re \u00e1thelyezett Ovosi Kar\u00e1n, majd az \u00f6n\u00e1ll\u00f3sult OGYI-n tan\u00edtott, az Ortop\u00e9diai tansz\u00e9k professzora (1945\u201349). A mv.-i Ortop\u00e9diai \u00e9s Gyermekseb\u00e9szeti Klinika els\u0151 vezet\u0151je (1948\u201350), [&hellip;]<\/p>\n","protected":false},"featured_media":0,"comment_status":"open","ping_status":"closed","template":"","meta":[],"product_brand":[],"product_cat":[137],"product_tag":[],"class_list":{"0":"post-7761","1":"product","2":"type-product","3":"status-publish","5":"product_cat-maros-megyei-eletrajzi-lexikon","7":"first","8":"instock","9":"shipping-taxable","10":"product-type-simple"},"_links":{"self":[{"href":"https:\/\/uj.adatbank.ro\/lexikon\/wp-json\/wp\/v2\/product\/7761","targetHints":{"allow":["GET"]}}],"collection":[{"href":"https:\/\/uj.adatbank.ro\/lexikon\/wp-json\/wp\/v2\/product"}],"about":[{"href":"https:\/\/uj.adatbank.ro\/lexikon\/wp-json\/wp\/v2\/types\/product"}],"replies":[{"embeddable":true,"href":"https:\/\/uj.adatbank.ro\/lexikon\/wp-json\/wp\/v2\/comments?post=7761"}],"wp:attachment":[{"href":"https:\/\/uj.adatbank.ro\/lexikon\/wp-json\/wp\/v2\/media?parent=7761"}],"wp:term":[{"taxonomy":"product_brand","embeddable":true,"href":"https:\/\/uj.adatbank.ro\/lexikon\/wp-json\/wp\/v2\/product_brand?post=7761"},{"taxonomy":"product_cat","embeddable":true,"href":"https:\/\/uj.adatbank.ro\/lexikon\/wp-json\/wp\/v2\/product_cat?post=7761"},{"taxonomy":"product_tag","embeddable":true,"href":"https:\/\/uj.adatbank.ro\/lexikon\/wp-json\/wp\/v2\/product_tag?post=7761"}],"curies":[{"name":"wp","href":"https:\/\/api.w.org\/{rel}","templated":true}]}}

FAZAKAS János, Fazekas János

<p>Málnás, 1910. aug. 26., † Kv., 1979. aug. 3 , a Hazsongárdi Lutheránus temetőben nyugszik.: orvos, ortopéd szakorvos. – A középiskolát Sepsiszentgyörgyön, az egyetemet Buk.-ben végezte. – A kv-i Bolyai TE Mv. -re áthelyezett Ovosi Karán, majd az önállósult OGYI-n tanított, az Ortopédiai tanszék professzora (1945–49). A mv.-i Ortopédiai és Gyermeksebészeti Klinika első vezetője (1948–50), majd a kv.-i OGYI Továbbképző Intézetének és a Traumatológiai Klinikának a vezetője volt. Tanulmányai m., román, német, francia, angol szaklapokban jelentek meg. <br /><strong>Irod.:</strong> Házsongárd; Szöllősi 2009</br></p>

<p>Málnás, 1910. aug. 26., † Kv., 1979. aug. 3 , a Hazsongárdi Lutheránus temetőben nyugszik.: orvos, ortopéd szakorvos. – A középiskolát Sepsiszentgyörgyön, az egyetemet Buk.-ben végezte. – A kv-i Bolyai TE Mv. -re áthelyezett Ovosi Karán, majd az önállósult OGYI-n tanított, az Ortopédiai tanszék professzora (1945–49). A mv.-i Ortopédiai és Gyermeksebészeti Klinika első vezetője (1948–50), [&hellip;]</p>
