{"id":7762,"date":"2025-06-29T10:02:58","date_gmt":"2025-06-29T08:02:58","guid":{"rendered":"https:\/\/uj.adatbank.ro\/lexikon\/termek\/fazakas-jeno-kobatfalvi\/"},"modified":"2025-06-29T10:02:58","modified_gmt":"2025-06-29T08:02:58","slug":"fazakas-jeno-kobatfalvi","status":"publish","type":"product","link":"https:\/\/uj.adatbank.ro\/lexikon\/termek\/fazakas-jeno-kobatfalvi\/","title":{"rendered":"FAZAKAS Jen\u0151, kob\u00e1tfalvi"},"content":{"rendered":"<p>Ny\u00e1r\u00e1dszentm\u00e1rton, 1902., \u2020\u00a0? : unit. lelk\u00e9sz. \u2013 \u00c9desapja Lajos unit. esperes. Tanulm\u00e1nyait Kv.-on v\u00e9gezte, papp\u00e1 szentelt\u00e9k (1932). Erzs\u00e9betv\u00e1roson kezdte papi hivat\u00e1s\u00e1t, onnan Medgyesre, Recseny\u00e9dre majd Rav\u00e1ba ker\u00fclt (1938\u201343). Az I. vh.-ban mint \u00f6nk\u00e9ntes vett r\u00e9szt a sz\u00e9kely hadoszt\u00e1lyban, ahol rom\u00e1n fogs\u00e1gba esett. A Hangya igazgat\u00f3ja \u00e9s eln\u00f6ke, iskolasz\u00e9ki eln\u00f6k, a vall\u00e1sos egyes\u00fclet v\u00e9dn\u00f6ke volt. <br \/><strong>Irod.:<\/strong> Cs\u00edkfalva; Rava; Sz\u00e9kelyf\u00f6ld \u00ed. k<\/br><\/p>\n","protected":false},"excerpt":{"rendered":"<p>Ny\u00e1r\u00e1dszentm\u00e1rton, 1902., \u2020\u00a0? : unit. lelk\u00e9sz. \u2013 \u00c9desapja Lajos unit. esperes. Tanulm\u00e1nyait Kv.-on v\u00e9gezte, papp\u00e1 szentelt\u00e9k (1932). Erzs\u00e9betv\u00e1roson kezdte papi hivat\u00e1s\u00e1t, onnan Medgyesre, Recseny\u00e9dre majd Rav\u00e1ba ker\u00fclt (1938\u201343). Az I. vh.-ban mint \u00f6nk\u00e9ntes vett r\u00e9szt a sz\u00e9kely hadoszt\u00e1lyban, ahol rom\u00e1n fogs\u00e1gba esett. A Hangya igazgat\u00f3ja \u00e9s eln\u00f6ke, iskolasz\u00e9ki eln\u00f6k, a vall\u00e1sos egyes\u00fclet v\u00e9dn\u00f6ke volt. Irod.: [&hellip;]<\/p>\n","protected":false},"featured_media":0,"comment_status":"open","ping_status":"closed","template":"","meta":[],"product_brand":[],"product_cat":[137],"product_tag":[],"class_list":{"0":"post-7762","1":"product","2":"type-product","3":"status-publish","5":"product_cat-maros-megyei-eletrajzi-lexikon","7":"first","8":"instock","9":"shipping-taxable","10":"product-type-simple"},"_links":{"self":[{"href":"https:\/\/uj.adatbank.ro\/lexikon\/wp-json\/wp\/v2\/product\/7762","targetHints":{"allow":["GET"]}}],"collection":[{"href":"https:\/\/uj.adatbank.ro\/lexikon\/wp-json\/wp\/v2\/product"}],"about":[{"href":"https:\/\/uj.adatbank.ro\/lexikon\/wp-json\/wp\/v2\/types\/product"}],"replies":[{"embeddable":true,"href":"https:\/\/uj.adatbank.ro\/lexikon\/wp-json\/wp\/v2\/comments?post=7762"}],"wp:attachment":[{"href":"https:\/\/uj.adatbank.ro\/lexikon\/wp-json\/wp\/v2\/media?parent=7762"}],"wp:term":[{"taxonomy":"product_brand","embeddable":true,"href":"https:\/\/uj.adatbank.ro\/lexikon\/wp-json\/wp\/v2\/product_brand?post=7762"},{"taxonomy":"product_cat","embeddable":true,"href":"https:\/\/uj.adatbank.ro\/lexikon\/wp-json\/wp\/v2\/product_cat?post=7762"},{"taxonomy":"product_tag","embeddable":true,"href":"https:\/\/uj.adatbank.ro\/lexikon\/wp-json\/wp\/v2\/product_tag?post=7762"}],"curies":[{"name":"wp","href":"https:\/\/api.w.org\/{rel}","templated":true}]}}

FAZAKAS Jenő, kobátfalvi

<p>Nyárádszentmárton, 1902., † ? : unit. lelkész. – Édesapja Lajos unit. esperes. Tanulmányait Kv.-on végezte, pappá szentelték (1932). Erzsébetvároson kezdte papi hivatását, onnan Medgyesre, Recsenyédre majd Ravába került (1938–43). Az I. vh.-ban mint önkéntes vett részt a székely hadosztályban, ahol román fogságba esett. A Hangya igazgatója és elnöke, iskolaszéki elnök, a vallásos egyesület védnöke volt. <br /><strong>Irod.:</strong> Csíkfalva; Rava; Székelyföld í. k</br></p>

<p>Nyárádszentmárton, 1902., † ? : unit. lelkész. – Édesapja Lajos unit. esperes. Tanulmányait Kv.-on végezte, pappá szentelték (1932). Erzsébetvároson kezdte papi hivatását, onnan Medgyesre, Recsenyédre majd Ravába került (1938–43). Az I. vh.-ban mint önkéntes vett részt a székely hadosztályban, ahol román fogságba esett. A Hangya igazgatója és elnöke, iskolaszéki elnök, a vallásos egyesület védnöke volt. Irod.: [&hellip;]</p>
