{"id":7764,"date":"2025-06-29T10:03:01","date_gmt":"2025-06-29T08:03:01","guid":{"rendered":"https:\/\/uj.adatbank.ro\/lexikon\/termek\/fazakas-jozsef-2\/"},"modified":"2025-06-29T10:03:01","modified_gmt":"2025-06-29T08:03:01","slug":"fazakas-jozsef-2","status":"publish","type":"product","link":"https:\/\/uj.adatbank.ro\/lexikon\/termek\/fazakas-jozsef-2\/","title":{"rendered":"FAZAKAS J\u00f3zsef"},"content":{"rendered":"<p>Fi\u00e1tfalva, 1902., \u2020\u00a0? : igazgat\u00f3 tan\u00edt\u00f3. \u2013 Tanulm\u00e1nyait D\u00e9v\u00e1n \u00e9s Cs\u00edksomly\u00f3n v\u00e9gezte. Oklevel\u00e9nek elnyer\u00e9se ut\u00e1n \u00c1d\u00e1moson kezdte tan\u00edt\u00f3i m\u0171k\u00f6d\u00e9s\u00e9t, onnan Dics\u0151szentm\u00e1rtonba, Sepsik\u00f6r\u00f6spatakra, Csekefalv\u00e1ra majd B\u00f6z\u00f6dre ker\u00f6lt, ahol igazgat\u00f3 lett (1929). A dalk\u00f6r karnagya, a Hitelsz\u00f6vetkezet k\u00f6nyvel\u0151je, a Hangya fel\u00fcgyel\u0151bizotts\u00e1gi eln\u00f6ke, az unit. egyh\u00e1z k\u00e1ntora volt. <br \/><strong>Irod.:<\/strong> Sz\u00e9kelyf\u00f6ld \u00ed. k.<\/br><\/p>\n","protected":false},"excerpt":{"rendered":"<p>Fi\u00e1tfalva, 1902., \u2020\u00a0? : igazgat\u00f3 tan\u00edt\u00f3. \u2013 Tanulm\u00e1nyait D\u00e9v\u00e1n \u00e9s Cs\u00edksomly\u00f3n v\u00e9gezte. Oklevel\u00e9nek elnyer\u00e9se ut\u00e1n \u00c1d\u00e1moson kezdte tan\u00edt\u00f3i m\u0171k\u00f6d\u00e9s\u00e9t, onnan Dics\u0151szentm\u00e1rtonba, Sepsik\u00f6r\u00f6spatakra, Csekefalv\u00e1ra majd B\u00f6z\u00f6dre ker\u00f6lt, ahol igazgat\u00f3 lett (1929). A dalk\u00f6r karnagya, a Hitelsz\u00f6vetkezet k\u00f6nyvel\u0151je, a Hangya fel\u00fcgyel\u0151bizotts\u00e1gi eln\u00f6ke, az unit. egyh\u00e1z k\u00e1ntora volt. Irod.: Sz\u00e9kelyf\u00f6ld \u00ed. k.<\/p>\n","protected":false},"featured_media":0,"comment_status":"open","ping_status":"closed","template":"","meta":[],"product_brand":[],"product_cat":[137],"product_tag":[],"class_list":{"0":"post-7764","1":"product","2":"type-product","3":"status-publish","5":"product_cat-maros-megyei-eletrajzi-lexikon","7":"first","8":"instock","9":"shipping-taxable","10":"product-type-simple"},"_links":{"self":[{"href":"https:\/\/uj.adatbank.ro\/lexikon\/wp-json\/wp\/v2\/product\/7764","targetHints":{"allow":["GET"]}}],"collection":[{"href":"https:\/\/uj.adatbank.ro\/lexikon\/wp-json\/wp\/v2\/product"}],"about":[{"href":"https:\/\/uj.adatbank.ro\/lexikon\/wp-json\/wp\/v2\/types\/product"}],"replies":[{"embeddable":true,"href":"https:\/\/uj.adatbank.ro\/lexikon\/wp-json\/wp\/v2\/comments?post=7764"}],"wp:attachment":[{"href":"https:\/\/uj.adatbank.ro\/lexikon\/wp-json\/wp\/v2\/media?parent=7764"}],"wp:term":[{"taxonomy":"product_brand","embeddable":true,"href":"https:\/\/uj.adatbank.ro\/lexikon\/wp-json\/wp\/v2\/product_brand?post=7764"},{"taxonomy":"product_cat","embeddable":true,"href":"https:\/\/uj.adatbank.ro\/lexikon\/wp-json\/wp\/v2\/product_cat?post=7764"},{"taxonomy":"product_tag","embeddable":true,"href":"https:\/\/uj.adatbank.ro\/lexikon\/wp-json\/wp\/v2\/product_tag?post=7764"}],"curies":[{"name":"wp","href":"https:\/\/api.w.org\/{rel}","templated":true}]}}

FAZAKAS József

<p>Fiátfalva, 1902., † ? : igazgató tanító. – Tanulmányait Déván és Csíksomlyón végezte. Oklevelének elnyerése után Ádámoson kezdte tanítói működését, onnan Dicsőszentmártonba, Sepsiköröspatakra, Csekefalvára majd Bözödre kerölt, ahol igazgató lett (1929). A dalkör karnagya, a Hitelszövetkezet könyvelője, a Hangya felügyelőbizottsági elnöke, az unit. egyház kántora volt. <br /><strong>Irod.:</strong> Székelyföld í. k.</br></p>

<p>Fiátfalva, 1902., † ? : igazgató tanító. – Tanulmányait Déván és Csíksomlyón végezte. Oklevelének elnyerése után Ádámoson kezdte tanítói működését, onnan Dicsőszentmártonba, Sepsiköröspatakra, Csekefalvára majd Bözödre kerölt, ahol igazgató lett (1929). A dalkör karnagya, a Hitelszövetkezet könyvelője, a Hangya felügyelőbizottsági elnöke, az unit. egyház kántora volt. Irod.: Székelyföld í. k.</p>
