{"id":7769,"date":"2025-06-29T10:03:09","date_gmt":"2025-06-29T08:03:09","guid":{"rendered":"https:\/\/uj.adatbank.ro\/lexikon\/termek\/fazakas-lazar-dr-fazekas-lazar\/"},"modified":"2025-06-29T10:03:09","modified_gmt":"2025-06-29T08:03:09","slug":"fazakas-lazar-dr-fazekas-lazar","status":"publish","type":"product","link":"https:\/\/uj.adatbank.ro\/lexikon\/termek\/fazakas-lazar-dr-fazekas-lazar\/","title":{"rendered":"FAZAKAS L\u00e1z\u00e1r, dr. Fazekas L\u00e1z\u00e1r"},"content":{"rendered":"<p>Orbaitelken (Kov\u00e1szna megye). Sz\u00fcletett, 1928., \u2020\u00a0Mv., 1989. \u00e1pr. 17.: orvos. \u2013 A MOGYI gyermekgy\u00f3gy\u00e1szaki kar\u00e1n v\u00e9gzett (1953). Egyetemi oktat\u00f3 \u00e9s ortop\u00e9d-gyermekseb\u00e9sz, a mv.-i OGYI, a Gyermekseb\u00e9szeti Klinika \u00e9s a II. Ortop\u00e9dia munkat\u00e1rsa. Tan\u00e1rseg\u00e9d, majd adjunktus (1980\u2013). Kutat\u00f3orvos, tanulm\u00e1nyozta a gyomorr\u00e1k, a gyermekkori t\u00fcd\u0151gyullad\u00e1sok saj\u00e1toss\u00e1gait Monoki Istv\u00e1n dr. -al egy\u00fctt. <br \/><strong>Irod.:<\/strong> Genersich; Kiss Cs. M 4.; [Nekrol\u00f3g] (V. Z., 1989. \u00e1pr. 19.); Sz\u00f6ll\u0151si 2009<\/br><\/p>\n","protected":false},"excerpt":{"rendered":"<p>Orbaitelken (Kov\u00e1szna megye). Sz\u00fcletett, 1928., \u2020\u00a0Mv., 1989. \u00e1pr. 17.: orvos. \u2013 A MOGYI gyermekgy\u00f3gy\u00e1szaki kar\u00e1n v\u00e9gzett (1953). Egyetemi oktat\u00f3 \u00e9s ortop\u00e9d-gyermekseb\u00e9sz, a mv.-i OGYI, a Gyermekseb\u00e9szeti Klinika \u00e9s a II. Ortop\u00e9dia munkat\u00e1rsa. Tan\u00e1rseg\u00e9d, majd adjunktus (1980\u2013). Kutat\u00f3orvos, tanulm\u00e1nyozta a gyomorr\u00e1k, a gyermekkori t\u00fcd\u0151gyullad\u00e1sok saj\u00e1toss\u00e1gait Monoki Istv\u00e1n dr. -al egy\u00fctt. Irod.: Genersich; Kiss Cs. M 4.; [&hellip;]<\/p>\n","protected":false},"featured_media":0,"comment_status":"open","ping_status":"closed","template":"","meta":[],"product_brand":[],"product_cat":[137],"product_tag":[],"class_list":{"0":"post-7769","1":"product","2":"type-product","3":"status-publish","5":"product_cat-maros-megyei-eletrajzi-lexikon","7":"first","8":"instock","9":"shipping-taxable","10":"product-type-simple"},"_links":{"self":[{"href":"https:\/\/uj.adatbank.ro\/lexikon\/wp-json\/wp\/v2\/product\/7769","targetHints":{"allow":["GET"]}}],"collection":[{"href":"https:\/\/uj.adatbank.ro\/lexikon\/wp-json\/wp\/v2\/product"}],"about":[{"href":"https:\/\/uj.adatbank.ro\/lexikon\/wp-json\/wp\/v2\/types\/product"}],"replies":[{"embeddable":true,"href":"https:\/\/uj.adatbank.ro\/lexikon\/wp-json\/wp\/v2\/comments?post=7769"}],"wp:attachment":[{"href":"https:\/\/uj.adatbank.ro\/lexikon\/wp-json\/wp\/v2\/media?parent=7769"}],"wp:term":[{"taxonomy":"product_brand","embeddable":true,"href":"https:\/\/uj.adatbank.ro\/lexikon\/wp-json\/wp\/v2\/product_brand?post=7769"},{"taxonomy":"product_cat","embeddable":true,"href":"https:\/\/uj.adatbank.ro\/lexikon\/wp-json\/wp\/v2\/product_cat?post=7769"},{"taxonomy":"product_tag","embeddable":true,"href":"https:\/\/uj.adatbank.ro\/lexikon\/wp-json\/wp\/v2\/product_tag?post=7769"}],"curies":[{"name":"wp","href":"https:\/\/api.w.org\/{rel}","templated":true}]}}

FAZAKAS Lázár, dr. Fazekas Lázár

<p>Orbaitelken (Kovászna megye). Született, 1928., † Mv., 1989. ápr. 17.: orvos. – A MOGYI gyermekgyógyászaki karán végzett (1953). Egyetemi oktató és ortopéd-gyermeksebész, a mv.-i OGYI, a Gyermeksebészeti Klinika és a II. Ortopédia munkatársa. Tanársegéd, majd adjunktus (1980–). Kutatóorvos, tanulmányozta a gyomorrák, a gyermekkori tüdőgyulladások sajátosságait Monoki István dr. -al együtt. <br /><strong>Irod.:</strong> Genersich; Kiss Cs. M 4.; [Nekrológ] (V. Z., 1989. ápr. 19.); Szöllősi 2009</br></p>

<p>Orbaitelken (Kovászna megye). Született, 1928., † Mv., 1989. ápr. 17.: orvos. – A MOGYI gyermekgyógyászaki karán végzett (1953). Egyetemi oktató és ortopéd-gyermeksebész, a mv.-i OGYI, a Gyermeksebészeti Klinika és a II. Ortopédia munkatársa. Tanársegéd, majd adjunktus (1980–). Kutatóorvos, tanulmányozta a gyomorrák, a gyermekkori tüdőgyulladások sajátosságait Monoki István dr. -al együtt. Irod.: Genersich; Kiss Cs. M 4.; [&hellip;]</p>
