{"id":7771,"date":"2025-06-29T10:03:16","date_gmt":"2025-06-29T08:03:16","guid":{"rendered":"https:\/\/uj.adatbank.ro\/lexikon\/termek\/fazakas-pal\/"},"modified":"2025-06-29T10:03:16","modified_gmt":"2025-06-29T08:03:16","slug":"fazakas-pal","status":"publish","type":"product","link":"https:\/\/uj.adatbank.ro\/lexikon\/termek\/fazakas-pal\/","title":{"rendered":"FAZAKAS P\u00e1l"},"content":{"rendered":"<p>Illyefalva, 1839. m\u00e1j. 16., \u2020 Kiskapus, 1891. dec. 17.: r. k. pap. \u2013 Cs\u00edksomly\u00f3n \u00e9s Gyulafef\u00e9rv\u00e1ron tanult. Papp\u00e1 szentelt\u00e9k Nagyv\u00e1radon (1864. j\u00fal. 31.). K\u00e1pl\u00e1n volt Mv.-en (1864\u2013), a pl\u00e9b\u00e1nia adminisztr\u00e1tora (1867\u201369). Tov\u00e1bb\u00e1 lelk\u00e9sz Marosilly\u00e9n, Dobr\u00e1n, Korondon, Sz\u00e9kelyszenttam\u00e1son, Kiskapuson. <br \/><strong>Irod.:<\/strong> Ferenczi S\u00e1ndor 2009<\/br><\/p>\n","protected":false},"excerpt":{"rendered":"<p>Illyefalva, 1839. m\u00e1j. 16., \u2020 Kiskapus, 1891. dec. 17.: r. k. pap. \u2013 Cs\u00edksomly\u00f3n \u00e9s Gyulafef\u00e9rv\u00e1ron tanult. Papp\u00e1 szentelt\u00e9k Nagyv\u00e1radon (1864. j\u00fal. 31.). K\u00e1pl\u00e1n volt Mv.-en (1864\u2013), a pl\u00e9b\u00e1nia adminisztr\u00e1tora (1867\u201369). Tov\u00e1bb\u00e1 lelk\u00e9sz Marosilly\u00e9n, Dobr\u00e1n, Korondon, Sz\u00e9kelyszenttam\u00e1son, Kiskapuson. Irod.: Ferenczi S\u00e1ndor 2009<\/p>\n","protected":false},"featured_media":0,"comment_status":"open","ping_status":"closed","template":"","meta":[],"product_brand":[],"product_cat":[137],"product_tag":[],"class_list":{"0":"post-7771","1":"product","2":"type-product","3":"status-publish","5":"product_cat-maros-megyei-eletrajzi-lexikon","7":"first","8":"instock","9":"shipping-taxable","10":"product-type-simple"},"_links":{"self":[{"href":"https:\/\/uj.adatbank.ro\/lexikon\/wp-json\/wp\/v2\/product\/7771","targetHints":{"allow":["GET"]}}],"collection":[{"href":"https:\/\/uj.adatbank.ro\/lexikon\/wp-json\/wp\/v2\/product"}],"about":[{"href":"https:\/\/uj.adatbank.ro\/lexikon\/wp-json\/wp\/v2\/types\/product"}],"replies":[{"embeddable":true,"href":"https:\/\/uj.adatbank.ro\/lexikon\/wp-json\/wp\/v2\/comments?post=7771"}],"wp:attachment":[{"href":"https:\/\/uj.adatbank.ro\/lexikon\/wp-json\/wp\/v2\/media?parent=7771"}],"wp:term":[{"taxonomy":"product_brand","embeddable":true,"href":"https:\/\/uj.adatbank.ro\/lexikon\/wp-json\/wp\/v2\/product_brand?post=7771"},{"taxonomy":"product_cat","embeddable":true,"href":"https:\/\/uj.adatbank.ro\/lexikon\/wp-json\/wp\/v2\/product_cat?post=7771"},{"taxonomy":"product_tag","embeddable":true,"href":"https:\/\/uj.adatbank.ro\/lexikon\/wp-json\/wp\/v2\/product_tag?post=7771"}],"curies":[{"name":"wp","href":"https:\/\/api.w.org\/{rel}","templated":true}]}}