{"id":7775,"date":"2025-06-29T10:03:23","date_gmt":"2025-06-29T08:03:23","guid":{"rendered":"https:\/\/uj.adatbank.ro\/lexikon\/termek\/fazekas-andras\/"},"modified":"2025-06-29T10:03:23","modified_gmt":"2025-06-29T08:03:23","slug":"fazekas-andras","status":"publish","type":"product","link":"https:\/\/uj.adatbank.ro\/lexikon\/termek\/fazekas-andras\/","title":{"rendered":"FAZEKAS Andr\u00e1s"},"content":{"rendered":"<p>Magyarszarvaskend, 1920. okt. 26., \u2020 2006. aug. 7.: orvos, k\u00f3rbonctani szakorvos, egyet. tan\u00e1r\u00a0?. &#8211; Kv.-on v\u00e9gezte a k\u00f6z\u00e9piskol\u00e1t, orvosi tanulm\u00e1nyait a kv.-i Ferenc J\u00f6zsef TE-n kezdte (1940\u201344), diplom\u00e1t a bp.-i P\u00e1zm\u00e1ny P\u00e9ter TE-en szerzett (1945), majd Mv.-en fejezte be (1948) a Bolyai TE Orvosi Kar\u00e1n. A MOGYI k\u00f3rbonctani tansz\u00e9k\u00e9n volt gyakornok (1946\u201348), tan\u00e1rseg\u00e9d (1948\u201352). A k\u00fcl\u00f6nb\u00f6z\u0151 \u00e1tszervez\u00e9sek folyt\u00e1n laborat\u00f3riumi orvos Sz\u00e1szr\u00e9genben (1952\u201355), seg\u00e9dorvos a mv-i 2. sz. Belgy\u00f3gy\u00e1szati Klinik\u00e1n (1955\u201357), k\u00f6rzeti orvos (1957\u201359), k\u00f3rbonctani szakvizsg\u00e1kat tett, s nyugd\u00edjaz\u00e1s\u00e1ig a K\u00f3rbonctani Int\u00e9zetben dolgozott mint k\u00f3rboncnok f\u0151orvos (1959\u201389). Rom\u00e1n \u00e9s m. nyelv\u0171 szakk\u00f6nyvek t\u00e1rssz. -je. Tagja volt az Orvostud. T\u00e1rs. -nak. Genersich-d\u00edjban r\u00e9szes\u00fclt Mv.-en (1992). N\u00e9metorsz\u00e1gba t\u00e1vozott. \u2013 <strong>F. m.:<\/strong> <strong>t\u00e1rssz.:<\/strong> \u00c1ltal\u00e1nos k\u00f3rbonctani jegyzet. 1\u20132 k\u00f6t. (Mv., 1952, 1965); Probleme de morfopatologie (Buc., 1953); Anatomie patologic\u0103 (Buc., 1964); R\u00e9szletes k\u00f3rbonctan Szervpatol\u00f3gia (Hecser L\u00e1szl\u00f3, Jung J\u00e1nossal, Mv., 1981). <br \/><strong>Irod.:<\/strong> EMKK; Genersich; KKACs; NMK: Genersich-d\u00edjak Mv.-en (N\u00fa., 1992. m\u00e1j. 12.), Barab\u00e1s-P\u00e9ter M.\u2013P\u00e9ter H. M.; RMKK; Todea\u2013F\u00fcl\u00f6p\u2013Avram<\/br><\/p>\n","protected":false},"excerpt":{"rendered":"<p>Magyarszarvaskend, 1920. okt. 26., \u2020 2006. aug. 7.: orvos, k\u00f3rbonctani szakorvos, egyet. tan\u00e1r\u00a0?. &#8211; Kv.-on v\u00e9gezte a k\u00f6z\u00e9piskol\u00e1t, orvosi tanulm\u00e1nyait a kv.-i Ferenc J\u00f6zsef TE-n kezdte (1940\u201344), diplom\u00e1t a bp.-i P\u00e1zm\u00e1ny P\u00e9ter TE-en szerzett (1945), majd Mv.-en fejezte be (1948) a Bolyai TE Orvosi Kar\u00e1n. A MOGYI k\u00f3rbonctani tansz\u00e9k\u00e9n volt gyakornok (1946\u201348), tan\u00e1rseg\u00e9d (1948\u201352). A [&hellip;]<\/p>\n","protected":false},"featured_media":0,"comment_status":"open","ping_status":"closed","template":"","meta":[],"product_brand":[],"product_cat":[137],"product_tag":[],"class_list":{"0":"post-7775","1":"product","2":"type-product","3":"status-publish","5":"product_cat-maros-megyei-eletrajzi-lexikon","7":"first","8":"instock","9":"shipping-taxable","10":"product-type-simple"},"_links":{"self":[{"href":"https:\/\/uj.adatbank.ro\/lexikon\/wp-json\/wp\/v2\/product\/7775","targetHints":{"allow":["GET"]}}],"collection":[{"href":"https:\/\/uj.adatbank.ro\/lexikon\/wp-json\/wp\/v2\/product"}],"about":[{"href":"https:\/\/uj.adatbank.ro\/lexikon\/wp-json\/wp\/v2\/types\/product"}],"replies":[{"embeddable":true,"href":"https:\/\/uj.adatbank.ro\/lexikon\/wp-json\/wp\/v2\/comments?post=7775"}],"wp:attachment":[{"href":"https:\/\/uj.adatbank.ro\/lexikon\/wp-json\/wp\/v2\/media?parent=7775"}],"wp:term":[{"taxonomy":"product_brand","embeddable":true,"href":"https:\/\/uj.adatbank.ro\/lexikon\/wp-json\/wp\/v2\/product_brand?post=7775"},{"taxonomy":"product_cat","embeddable":true,"href":"https:\/\/uj.adatbank.ro\/lexikon\/wp-json\/wp\/v2\/product_cat?post=7775"},{"taxonomy":"product_tag","embeddable":true,"href":"https:\/\/uj.adatbank.ro\/lexikon\/wp-json\/wp\/v2\/product_tag?post=7775"}],"curies":[{"name":"wp","href":"https:\/\/api.w.org\/{rel}","templated":true}]}}

FAZEKAS András

<p>Magyarszarvaskend, 1920. okt. 26., † 2006. aug. 7.: orvos, kórbonctani szakorvos, egyet. tanár ?. &#8211; Kv.-on végezte a középiskolát, orvosi tanulmányait a kv.-i Ferenc Jözsef TE-n kezdte (1940–44), diplomát a bp.-i Pázmány Péter TE-en szerzett (1945), majd Mv.-en fejezte be (1948) a Bolyai TE Orvosi Karán. A MOGYI kórbonctani tanszékén volt gyakornok (1946–48), tanársegéd (1948–52). A különböző átszervezések folytán laboratóriumi orvos Szászrégenben (1952–55), segédorvos a mv-i 2. sz. Belgyógyászati Klinikán (1955–57), körzeti orvos (1957–59), kórbonctani szakvizsgákat tett, s nyugdíjazásáig a Kórbonctani Intézetben dolgozott mint kórboncnok főorvos (1959–89). Román és m. nyelvű szakkönyvek társsz. -je. Tagja volt az Orvostud. Társ. -nak. Genersich-díjban részesült Mv.-en (1992). Németországba távozott. – <strong>F. m.:</strong> <strong>társsz.:</strong> Általános kórbonctani jegyzet. 1–2 köt. (Mv., 1952, 1965); Probleme de morfopatologie (Buc., 1953); Anatomie patologică (Buc., 1964); Részletes kórbonctan Szervpatológia (Hecser László, Jung Jánossal, Mv., 1981). <br /><strong>Irod.:</strong> EMKK; Genersich; KKACs; NMK: Genersich-díjak Mv.-en (Nú., 1992. máj. 12.), Barabás-Péter M.–Péter H. M.; RMKK; Todea–Fülöp–Avram</br></p>

<p>Magyarszarvaskend, 1920. okt. 26., † 2006. aug. 7.: orvos, kórbonctani szakorvos, egyet. tanár ?. &#8211; Kv.-on végezte a középiskolát, orvosi tanulmányait a kv.-i Ferenc Jözsef TE-n kezdte (1940–44), diplomát a bp.-i Pázmány Péter TE-en szerzett (1945), majd Mv.-en fejezte be (1948) a Bolyai TE Orvosi Karán. A MOGYI kórbonctani tanszékén volt gyakornok (1946–48), tanársegéd (1948–52). A [&hellip;]</p>
